{"id":4366,"date":"2016-07-19T21:26:09","date_gmt":"2016-07-19T21:26:09","guid":{"rendered":"http:\/\/equipomedicocentral.com\/wordpress\/product\/datex-as-3-compact\/"},"modified":"2025-09-23T12:57:12","modified_gmt":"2025-09-23T16:57:12","slug":"datex-as-3-compact","status":"publish","type":"product","link":"https:\/\/www.somatechnology.com\/spanish\/equipo-medico-usado-remanufacturado\/monitores-de-signos-vitales\/monitores-multiparametros\/datex-as-3-compact\/","title":{"rendered":"GE Datex Ohmeda AS-3 Compact"},"content":{"rendered":"<h2>Caracter\u00edsticas del\u00a0GE Datex Ohmeda AS3 Compact<\/h2>\n<p>El monitor multi-par\u00e1metro compacto del<strong> Datex AS\/3<\/strong> es un monitor paciente portable que mida ECG, NIBP, SpO2, y temperatura. Las configuraciones est\u00e1n disponibles con la supervisi\u00f3n del CO2 y del agente 5 y un registrador.<\/p>\n<h2>Especificaciones\u00a0del\u00a0GE Datex Ohmeda AS3 Compact<\/h2>\n<h3>Peso f\u00edsico y dimensiones<\/h3>\n<ul>\n<li>Altura: 5,3 pulgadas (135 mm)<\/li>\n<li>Ancho: 12,4 pulgadas (315 mm)<\/li>\n<li>Profundidad: 16,1 pulgadas (412 mm)<\/li>\n<li>Profundidad con m\u00f3dulos: 16,3 (412 mm)<\/li>\n<li>Peso sin m\u00f3dulos: 21 lbs (9,5 kg)<\/li>\n<\/ul>\n<h3>Fuentes de alimentaci\u00f3n<\/h3>\n<ul>\n<li>Voltajes y frecuencias clasificados: 110-120 voltios, 60 hertzios<\/li>\n<li>Fluctuaciones permitidas del voltaje: 110V-10%; 120 V + 10%<\/li>\n<li>Consumo m\u00e1ximo de energ\u00eda: 300 VA<\/li>\n<\/ul>\n<h3>Tendencias<\/h3>\n<ul>\n<li>Tendencias gr\u00e1ficas (todos los par\u00e1metros, tiempos seleccionables): 2, 4, 12, 24 hrs<\/li>\n<li>Tendencias num\u00e9ricas (todos los par\u00e1metros, muestreados cada 5 minutos despu\u00e9s de la medida NIBP, PCWP y comandante y con la clave de evento Mark)<\/li>\n<\/ul>\n<h3>Alarmas<\/h3>\n<ul>\n<li>Sistema de alarma de la anestesia: clasificado en tres categor\u00edas seg\u00fan prioridad en anestesia; tono de color y audio codificado<\/li>\n<li>Visualizaci\u00f3n y ajuste de alarmas centrales p\u00e1gina gr\u00e1fica de 10 minutos mini tendencias referenciadas para establecer l\u00edmites de alarma<\/li>\n<li>La alarma autom\u00e1tica limita la funci\u00f3n: los l\u00edmites de alarma calculados autom\u00e1ticamente a partir de la lectura actual del par\u00e1metro cuando est\u00e1 seleccionado<\/li>\n<\/ul>\n<h3>Pantalla\/Monitor<\/h3>\n<ul>\n<li>Opci\u00f3n de la exhibici\u00f3n principal: exhibici\u00f3n del LCD del color 10 \u2033<\/li>\n<li>Tama\u00f1o de la pantalla: 10,4 \u2033 diagonal<\/li>\n<li>Tipo de pantalla: matriz activa LCD de 8 colores<\/li>\n<li>Resoluci\u00f3n de la exhibici\u00f3n: resoluci\u00f3n del VGA, 640 \u00d7 480<\/li>\n<li>N\u00famero de trazas: hasta 6<\/li>\n<li>Dise\u00f1o y colores de la pantalla: configurable por el usuario<\/li>\n<\/ul>\n<p>&nbsp;<\/p>\n","protected":false},"excerpt":{"rendered":"<p>El monitor multi-par\u00e1metro compacto del Datex AS\/3 es un monitor paciente portable que mida ECG, NIBP, SpO2, y temperatura. Las configuraciones est\u00e1n disponibles con la supervisi\u00f3n del CO2 y del agente 5 y un registrador.<\/p>\n","protected":false},"featured_media":11385,"template":"","meta":{"_acf_changed":false,"_relevanssi_hide_post":"","_relevanssi_hide_content":"","_relevanssi_pin_for_all":"","_relevanssi_pin_keywords":"","_relevanssi_unpin_keywords":"","_relevanssi_related_keywords":"","_relevanssi_related_include_ids":"","_relevanssi_related_exclude_ids":"","_relevanssi_related_no_append":"","_relevanssi_related_not_related":"","_relevanssi_related_posts":"","_relevanssi_noindex_reason":"","inline_featured_image":false},"pwb-brand":[1100],"product_brand":[],"product_cat":[50],"product_tag":[3749,225,3748,3750,3746,3614],"class_list":{"0":"post-4366","1":"product","2":"type-product","3":"status-publish","4":"has-post-thumbnail","6":"pwb-brand-equipo-medico-ge","7":"product_cat-monitores-multiparametros","8":"product_tag-as-3-compact","9":"product_tag-ge-datex-ohmeda","10":"product_tag-ge-datex-ohmeda-as-3-compact","11":"product_tag-ge-datex-ohmeda-as-3-compact-monitores-multiparametros","12":"product_tag-ge-datex-ohmeda-monitores-multiparametros","13":"product_tag-monitores-multiparametros","15":"first","16":"instock","17":"purchasable","18":"product-type-simple"},"acf":[],"brands":[{"id":1100,"name":"GE","slug":"equipo-medico-ge"}],"_links":{"self":[{"href":"https:\/\/www.somatechnology.com\/spanish\/wp-json\/wp\/v2\/product\/4366","targetHints":{"allow":["GET"]}}],"collection":[{"href":"https:\/\/www.somatechnology.com\/spanish\/wp-json\/wp\/v2\/product"}],"about":[{"href":"https:\/\/www.somatechnology.com\/spanish\/wp-json\/wp\/v2\/types\/product"}],"wp:featuredmedia":[{"embeddable":true,"href":"https:\/\/www.somatechnology.com\/spanish\/wp-json\/wp\/v2\/media\/11385"}],"wp:attachment":[{"href":"https:\/\/www.somatechnology.com\/spanish\/wp-json\/wp\/v2\/media?parent=4366"}],"wp:term":[{"taxonomy":"pwb-brand","embeddable":true,"href":"https:\/\/www.somatechnology.com\/spanish\/wp-json\/wp\/v2\/pwb-brand?post=4366"},{"taxonomy":"product_brand","embeddable":true,"href":"https:\/\/www.somatechnology.com\/spanish\/wp-json\/wp\/v2\/product_brand?post=4366"},{"taxonomy":"product_cat","embeddable":true,"href":"https:\/\/www.somatechnology.com\/spanish\/wp-json\/wp\/v2\/product_cat?post=4366"},{"taxonomy":"product_tag","embeddable":true,"href":"https:\/\/www.somatechnology.com\/spanish\/wp-json\/wp\/v2\/product_tag?post=4366"}],"curies":[{"name":"wp","href":"https:\/\/api.w.org\/{rel}","templated":true}]}}