{"id":4394,"date":"2016-07-19T21:26:55","date_gmt":"2016-07-19T21:26:55","guid":{"rendered":"http:\/\/equipomedicocentral.com\/wordpress\/product\/spacelabs-90309-scout\/"},"modified":"2023-08-23T06:09:36","modified_gmt":"2023-08-23T10:09:36","slug":"spacelabs-90309-scout","status":"publish","type":"product","link":"https:\/\/www.somatechnology.com\/spanish\/equipo-medico-usado-remanufacturado\/monitores-de-signos-vitales\/monitores-multiparametros\/spacelabs-90309-scout\/","title":{"rendered":"Spacelabs 90309 Scout"},"content":{"rendered":"<h2>Caracter\u00edsticas del Spacelabs Scout 90309<\/h2>\n<p>Este robusto, altamente portable, monitor ligero comparte los mismos controles operacionales de la pantalla t\u00e1ctil que otros sistemas de supervisi\u00f3n del cuidado del paciente (PCMS). Tambi\u00e9n utiliza la misma extensa l\u00ednea completa de m\u00f3dulos PCMS. Esta unidad viene con una gran pantalla electroluminiscente (el), que puede operar hasta dos horas en las bater\u00edas removibles y recargables. Puede ser utilizado con la cubierta de la extensi\u00f3n del modelo 90351 con NIBP adulto\/neonatal y SpO2. Las opciones disponibles incluyen un dos-canal disponible, Registrador incorporado, la funci\u00f3n de comunicaci\u00f3n de Ethernet y la corriente principal EtCO2 y O2.<\/p>\n<ul>\n<li>ECG<\/li>\n<li>Resp<\/li>\n<li>BP<\/li>\n<li>Temperatura<\/li>\n<li>Nibp<\/li>\n<li>SpO2<\/li>\n<\/ul>\n<h2>Especificaciones Spacelabs 90309 Scout<\/h2>\n<h3>Pantalla t\u00e1ctil<\/h3>\n<ul>\n<li>Con la excepci\u00f3n de la energ\u00eda (ON\/OFF), todos los controles son \u00abteclas t\u00e1ctiles\u00bb en pantalla; el tacto es sentido por los dispositivos \u00f3pticos infrarrojos.<\/li>\n<\/ul>\n<h3>Capacidad de forma de onda<\/h3>\n<ul>\n<li>3 trazas est\u00e1ndar<\/li>\n<\/ul>\n<h3>Capacidad del par\u00e1metro<\/h3>\n<ul>\n<li>Hasta 15 par\u00e1metros, utilizando los m\u00f3dulos PCMS, la carcasa de expansi\u00f3n 90351 y las interfaces FlexPort \u00ae<\/li>\n<\/ul>\n<h3>Tendencias<\/h3>\n<ul>\n<li>Gr\u00e1fico \u2013 las 24 horas de datos de tendencia se pueden mostrar en segmentos de 1, 2, 6, 12 o 24 horas, los datos se almacenan en una resoluci\u00f3n de 1 minuto.<\/li>\n<li>Intervalos de tiempo tabulares de 1, 5, 10, 15 o 30 minutos; 1, 1.5 o 3 horas (1 hora por defecto); los datos se almacenan en una resoluci\u00f3n de 1 minuto.<\/li>\n<\/ul>\n<h3>Monitor<\/h3>\n<ul>\n<li>Altura de traza: 1,65 \u00ab(4,2 cm), 2,36\u00bb (6,0 cm).<\/li>\n<li>Velocidad del barrido: una variedad de velocidades est\u00e1 disponible; bajo control del m\u00f3dulo de PCMS<\/li>\n<\/ul>\n<h3>Alarma de la apnea<\/h3>\n<ul>\n<li>Seleccionable por el usuario; 20 a 40 segundos<\/li>\n<\/ul>\n<h3>Forma de onda del CO2<\/h3>\n<ul>\n<li>Escala seleccionable: 0-40 mmHg (0-5.3 kPa), 0-60 mmHg (0-8.0 kPa), 0-80 mmHg (0-10.7 kPa)<\/li>\n<\/ul>\n<h3>Tiempo de calentamiento<\/h3>\n<ul>\n<li>Menos de 60 segundos para mostrar una forma de onda<\/li>\n<\/ul>\n<h3>Valores digitales O2<\/h3>\n<ul>\n<li>Gama: 5-100%.<\/li>\n<li>Resoluci\u00f3n: 1%.<\/li>\n<li>Precisi\u00f3n: \u00b12%<\/li>\n<\/ul>\n<h3>Resp. valores digitales<\/h3>\n<ul>\n<li>Rango: 5-150 BPM.<\/li>\n<li>Resoluci\u00f3n: 1 BPM.<\/li>\n<li>Precisi\u00f3n: 1 BPM<\/li>\n<\/ul>\n<h3>Valores digitales de CO2<\/h3>\n<ul>\n<li>Gama: 0-99 mmHg (0-13.2 kPa); 0.0-13%.<\/li>\n<li>Resoluci\u00f3n: 1 mmHg (0,13 kPa).<\/li>\n<li>Precisi\u00f3n: 0-40 mmHg \u00b1 2 mmHg (\u00b1 3 mmHg cuando desflurane est\u00e1 presente); 0-5.3 kPa \u00b1 0,26 kPa (\u00b1 0,40 kPa cuando el desflurane est\u00e1 presente). 41-76 mmHg el \u00b1 5% de la lectura (el kPa el \u00b1 5 de 5.4-10.13%) 77-99 mmHg \u00b1 10% de la lectura (10.26-13.2 kPa \u00b1 10%<\/li>\n<\/ul>\n<h3>Bater\u00edas<\/h3>\n<ul>\n<li>Se pueden utilizar 1 \u00f3 2 bater\u00edas desmontables de 2,3 Ahr, con \u00e1cido de plomo de 12V, proporcionando hasta 2 horas de operaci\u00f3n; el tiempo de funcionamiento depende de la configuraci\u00f3n y el uso; se requieren 4 horas para cargar las bater\u00edas al 90% de la capacidad con la CA conectada al panel trasero y al interruptor de la red en la posici\u00f3n de apagado<\/li>\n<\/ul>\n<h3>Dimensiones f\u00edsicas<\/h3>\n<ul>\n<li>Altura: 8,3 \u00ab(21,1 cm), profundidad: 6,2\u00bb (15,8 cm),<\/li>\n<li>Anchura: 11,7 \u00ab(29,7 cm),<\/li>\n<li>Peso: 10 lbs (4,6 kg)<\/li>\n<\/ul>\n<p>&nbsp;<\/p>\n","protected":false},"excerpt":{"rendered":"<p>Monitor Multiparametro<\/p>\n","protected":false},"featured_media":11469,"template":"","meta":{"_acf_changed":false,"_relevanssi_hide_post":"","_relevanssi_hide_content":"","_relevanssi_pin_for_all":"","_relevanssi_pin_keywords":"","_relevanssi_unpin_keywords":"","_relevanssi_related_keywords":"","_relevanssi_related_include_ids":"","_relevanssi_related_exclude_ids":"","_relevanssi_related_no_append":"","_relevanssi_related_not_related":"","_relevanssi_related_posts":"","_relevanssi_noindex_reason":"","inline_featured_image":false},"pwb-brand":[1137],"product_brand":[],"product_cat":[50],"product_tag":[4485,3614,4478,4484,4479],"class_list":{"0":"post-4394","1":"product","2":"type-product","3":"status-publish","4":"has-post-thumbnail","6":"pwb-brand-equipo-medico-spacelabs","7":"product_cat-monitores-multiparametros","8":"product_tag-90309-scout-monitores-multiparametros","9":"product_tag-monitores-multiparametros","10":"product_tag-monitores-multiparametros-spacelabs","11":"product_tag-spacelabs-90309-scout","12":"product_tag-spacelabs-monitores-multiparametros","14":"first","15":"instock","16":"purchasable","17":"product-type-simple"},"acf":[],"brands":[{"id":1137,"name":"Spacelabs","slug":"equipo-medico-spacelabs"}],"_links":{"self":[{"href":"https:\/\/www.somatechnology.com\/spanish\/wp-json\/wp\/v2\/product\/4394","targetHints":{"allow":["GET"]}}],"collection":[{"href":"https:\/\/www.somatechnology.com\/spanish\/wp-json\/wp\/v2\/product"}],"about":[{"href":"https:\/\/www.somatechnology.com\/spanish\/wp-json\/wp\/v2\/types\/product"}],"wp:featuredmedia":[{"embeddable":true,"href":"https:\/\/www.somatechnology.com\/spanish\/wp-json\/wp\/v2\/media\/11469"}],"wp:attachment":[{"href":"https:\/\/www.somatechnology.com\/spanish\/wp-json\/wp\/v2\/media?parent=4394"}],"wp:term":[{"taxonomy":"pwb-brand","embeddable":true,"href":"https:\/\/www.somatechnology.com\/spanish\/wp-json\/wp\/v2\/pwb-brand?post=4394"},{"taxonomy":"product_brand","embeddable":true,"href":"https:\/\/www.somatechnology.com\/spanish\/wp-json\/wp\/v2\/product_brand?post=4394"},{"taxonomy":"product_cat","embeddable":true,"href":"https:\/\/www.somatechnology.com\/spanish\/wp-json\/wp\/v2\/product_cat?post=4394"},{"taxonomy":"product_tag","embeddable":true,"href":"https:\/\/www.somatechnology.com\/spanish\/wp-json\/wp\/v2\/product_tag?post=4394"}],"curies":[{"name":"wp","href":"https:\/\/api.w.org\/{rel}","templated":true}]}}