{"id":4452,"date":"2016-07-19T21:28:47","date_gmt":"2016-07-19T21:28:47","guid":{"rendered":"http:\/\/equipomedicocentral.com\/wordpress\/product\/alaris-7130b-signature-gold\/"},"modified":"2025-09-23T12:33:36","modified_gmt":"2025-09-23T16:33:36","slug":"alaris-7130b-signature-gold","status":"publish","type":"product","link":"https:\/\/www.somatechnology.com\/spanish\/equipo-medico-usado-remanufacturado\/terapia-intravenosa\/bombas-intravenosas\/alaris-7130b-signature-gold\/","title":{"rendered":"BD CareFusion Alaris 7130 Series"},"content":{"rendered":"<h2>Caracter\u00edsticas de la bomba de infusi\u00f3n BD CareFusion\u00a0Alaris 7130 Series<\/h2>\n<p>El <strong>Alaris 7130<\/strong> es una bomba de infusi\u00f3n de un solo canal utilizada para la entrega continua o intermitente de las necesidades de infusi\u00f3n. Sus usos incluyen intravenoso, intra-arterial, subcut\u00e1neo, epidural, enteral, y irrigaci\u00f3n de espacios fl\u00faidos. La bomba de infusi\u00f3n Alaris 7130 utiliza una amplia variedad de sistemas de administraci\u00f3n. El regulador de flujo \u00fanico tiene un dispositivo de control de flujo que minimiza el libre-flujo accidental cuando el sistema se quita del instrumento.<\/p>\n<ul>\n<li>Rango de caudal: 0,1 a 999,9 ml\/hr en incrementos de 0,1 ml\/hr (primario)1,1 a 270,0 ml\/hr en incrementos de 0,1 ml\/hr (secundario)<\/li>\n<li>Volumen a infundir rango: .1 a 9999,9 ml en incrementos de 0,1 ml (primario), .1 a 999,9 ml en incrementos de 0,1 ml (secundario)<\/li>\n<li>Rango de volumen infundido: 0,0 a 9999,9 ml en incrementos de 0,1 ml<\/li>\n<li>Alarmas: Ventile en la l\u00ednea, bater\u00eda agotada, malfuncionamiento del canal, falta del acoplamiento de la computadora, sensor de flujo desenchufado, tiempo del asimiento excedido, malfuncionamiento del instrumento, llave pegada, cierre abierto, ningu\u00cc n flujo ascendente detectado, obstrucci\u00f3n r\u00edo abajo, obstrucci\u00f3n por aguas arriba, flujo primario Detectado durante<\/li>\n<li>Secundario: establecido, tiempo de configuraci\u00f3n excedido<\/li>\n<li>Requisitos de energ\u00eda: 100-120 V ~, 50\/60 Hz, 0,5 a, 3-cable de conexi\u00f3n a tierra del sistema (40 vatios m\u00e1x.)<\/li>\n<li>Bater\u00eda: n\u00edquel-cadmio recargable. Con una bater\u00eda nueva, completamente cargada, la bomba funcionar\u00e1 por 4 horas nominal en 100 ml\/hr para un instrumento de dos canales que funciona en ambos canales simult\u00e1neamente.<\/li>\n<\/ul>\n<p>&nbsp;<\/p>\n","protected":false},"excerpt":{"rendered":"<p>El Alaris 7130 es una bomba de infusi\u00f3n de un solo canal utilizada para la entrega continua o intermitente de las necesidades de infusi\u00f3n. Sus usos incluyen intravenoso, intra-arterial, subcut\u00e1neo, epidural, enteral, y irrigaci\u00f3n de espacios fl\u00faidos. La bomba de infusi\u00f3n Alaris 7130 utiliza una amplia variedad de sistemas de administraci\u00f3n. El regulador de flujo \u00fanico tiene un dispositivo de control de flujo que minimiza el libre-flujo accidental cuando el sistema se quita del instrumento.<\/p>\n","protected":false},"featured_media":11787,"template":"","meta":{"_acf_changed":false,"_relevanssi_hide_post":"","_relevanssi_hide_content":"","_relevanssi_pin_for_all":"","_relevanssi_pin_keywords":"","_relevanssi_unpin_keywords":"","_relevanssi_related_keywords":"","_relevanssi_related_include_ids":"","_relevanssi_related_exclude_ids":"","_relevanssi_related_no_append":"","_relevanssi_related_not_related":"","_relevanssi_related_posts":"","_relevanssi_noindex_reason":"","inline_featured_image":false},"pwb-brand":[1327],"product_brand":[],"product_cat":[52],"product_tag":[4742,4737,4743,4740,3048,4738,4741,4739],"class_list":{"0":"post-4452","1":"product","2":"type-product","3":"status-publish","4":"has-post-thumbnail","6":"pwb-brand-equipo-medico-bd-becton-dickinson","7":"product_cat-bombas-intravenosas","8":"product_tag-7130-bombas-intravenosas","9":"product_tag-bc-carefusionbombas-intravenosas","10":"product_tag-bd-carefusion-alaris-7310-bombas-intravenosas","11":"product_tag-bd-carefusion-alaris-bombas-intravenosas","12":"product_tag-bombas-intravenosas","13":"product_tag-bombas-intravenosas-carefusion","14":"product_tag-bombas-intravenosas-carefusion-alaris","15":"product_tag-carefusion-bombas-intravenosas","17":"first","18":"instock","19":"purchasable","20":"product-type-simple"},"acf":[],"brands":[{"id":1327,"name":"BD","slug":"equipo-medico-bd-becton-dickinson"}],"_links":{"self":[{"href":"https:\/\/www.somatechnology.com\/spanish\/wp-json\/wp\/v2\/product\/4452","targetHints":{"allow":["GET"]}}],"collection":[{"href":"https:\/\/www.somatechnology.com\/spanish\/wp-json\/wp\/v2\/product"}],"about":[{"href":"https:\/\/www.somatechnology.com\/spanish\/wp-json\/wp\/v2\/types\/product"}],"wp:featuredmedia":[{"embeddable":true,"href":"https:\/\/www.somatechnology.com\/spanish\/wp-json\/wp\/v2\/media\/11787"}],"wp:attachment":[{"href":"https:\/\/www.somatechnology.com\/spanish\/wp-json\/wp\/v2\/media?parent=4452"}],"wp:term":[{"taxonomy":"pwb-brand","embeddable":true,"href":"https:\/\/www.somatechnology.com\/spanish\/wp-json\/wp\/v2\/pwb-brand?post=4452"},{"taxonomy":"product_brand","embeddable":true,"href":"https:\/\/www.somatechnology.com\/spanish\/wp-json\/wp\/v2\/product_brand?post=4452"},{"taxonomy":"product_cat","embeddable":true,"href":"https:\/\/www.somatechnology.com\/spanish\/wp-json\/wp\/v2\/product_cat?post=4452"},{"taxonomy":"product_tag","embeddable":true,"href":"https:\/\/www.somatechnology.com\/spanish\/wp-json\/wp\/v2\/product_tag?post=4452"}],"curies":[{"name":"wp","href":"https:\/\/api.w.org\/{rel}","templated":true}]}}