{"id":4492,"date":"2016-07-19T21:29:41","date_gmt":"2016-07-19T21:29:41","guid":{"rendered":"http:\/\/equipomedicocentral.com\/wordpress\/product\/ge-oec-mini-6600\/"},"modified":"2023-08-23T06:11:59","modified_gmt":"2023-08-23T10:11:59","slug":"ge-oec-mini-6600","status":"publish","type":"product","link":"https:\/\/www.somatechnology.com\/spanish\/equipo-medico-usado-remanufacturado\/imagenologia-radiologia\/mini-arcos-en-c\/ge-oec-mini-6600\/","title":{"rendered":"GE OEC Mini 6600"},"content":{"rendered":"<h2>Caracter\u00edsticas del Mini Arco en C GE OEC 6600<\/h2>\n<p>La introducci\u00f3n de la <strong>Mini Arco en C de GE OEC<\/strong> 6600 en su pr\u00e1ctica puede ser el dispositivo de imagen perfecto para empezar. Disponible a un coste m\u00e1s bajo que sus contrapartes m\u00e1s grandes y su costoso stablemates, el GE OEC 6600 viene con los monitores est\u00e1ndar de la CRT y una resoluci\u00f3n de 512 x 512. Con una huella de 27 \u00abx 27\u00bb, se puede transportar f\u00e1cilmente para su uso incluso en \u00e1reas con limitaciones de espacio.<\/p>\n<ul>\n<li>Dos monitores de alta resoluci\u00f3n de 16 pulgadas.<\/li>\n<li>Intensificador de imagen de doble modo 6\/4 pulgadas.<\/li>\n<li>Plataforma quir\u00fargica.<\/li>\n<li>Almacenamiento de im\u00e1genes.<\/li>\n<li>Retener la \u00faltima imagen.<\/li>\n<li>Sistema de reducci\u00f3n de artefactos de movimiento.<\/li>\n<li>Correcci\u00f3n gamma.<\/li>\n<li>Integraci\u00f3n de un marco de disparo.<\/li>\n<li>Fluoro Boost.<\/li>\n<\/ul>\n<h2>Caraster\u00edsticas del GE OEC 6600 Mini-Arco en C:<\/h2>\n<h3>Informaci\u00f3n de Rayos X<\/h3>\n<ul>\n<li>Tipo: \u00e1nodo fijo, filamento del tungsteno.<\/li>\n<li>\u00c1ngulo objetivo: 13,5 grados.<\/li>\n<li>Punto focal: 0,25 x 0,25 mil\u00edmetros.<\/li>\n<li>Filtraci\u00f3n inherente: 0,2 mm al equivalente.<\/li>\n<li>Total: 1,8 mm al equivalente.<\/li>\n<li>Calidad del haz m\u00ednimo: HVL 2,6 mm al @ 70 kV.<\/li>\n<li>Factores de la t\u00e9cnica de fuga: 75 kV y 100 PA.<\/li>\n<li>Grado del tubo de radiograf\u00eda: m\u00e1ximo de 80 kilovoltios.<\/li>\n<\/ul>\n<h3>Dimensiones<\/h3>\n<ul>\n<li style=\"list-style-type: none;\">\n<ul>\n<li>\u00a0Dimensiones de la base\n<ul>\n<li>Altura: 163.2 cm (64,25 pulgadas)<\/li>\n<li>Anchura: 69.21 cm (27,25 pulgadas)<\/li>\n<li>Profundidad: 69.21 cm (27,25 pulgadas)<\/li>\n<\/ul>\n<\/li>\n<li>Extensi\u00f3n del C-brazo\n<ul>\n<li>Frente m\u00e1ximo 15.94 cm (62,75 pulgadas)<\/li>\n<li>MaX. Altura hasta 17.90 cm (705 pulgadas)<\/li>\n<li>Mm. Height abajo 22.30 cm (8,75 pulgadas)<\/li>\n<\/ul>\n<\/li>\n<li>Posici\u00f3n de transporte\n<ul>\n<li>Altura 163.2 cm (64,25 pulgadas)<\/li>\n<li>Mm. width 80.65 cm (31,75 inches)<\/li>\n<li>Mm. Depth 76.84 cm (30,25 pulgadas)<\/li>\n<\/ul>\n<\/li>\n<\/ul>\n<\/li>\n<\/ul>\n<p>&nbsp;<\/p>\n","protected":false},"excerpt":{"rendered":"<p>Mini Arcos en C<\/p>\n","protected":false},"featured_media":11234,"template":"","meta":{"_acf_changed":false,"_relevanssi_hide_post":"","_relevanssi_hide_content":"","_relevanssi_pin_for_all":"","_relevanssi_pin_keywords":"","_relevanssi_unpin_keywords":"","_relevanssi_related_keywords":"","_relevanssi_related_include_ids":"","_relevanssi_related_exclude_ids":"","_relevanssi_related_no_append":"","_relevanssi_related_not_related":"","_relevanssi_related_posts":"","_relevanssi_noindex_reason":"","inline_featured_image":false},"pwb-brand":[1100],"product_brand":[],"product_cat":[53],"product_tag":[4523,3994,650,3385,4301,3384,3993,4300],"class_list":{"0":"post-4492","1":"product","2":"type-product","3":"status-publish","4":"has-post-thumbnail","6":"pwb-brand-equipo-medico-ge","7":"product_cat-mini-arcos-en-c","8":"product_tag-arcos-en-c-ge","9":"product_tag-ge-mini-arcos-en-c","10":"product_tag-ge-oec","11":"product_tag-ge-oec-6600","12":"product_tag-ge-oec-6600-mini-arcos-en-c","13":"product_tag-ge-oec-mini-6600","14":"product_tag-mini-arcos-en-c","15":"product_tag-mini-arcos-en-c-ge","17":"first","18":"instock","19":"purchasable","20":"product-type-simple"},"acf":[],"brands":[{"id":1100,"name":"GE","slug":"equipo-medico-ge"}],"_links":{"self":[{"href":"https:\/\/www.somatechnology.com\/spanish\/wp-json\/wp\/v2\/product\/4492","targetHints":{"allow":["GET"]}}],"collection":[{"href":"https:\/\/www.somatechnology.com\/spanish\/wp-json\/wp\/v2\/product"}],"about":[{"href":"https:\/\/www.somatechnology.com\/spanish\/wp-json\/wp\/v2\/types\/product"}],"wp:featuredmedia":[{"embeddable":true,"href":"https:\/\/www.somatechnology.com\/spanish\/wp-json\/wp\/v2\/media\/11234"}],"wp:attachment":[{"href":"https:\/\/www.somatechnology.com\/spanish\/wp-json\/wp\/v2\/media?parent=4492"}],"wp:term":[{"taxonomy":"pwb-brand","embeddable":true,"href":"https:\/\/www.somatechnology.com\/spanish\/wp-json\/wp\/v2\/pwb-brand?post=4492"},{"taxonomy":"product_brand","embeddable":true,"href":"https:\/\/www.somatechnology.com\/spanish\/wp-json\/wp\/v2\/product_brand?post=4492"},{"taxonomy":"product_cat","embeddable":true,"href":"https:\/\/www.somatechnology.com\/spanish\/wp-json\/wp\/v2\/product_cat?post=4492"},{"taxonomy":"product_tag","embeddable":true,"href":"https:\/\/www.somatechnology.com\/spanish\/wp-json\/wp\/v2\/product_tag?post=4492"}],"curies":[{"name":"wp","href":"https:\/\/api.w.org\/{rel}","templated":true}]}}