{"id":4507,"date":"2016-07-19T21:29:41","date_gmt":"2016-07-19T21:29:41","guid":{"rendered":"http:\/\/equipomedicocentral.com\/wordpress\/product\/curlin-4000-cms\/"},"modified":"2025-09-23T12:32:45","modified_gmt":"2025-09-23T16:32:45","slug":"curlin-4000-cms","status":"publish","type":"product","link":"https:\/\/www.somatechnology.com\/spanish\/equipo-medico-usado-remanufacturado\/terapia-intravenosa\/bombas-intravenosas\/curlin-4000-cms\/","title":{"rendered":"Curlin 4000 CMS"},"content":{"rendered":"<h2>Caracter\u00edsticas del\u00a0Curlin MOOG 4000 CMS<\/h2>\n<p>El <strong>sistema de gesti\u00f3n cl\u00ednica 4000 (CMS)<\/strong> es una bomba de infusi\u00f3n electr\u00f3nica ambulatoria \u00fanica y multiterapia capaz de modos continuos, PCA, PCEA, subcut\u00e1neo, NPT, intermitente y variable.<\/p>\n<ul>\n<li>Flexible<\/li>\n<li>Seguro<\/li>\n<li>F\u00e1cil de usar<\/li>\n<li>Reducci\u00f3n del costo total<\/li>\n<\/ul>\n<h3>Flexible<\/h3>\n<ul>\n<li>La flexibilidad de las aplicaciones proporciona la capacidad de satisfacer sus necesidades espec\u00edficas de flujo de trabajo. El acceso a informes procesables e informaci\u00f3n detallada de infusi\u00f3n mejora el rendimiento del dispositivo.<\/li>\n<\/ul>\n<h3>Seguro<\/h3>\n<ul>\n<li>Capacidad de entregar a bajas tasas con una baja resoluci\u00f3n que es hasta 25 veces mejor que cualquier otra bomba ambulatoria en el mercado. Trabaja sin\u00e9rgicamente con un PC. Mejora los resultados y reduce el riesgo de errores de programaci\u00f3n.<\/li>\n<\/ul>\n<h3>F\u00e1cil de usar<\/h3>\n<ul>\n<li>La simplicidad de programaci\u00f3n emparejada con los protocolos accionados por men\u00fas y las pantallas de ayuda contextuales resultan en un dispositivo de infusi\u00f3n extremadamente f\u00e1cil de usar.<\/li>\n<\/ul>\n<h3>Reduce el costo total<\/h3>\n<ul>\n<li>La simplicidad de la operaci\u00f3n, la tecnolog\u00eda fiable y confiable, y el bajo costo de todos los sistemas de administraci\u00f3n de PVC reducen eficazmente los costos de propiedad mediante el ahorro de costos de capacitaci\u00f3n y los costos de compra reducidos.<\/li>\n<\/ul>\n","protected":false},"excerpt":{"rendered":"<p>Bomba de Infusi\u00f3n<\/p>\n","protected":false},"featured_media":11812,"template":"","meta":{"_acf_changed":false,"_relevanssi_hide_post":"","_relevanssi_hide_content":"","_relevanssi_pin_for_all":"","_relevanssi_pin_keywords":"","_relevanssi_unpin_keywords":"","_relevanssi_related_keywords":"","_relevanssi_related_include_ids":"","_relevanssi_related_exclude_ids":"","_relevanssi_related_no_append":"","_relevanssi_related_not_related":"","_relevanssi_related_posts":"","_relevanssi_noindex_reason":"","inline_featured_image":false},"pwb-brand":[1333],"product_brand":[],"product_cat":[52,4779],"product_tag":[2891,3048,4744,2889,4745,4746,2890,2888,2887,2886],"class_list":{"0":"post-4507","1":"product","2":"type-product","3":"status-publish","4":"has-post-thumbnail","6":"pwb-brand-equipo-medico-curlin-medical","7":"product_cat-bombas-intravenosas","8":"product_cat-bombas-portatiles-de-infusion","9":"product_tag-4000-cms","10":"product_tag-bombas-intravenosas","11":"product_tag-bombas-intravenosas-curlin","12":"product_tag-curlin-4000-cms","13":"product_tag-curlin-bombas-intravenosas","14":"product_tag-curlin-moog-4000-cms","15":"product_tag-moog-4000-cms","16":"product_tag-moog-curlin","17":"product_tag-moog-curlin-4000","18":"product_tag-moog-curlin-4000-cms","20":"first","21":"instock","22":"purchasable","23":"product-type-simple"},"acf":[],"brands":[{"id":1333,"name":"Curlin Medical","slug":"equipo-medico-curlin-medical"}],"_links":{"self":[{"href":"https:\/\/www.somatechnology.com\/spanish\/wp-json\/wp\/v2\/product\/4507","targetHints":{"allow":["GET"]}}],"collection":[{"href":"https:\/\/www.somatechnology.com\/spanish\/wp-json\/wp\/v2\/product"}],"about":[{"href":"https:\/\/www.somatechnology.com\/spanish\/wp-json\/wp\/v2\/types\/product"}],"wp:featuredmedia":[{"embeddable":true,"href":"https:\/\/www.somatechnology.com\/spanish\/wp-json\/wp\/v2\/media\/11812"}],"wp:attachment":[{"href":"https:\/\/www.somatechnology.com\/spanish\/wp-json\/wp\/v2\/media?parent=4507"}],"wp:term":[{"taxonomy":"pwb-brand","embeddable":true,"href":"https:\/\/www.somatechnology.com\/spanish\/wp-json\/wp\/v2\/pwb-brand?post=4507"},{"taxonomy":"product_brand","embeddable":true,"href":"https:\/\/www.somatechnology.com\/spanish\/wp-json\/wp\/v2\/product_brand?post=4507"},{"taxonomy":"product_cat","embeddable":true,"href":"https:\/\/www.somatechnology.com\/spanish\/wp-json\/wp\/v2\/product_cat?post=4507"},{"taxonomy":"product_tag","embeddable":true,"href":"https:\/\/www.somatechnology.com\/spanish\/wp-json\/wp\/v2\/product_tag?post=4507"}],"curies":[{"name":"wp","href":"https:\/\/api.w.org\/{rel}","templated":true}]}}