{"id":4513,"date":"2016-07-19T21:29:41","date_gmt":"2016-07-19T21:29:41","guid":{"rendered":"http:\/\/equipomedicocentral.com\/wordpress\/product\/burdick-quest-stress-test-system\/"},"modified":"2023-08-23T06:12:10","modified_gmt":"2023-08-23T10:12:10","slug":"burdick-quest","status":"publish","type":"product","link":"https:\/\/www.somatechnology.com\/spanish\/equipo-medico-usado-remanufacturado\/cardiologia\/sistemas-de-pruebas-de-esfuerzo\/burdick-quest\/","title":{"rendered":"Burdick Quest"},"content":{"rendered":"<h2>Caracter\u00edsticas del sistema de prueba de tensi\u00f3n Burdick Quest<\/h2>\n<p>El sistema Quest es adecuado para las oficinas que buscan valor, simplicidad y mayor rendimiento de los pacientes. El sistema es f\u00e1cil de usar porque cuenta con una pantalla t\u00e1ctil con men\u00fas desplegables convenientes para el flujo de trabajo intuitivo. La gu\u00eda de LogiStep propietaria de Burdick camina a los usuarios a trav\u00e9s de la prueba resaltando el siguiente paso. Ponemos todo lo que necesitas en una pantalla, as\u00ed que no hay necesidad de alternar entre pantallas. Y para ahorrarle tiempo, a\u00f1adimos una manera f\u00e1cil de corregir cambios de fase no intencionales sin tener que empezar de nuevo.<\/p>\n<ul>\n<li>La pantalla t\u00e1ctil f\u00e1cil, intuitiva le deja centrarse en el paciente<\/li>\n<li>Realiza tanto ECGs de descanso de 12 plomos y pruebas de esfuerzo en un sistema<\/li>\n<li>Datos exactos del ECG adquiridos en el paciente que elimina ruido el\u00e9ctrico no-cardiaco<\/li>\n<li>La programaci\u00f3n flexible significa que usted escoge el protocolo<\/li>\n<li>Almacenamiento generoso, edici\u00f3n mejorada de datos en l\u00ednea y varias opciones de administraci\u00f3n de datos<\/li>\n<li>Reporting de rango completo ofrece m\u00e1s de 15 configuraciones de informes diferentes<\/li>\n<li>La cinta de correr digitalmente controlada maximiza la fiabilidad del sistema<\/li>\n<\/ul>\n<h2>Especificaciones del sistema de prueba de tensi\u00f3n Burdick Quest<\/h2>\n<h3>Dimensiones<\/h3>\n<ul>\n<li>60\u201d x 25\u201d x 34\u201d (152 cm x 63 cm x 86 cm)<\/li>\n<\/ul>\n<h3>Peso<\/h3>\n<ul>\n<li>&lt;170 lbs. (78 kg)<\/li>\n<\/ul>\n<h3>Monitor<\/h3>\n<ul>\n<li>Tipo: color de alta resoluci\u00f3n de 15 \u00abcon la pantalla t\u00e1ctil integrada<\/li>\n<li>Montaje: inclinaci\u00f3n ajustable por el usuario (\u2022 15 \u00b0) y giratorio (\u2022 90 \u00b0)<\/li>\n<li>Contenido: 3, 4 o 6 canales de ECG, en tiempo real; informaci\u00f3n y datos alfanum\u00e9ricos<\/li>\n<li>Cables mostrados: seleccionables por el usuario durante una prueba; (3, 4 y 6 canales)<\/li>\n<li>Exhibici\u00f3n de la forma de onda: \u2022 8 segundos por el plomo de ECG en modo de 3 canales<\/li>\n<\/ul>\n<h3>Keyboard<\/h3>\n<ul>\n<li>Teclado principal: dise\u00f1o QWERTY<\/li>\n<li>Control de erg\u00f3metro: llaves dedicadas para la velocidad, el grado, el comienzo y la parada erg\u00f3metro<\/li>\n<\/ul>\n<h3>X-ray<\/h3>\n<ul>\n<li>Modert y parada autos y manuales<\/li>\n<\/ul>\n<h3>Input \/ output<\/h3>\n<ul>\n<li>Digital I\/O: RS-232 interfaces a la caminadora, erg\u00f3metro de la bicicleta, y monitor autom\u00e1tico opcional de la presi\u00f3n arterial<\/li>\n<li>Pulso TTL para detecci\u00f3n de QRS, 50 ms. Delay<\/li>\n<li>Salida anal\u00f3gica: 4 salidas seleccionables por el usuario<\/li>\n<\/ul>\n<h3>Requisitos de energ\u00eda<\/h3>\n<ul>\n<li>115\/230V AC +\/- 10%, 2.5\/1.25 A, 50\/60 Hz nominal 300 VA max<\/li>\n<\/ul>\n<h3>Impresora<\/h3>\n<ul>\n<li>Tipo de papel: papel termal precuadriculado, Z-Fold, 8,5 \u00abx 11\u00bb (letra de los e.e.u.u.) o 210 mil\u00edmetros x 300 mil\u00edmetro (A4)<\/li>\n<li>Dispositivo de impresi\u00f3n: 216 mm punto termal array<\/li>\n<li>Velocidad de papel: 10, 25, 50 mm\/sec. +\/-2%<\/li>\n<li>Opciones de la impresi\u00f3n: forma de onda m\u00faltiple de ECG y impresi\u00f3n alfanum\u00e9rica, calidad de diagn\u00f3stico; Ganancia: 5, 10, 20 mm\/MV +\/-5%<\/li>\n<li>Respuesta de frecuencia: 0,05 Hz a 150 Hz +\/-10%<\/li>\n<li>Filtro de artefacto muscular: seleccionable por el usuario: OFF, 20 Hz o 40 Hz; Filtro de l\u00ednea de base seleccionable por el usuario: OFF, 0,12 Hz o estable (cumple o excede todas las recomendaciones de 1990 AHA)<\/li>\n<li>Se\u00f1al de calibraci\u00f3n: 1,0 mV para 200 milisegundos +\/-5%<\/li>\n<\/ul>\n<h3>C\u00f3mputos ECG<\/h3>\n<ul>\n<li>C\u00f3mputo del ritmo card\u00edaco: 8-Beat promedio, 30 BPM a 250 BPM, actualizado cada segundo<\/li>\n<li>Medidas del St: ventana m\u00f3vil de 20 sec con 10 sec. updates a la exhibici\u00f3n y a los informes<\/li>\n<li>Par\u00e1metros del St: nivel, la cuesta para 12 plomos simult\u00e1neamente<\/li>\n<li>Canales de detecci\u00f3n de QRS: II, V2, y V5 con la conmutaci\u00f3n; Detecci\u00f3n ect\u00f3pica: arritmias ventriculares, no clasificadas<\/li>\n<li>St puntos de referencia: seleccionable por el usuario: E-Point (inicio de QRS), empalme en J (offset de QRS), punto de St (0 milisegundos a 100 milisegundos, 5 milisegundos. intervalos) con anotaci\u00f3n de visualizaci\u00f3n\/impresi\u00f3n<\/li>\n<\/ul>\n<h3>Protocolos<\/h3>\n<ul>\n<li>Preprogramado: manual, Bruce, Bruce modificado, Balke, travieso, Ellestad, Kattus, rampa, astrand, modificado astrand, farmacol\u00f3gico<\/li>\n<li>Definidos por el usuario: 20 protocolos con hasta 30 etapas cada uno m\u00e1s<\/li>\n<li>Fases de calentamiento y recuperaci\u00f3n<\/li>\n<\/ul>\n<h3>M\u00f3dulo del paciente<\/h3>\n<ul>\n<li>Dimensiones: 1.3\u2033 x 4.3\u2033 x 3.8\u2033 (3.3 cm x 10.92 cm x 9.65 cm)<\/li>\n<\/ul>\n<ul>\n<li>Peso: &lt;1 lb. (0.5 kg)<\/li>\n<li>Respuesta de frecuencia: 0.05 Hz to 150 Hz, +10% to -30% (maximum)<\/li>\n<li>Protecci\u00f3n de la desfibrilaci\u00f3n: To 360 J, 5 kV<\/li>\n<li>Rechazo de modo com\u00fan: &gt;120 dB at 60 Hz<\/li>\n<li>Tolerancia del offset del electrodo: +\/- 300 mV<\/li>\n<li>Filtros de frecuencia de l\u00ednea: seleccionables por el usuario 50 Hz, 60 Hz or off<\/li>\n<li>Ruido: &lt;30 \u00b5Vpp<\/li>\n<li>Indicaci\u00f3n de pulso de marcapasos: Per EC13<\/li>\n<li>Canales de entrada: adquisici\u00f3n simult\u00e1nea de 8 leads Plus 4 leads derivados<\/li>\n<li>Recuperaci\u00f3n de la desfibrilaci\u00f3n: el tiempo m\u00e1ximo de la recuperaci\u00f3n es 8 segundos<\/li>\n<li>Conexi\u00f3n del paciente: 10 lead reemplazables<\/li>\n<\/ul>\n","protected":false},"excerpt":{"rendered":"<p>Sistema de Prueba de Esfuerzo<\/p>\n","protected":false},"featured_media":12446,"template":"","meta":{"_acf_changed":false,"_relevanssi_hide_post":"","_relevanssi_hide_content":"","_relevanssi_pin_for_all":"","_relevanssi_pin_keywords":"","_relevanssi_unpin_keywords":"","_relevanssi_related_keywords":"","_relevanssi_related_include_ids":"","_relevanssi_related_exclude_ids":"","_relevanssi_related_no_append":"","_relevanssi_related_not_related":"","_relevanssi_related_posts":"","_relevanssi_noindex_reason":"","inline_featured_image":false},"pwb-brand":[1099],"product_brand":[],"product_cat":[130,75],"product_tag":[1174,5246,5247,5240,5248,5249,5239],"class_list":{"0":"post-4513","1":"product","2":"type-product","3":"status-publish","4":"has-post-thumbnail","6":"pwb-brand-equipo-medico-burdick","7":"product_cat-cardiologia","8":"product_cat-sistemas-de-pruebas-de-esfuerzo","9":"product_tag-burdick","10":"product_tag-burdick-quest","11":"product_tag-burdick-quest-sistemas-de-pruebas-de-esfuerzo","12":"product_tag-burdick-sistemas-de-pruebas-de-esfuerzo","13":"product_tag-quest","14":"product_tag-quest-sistemas-de-pruebas-de-esfuerzo","15":"product_tag-sistemas-de-pruebas-de-esfuerzo","17":"first","18":"instock","19":"purchasable","20":"product-type-simple"},"acf":[],"brands":[{"id":1099,"name":"Burdick","slug":"equipo-medico-burdick"}],"_links":{"self":[{"href":"https:\/\/www.somatechnology.com\/spanish\/wp-json\/wp\/v2\/product\/4513","targetHints":{"allow":["GET"]}}],"collection":[{"href":"https:\/\/www.somatechnology.com\/spanish\/wp-json\/wp\/v2\/product"}],"about":[{"href":"https:\/\/www.somatechnology.com\/spanish\/wp-json\/wp\/v2\/types\/product"}],"wp:featuredmedia":[{"embeddable":true,"href":"https:\/\/www.somatechnology.com\/spanish\/wp-json\/wp\/v2\/media\/12446"}],"wp:attachment":[{"href":"https:\/\/www.somatechnology.com\/spanish\/wp-json\/wp\/v2\/media?parent=4513"}],"wp:term":[{"taxonomy":"pwb-brand","embeddable":true,"href":"https:\/\/www.somatechnology.com\/spanish\/wp-json\/wp\/v2\/pwb-brand?post=4513"},{"taxonomy":"product_brand","embeddable":true,"href":"https:\/\/www.somatechnology.com\/spanish\/wp-json\/wp\/v2\/product_brand?post=4513"},{"taxonomy":"product_cat","embeddable":true,"href":"https:\/\/www.somatechnology.com\/spanish\/wp-json\/wp\/v2\/product_cat?post=4513"},{"taxonomy":"product_tag","embeddable":true,"href":"https:\/\/www.somatechnology.com\/spanish\/wp-json\/wp\/v2\/product_tag?post=4513"}],"curies":[{"name":"wp","href":"https:\/\/api.w.org\/{rel}","templated":true}]}}