{"id":4515,"date":"2016-07-19T21:29:41","date_gmt":"2016-07-19T21:29:41","guid":{"rendered":"http:\/\/equipomedicocentral.com\/wordpress\/product\/newport-e200-wave\/"},"modified":"2025-09-23T12:33:19","modified_gmt":"2025-09-23T16:33:19","slug":"newport-e200-wave","status":"publish","type":"product","link":"https:\/\/www.somatechnology.com\/spanish\/equipo-medico-usado-remanufacturado\/ventiladores\/newport-e200-wave\/","title":{"rendered":"Medtronic Newport E200 Wave"},"content":{"rendered":"<h2>Caracter\u00edsticas del ventilador Medtronic Newport E 2000 Wave<\/h2>\n<p>El ventilador <strong>Wave VM200<\/strong> combina la tecnolog\u00eda avanzada del ventilador E200 de la onda con las capacidades de supervisi\u00f3n agregadas del monitor del VM200 de la br\u00fajula. Juntos proporcionan un sistema ventilatorio completo para su poblaci\u00f3n adulta, pedi\u00e1trica y neonatal.<\/p>\n<ul>\n<li>Monitores de flujo espiratorio m\u00e1ximo e inspiratorio<\/li>\n<li>Monitores de volumen espiratorio e inspiratorio de marea y minuto<\/li>\n<li>Software de l\u00f3gica de aprendizaje predictivo (ajuste autom\u00e1tico de la pendiente)<\/li>\n<li>Flujo de sesgo<\/li>\n<li>Conjunto de espiraci\u00f3n con calefacci\u00f3n y filtrado<\/li>\n<li>PSV \u00fanico con criterios de finalizaci\u00f3n de aliento variable<\/li>\n<li>Monitor incorporado del ox\u00edgeno<\/li>\n<\/ul>\n<p>Alarmas audibles y visuales comprensivas el VM200 de la onda fue dise\u00f1ado con un foco en la armon\u00eda entre el paciente y el ventilador. Sus caracter\u00edsticas avanzadas proporcionan una ventilaci\u00f3n r\u00e1pida y receptiva que ayuda a acelerar el destete. Y con un ventilador para todos los usos pacientes, usted puede estandarizar su entrenamiento cl\u00ednico, simplifica la gerencia del ventilador y baja sus costes de mantenimiento.<\/p>\n<p>&nbsp;<\/p>\n","protected":false},"excerpt":{"rendered":"<p>El ventilador Wave VM200 combina la tecnolog\u00eda avanzada del ventilador E200 de la onda con las capacidades de supervisi\u00f3n agregadas del monitor del VM200 de la br\u00fajula. Juntos proporcionan un sistema ventilatorio completo para su poblaci\u00f3n adulta, pedi\u00e1trica y neonatal.<\/p>\n","protected":false},"featured_media":12437,"template":"","meta":{"_acf_changed":false,"_relevanssi_hide_post":"","_relevanssi_hide_content":"","_relevanssi_pin_for_all":"","_relevanssi_pin_keywords":"","_relevanssi_unpin_keywords":"","_relevanssi_related_keywords":"","_relevanssi_related_include_ids":"","_relevanssi_related_exclude_ids":"","_relevanssi_related_no_append":"","_relevanssi_related_not_related":"","_relevanssi_related_posts":"","_relevanssi_noindex_reason":"","inline_featured_image":false},"pwb-brand":[1107],"product_brand":[],"product_cat":[51],"product_tag":[5229,5231,5230,5228,5227,5232,5233,1701,1028,6886],"class_list":{"0":"post-4515","1":"product","2":"type-product","3":"status-publish","4":"has-post-thumbnail","6":"pwb-brand-equipo-medico-medtronic","7":"product_cat-ventiladores","8":"product_tag-medtronic-newport","9":"product_tag-medtronic-newport-e-200-ventiladores","10":"product_tag-medtronic-newport-e200","11":"product_tag-medtronic-newport-ventiladores","12":"product_tag-medtronic-ventiladores","13":"product_tag-medtrontic-newport-e-200-wave","14":"product_tag-newport-e-200-wave","15":"product_tag-newport-ventiladores","16":"product_tag-ventiladores","17":"product_tag-ventiladores-medtronic-y-puritan-bennett","19":"first","20":"instock","21":"purchasable","22":"product-type-simple"},"acf":[],"brands":[{"id":1107,"name":"Medtronic","slug":"equipo-medico-medtronic"}],"_links":{"self":[{"href":"https:\/\/www.somatechnology.com\/spanish\/wp-json\/wp\/v2\/product\/4515","targetHints":{"allow":["GET"]}}],"collection":[{"href":"https:\/\/www.somatechnology.com\/spanish\/wp-json\/wp\/v2\/product"}],"about":[{"href":"https:\/\/www.somatechnology.com\/spanish\/wp-json\/wp\/v2\/types\/product"}],"wp:featuredmedia":[{"embeddable":true,"href":"https:\/\/www.somatechnology.com\/spanish\/wp-json\/wp\/v2\/media\/12437"}],"wp:attachment":[{"href":"https:\/\/www.somatechnology.com\/spanish\/wp-json\/wp\/v2\/media?parent=4515"}],"wp:term":[{"taxonomy":"pwb-brand","embeddable":true,"href":"https:\/\/www.somatechnology.com\/spanish\/wp-json\/wp\/v2\/pwb-brand?post=4515"},{"taxonomy":"product_brand","embeddable":true,"href":"https:\/\/www.somatechnology.com\/spanish\/wp-json\/wp\/v2\/product_brand?post=4515"},{"taxonomy":"product_cat","embeddable":true,"href":"https:\/\/www.somatechnology.com\/spanish\/wp-json\/wp\/v2\/product_cat?post=4515"},{"taxonomy":"product_tag","embeddable":true,"href":"https:\/\/www.somatechnology.com\/spanish\/wp-json\/wp\/v2\/product_tag?post=4515"}],"curies":[{"name":"wp","href":"https:\/\/api.w.org\/{rel}","templated":true}]}}