{"id":4538,"date":"2016-07-19T21:30:43","date_gmt":"2016-07-19T21:30:43","guid":{"rendered":"http:\/\/equipomedicocentral.com\/wordpress\/product\/ge-dash-2500-monitor\/"},"modified":"2023-08-23T06:12:21","modified_gmt":"2023-08-23T10:12:21","slug":"ge-dash-2500","status":"publish","type":"product","link":"https:\/\/www.somatechnology.com\/spanish\/equipo-medico-usado-remanufacturado\/monitores-de-signos-vitales\/monitores-multiparametros\/ge-dash-2500\/","title":{"rendered":"GE Dash 2500 Monitor"},"content":{"rendered":"<h2>Caracter\u00edsticas del\u00a0<strong>GE Dash 2500<\/strong><\/h2>\n<p>El monitor <strong>GE Dash 2500<\/strong> es un monitor de cabecera econ\u00f3mico y confiable que le brinda la inteligencia cl\u00ednica que necesita para evaluar y tratar a sus pacientes con velocidad, precisi\u00f3n y atenci\u00f3n.El monitor incluye par\u00e1metros cl\u00ednicos para capturar mediciones vitales del paciente y monitoreo cardiaco excepcional para ayudar a detectar con precisi\u00f3n las arritmias. El Dash 2500 est\u00e1 dise\u00f1ado para entornos cl\u00ednicos exigentes. Su durabilidad ser\u00e1 adecuada para cualquier entorno de trabajo. Tambi\u00e9n es qu\u00edmicamente resistente; por lo tanto, los limpiadores potentes no da\u00f1ar\u00e1n el monitor.<br \/>\nEl monitor GE Dash 2500 es f\u00e1cil de usar y se puede configurar f\u00e1cilmente para adaptarse a sus preferencias de visualizaci\u00f3n y requisitos de informaci\u00f3n. El tama\u00f1o compacto y el peso del monitor hacen que el Dash 2500 sea f\u00e1cilmente port\u00e1til. Puede transferir pacientes a trav\u00e9s de las instalaciones y mantener un flujo ininterrumpido de datos.<\/p>\n<ul>\n<li>El monitor tambi\u00e9n ofrece una bater\u00eda de larga duraci\u00f3n.<\/li>\n<li>3 y 5 ECG de plomo -&gt; an\u00e1lisis de arritmias EK-Pro<\/li>\n<li>Monitoreo de la respiraci\u00f3n<\/li>\n<li>Presi\u00f3n sangu\u00ednea no invasiva -&gt; DINAMAP SuperSTAT, The Gold Standard para precisi\u00f3n NIBP<\/li>\n<li>Oximetr\u00eda de pulso -&gt; Masimo SET o Nellcor OxiMax SpO2<\/li>\n<li>Temperatura: Alaris Turbo Temp.<\/li>\n<\/ul>\n<h2>Especificaciones del\u00a0<strong>GE Dash 2500<\/strong><\/h2>\n<ul>\n<li>Tama\u00f1o: H 22.0 cm (8.7 in) W 35.8 cm (14.1 in) D 17.0 cm (6.7 in)<\/li>\n<li>Peso: 5.5 kg (12 lb)<\/li>\n<\/ul>\n<h3>Bater\u00eda<\/h3>\n<ul>\n<li>Capacidad 8.4 V; 7.0 amp-hr<\/li>\n<li>Duraci\u00f3n de la bater\u00eda M\u00e1s de 180 minutos con la bater\u00eda interna completamente cargada (NIBP: ciclo autom\u00e1tico de cinco minutos con manguito para adultos. ECG, RESP, SpO2: activo.<\/li>\n<li>TEMP: modo predictivo. Impresora: imprime dos formas de onda durante un minuto cada 20 minutos a 25 mm \/ seg.<\/li>\n<li>Tiempo de carga 4 horas m\u00e1ximo con el monitor apagado. 8 horas m\u00e1ximo con el monitor encendido<\/li>\n<\/ul>\n<h3>Frecuencia Card\u00edaca \/ Pulso<\/h3>\n<ul>\n<li>Electrocardiography (ECG):Heart rate accuracy 30 to 300 bpm, \u00b1 3 bpm or 3% of reading, whichever is greater<\/li>\n<\/ul>\n<h3>Nellcor SpO2<\/h3>\n<ul>\n<li>Rango de 20 a 250 bpm<\/li>\n<li>Precisi\u00f3n y tolerancia de 20 a 250 bpm \u00b1 3 d\u00edgitos<\/li>\n<li>Baja perfusi\u00f3n 20 a 250 bpm \u00b1 3 d\u00edgitos<\/li>\n<li>Masimo SpO2<\/li>\n<li>Rango de 25 a 240 bpm<\/li>\n<li>Precisi\u00f3n y tolerancia al movimiento<\/li>\n<li>Sin movimiento de 25 a 240 bpm \u00b1 3 d\u00edgitos<\/li>\n<li>Con un rango fisiol\u00f3gico de movimiento normal, de 25 a 240 bpm \u00b1 5 d\u00edgitos<\/li>\n<\/ul>\n<h3>Presi\u00f3n Arterial No Invasiva (NIBP)<\/h3>\n<ul>\n<li>Rango adulto \/ pedi\u00e1trico de 30 a 200 lpm<\/li>\n<li>Rango de neonatal de 30 a 220 bpm<\/li>\n<li>Precisi\u00f3n \u00b1 3.5% o 3bpm, lo que sea mayor<\/li>\n<\/ul>\n<h3>ECG<\/h3>\n<p>Conductores disponibles<\/p>\n<ul>\n<li>Configuraci\u00f3n de 3 electrodos I, II, III<\/li>\n<li>Configuraci\u00f3n de 5 electrodos I, II, III, aVR, aVL, aVF y VA<\/li>\n<li>Precisi\u00f3n de la frecuencia card\u00edaca de 30 a 300 lpm, \u00b1 3 lpm o 3% de la lectura, lo que sea mayor<\/li>\n<li>Frecuencia card\u00edaca de resoluci\u00f3n 1 lpm<\/li>\n<li>Ancho de banda<\/li>\n<li>5 a 40 Hz + 1 \/ -6 dB<\/li>\n<li>05 a 40 Hz + 1 \/ -6 dB \u2022 0.05 a 100 Hz + 1 \/ -6 dB<\/li>\n<li>Est\u00e1ndar de voltaje marcador de 1 mV<\/li>\n<li>Rechazo de modo com\u00fan 1 mV RTI o 10 mm p-p max ruido visualizado permitido con 20 Vrms, entrada de 50-60 Hz<\/li>\n<li>Impedancia de entrada<\/li>\n<li>Modo com\u00fan&gt; 2.5 M\u03a9 a 10 Hz<\/li>\n<li>Diferencial&gt; 2.5 M\u03a9 de CC a 60 Hz<\/li>\n<li>Tolerancia de 60 Hz hasta 10 mV<\/li>\n<li>Detecci\u00f3n \/ rechazo de marcapasos<\/li>\n<li>Rango de voltaje de entrada \u00b1 2 a \u00b1 700 mV<\/li>\n<li>Cables de se\u00f1al de corriente de derivaci\u00f3n &lt;0,1 \u03bcA, &lt;1 \u03bcA de cable accionado por CC<\/li>\n<\/ul>\n<h3>Respiratorio<\/h3>\n<ul>\n<li>Tasa de respiraci\u00f3n derivada de ECG<\/li>\n<li>Conduce disponible I o II<\/li>\n<li>Rango de 6 a 120 respiraciones \/ min (adulto \/ pedi\u00e1trico), de 6 a 180 respiraciones \/ min (neonatal)<\/li>\n<li>Precisi\u00f3n \u00b1 2 respiraciones \/ min o \u00b1 3% de lectura, lo que sea mayor<\/li>\n<li>Resoluci\u00f3n 1 respiraci\u00f3n \/ min<\/li>\n<li>Impedancia de base de 100 a 2000 \u03a9<\/li>\n<li>Sensibilidad de detecci\u00f3n 0,2 \u03a9 a 30 respiraciones \/ min con una impedancia de referencia de 500 \u03a9<\/li>\n<\/ul>\n<h3>Rangos de medida de BP<\/h3>\n<p>Sist\u00f3lica 30 a 290 mmHg (adulto \/ pedi\u00e1trico) 4.0 a 38.7 kPa (adulto \/ pedi\u00e1trico) 30 a 140 mmHg (neonatal) 4.0 a 18.7 kPa (neonatal)<\/p>\n<p>MAPA de 20 a 260 mmHg (adulto \/ pedi\u00e1trico) de 2.7 a 34.7 kPa (adulto \/ pedi\u00e1trico) de 20 a 125 mmHg (neonatal) de 2.7 a 16.7 kPa (reci\u00e9n nacido)<\/p>\n<p>Diast\u00f3lica 10 a 220 mmHg (adulto \/ pedi\u00e1trico) 1.3 a 29.3 kPa (adulto \/ pedi\u00e1trico) 10 a 110 mmHg (reci\u00e9n nacido) 1.3 a 14.7 kPa (neonatal)<\/p>\n","protected":false},"excerpt":{"rendered":"<p><label class=\"selectit\">Monitores Multiparametros<\/label><\/p>\n","protected":false},"featured_media":11378,"template":"","meta":{"_acf_changed":false,"_relevanssi_hide_post":"","_relevanssi_hide_content":"","_relevanssi_pin_for_all":"","_relevanssi_pin_keywords":"","_relevanssi_unpin_keywords":"","_relevanssi_related_keywords":"","_relevanssi_related_include_ids":"","_relevanssi_related_exclude_ids":"","_relevanssi_related_no_append":"","_relevanssi_related_not_related":"","_relevanssi_related_posts":"","_relevanssi_noindex_reason":"","inline_featured_image":false},"pwb-brand":[1100],"product_brand":[],"product_cat":[50],"product_tag":[224,821,820,819,4417,3715,3614,3737],"class_list":{"0":"post-4538","1":"product","2":"type-product","3":"status-publish","4":"has-post-thumbnail","6":"pwb-brand-equipo-medico-ge","7":"product_cat-monitores-multiparametros","8":"product_tag-ge","9":"product_tag-ge-2500","10":"product_tag-ge-dash","11":"product_tag-ge-dash-2500","12":"product_tag-ge-dash-2500-monitores-multiparametros","13":"product_tag-ge-monitores-multiparametros","14":"product_tag-monitores-multiparametros","15":"product_tag-monitores-multiparametros-ge","17":"first","18":"instock","19":"purchasable","20":"product-type-simple"},"acf":[],"brands":[{"id":1100,"name":"GE","slug":"equipo-medico-ge"}],"_links":{"self":[{"href":"https:\/\/www.somatechnology.com\/spanish\/wp-json\/wp\/v2\/product\/4538","targetHints":{"allow":["GET"]}}],"collection":[{"href":"https:\/\/www.somatechnology.com\/spanish\/wp-json\/wp\/v2\/product"}],"about":[{"href":"https:\/\/www.somatechnology.com\/spanish\/wp-json\/wp\/v2\/types\/product"}],"wp:featuredmedia":[{"embeddable":true,"href":"https:\/\/www.somatechnology.com\/spanish\/wp-json\/wp\/v2\/media\/11378"}],"wp:attachment":[{"href":"https:\/\/www.somatechnology.com\/spanish\/wp-json\/wp\/v2\/media?parent=4538"}],"wp:term":[{"taxonomy":"pwb-brand","embeddable":true,"href":"https:\/\/www.somatechnology.com\/spanish\/wp-json\/wp\/v2\/pwb-brand?post=4538"},{"taxonomy":"product_brand","embeddable":true,"href":"https:\/\/www.somatechnology.com\/spanish\/wp-json\/wp\/v2\/product_brand?post=4538"},{"taxonomy":"product_cat","embeddable":true,"href":"https:\/\/www.somatechnology.com\/spanish\/wp-json\/wp\/v2\/product_cat?post=4538"},{"taxonomy":"product_tag","embeddable":true,"href":"https:\/\/www.somatechnology.com\/spanish\/wp-json\/wp\/v2\/product_tag?post=4538"}],"curies":[{"name":"wp","href":"https:\/\/api.w.org\/{rel}","templated":true}]}}