{"id":4546,"date":"2016-07-19T21:30:43","date_gmt":"2016-07-19T21:30:43","guid":{"rendered":"http:\/\/equipomedicocentral.com\/wordpress\/product\/axia-cd300\/"},"modified":"2025-10-08T10:56:10","modified_gmt":"2025-10-08T14:56:10","slug":"axia-cd300","status":"publish","type":"product","link":"https:\/\/www.somatechnology.com\/spanish\/equipo-medico-usado-remanufacturado\/sistema-de-video-endoscopia\/sistemas-completos-de-endoscopia\/capturadores-de-imagenes\/axia-cd300\/","title":{"rendered":"Axia CD300"},"content":{"rendered":"<h2>Axia CD300<\/h2>\n<h3>Dispositivo de captura de imagen digital<\/h3>\n<p>El Axia CD300 es un dispositivo de captura de im\u00e1genes digital dise\u00f1ado para guardar v\u00eddeo digital y im\u00e1genes fijas de una fuente de v\u00eddeo anal\u00f3gico. Con el Axia CD300, usted puede capturar v\u00eddeos e im\u00e1genes sin esfuerzo, que luego se pueden transferir f\u00e1cilmente a cualquier ordenador o red segura a trav\u00e9s de una tarjeta de Flash SDHC. Funciona con C-Arms, c\u00e1maras endosc\u00f3picas, ultrasonidos y la mayor\u00eda de los dispositivos de imagen de v\u00eddeo con una salida anal\u00f3gica. La cantidad de almacenamiento de datos se determina por la capacidad de la tarjeta SD. (Nota: una hora de video toma aproximadamente 2.3 GB).<\/p>\n<h3>Informaci\u00f3n General<\/h3>\n<ul>\n<li>Grabadora de video m\u00e9dica. Graba v\u00eddeo y im\u00e1genes fijas en la definici\u00f3n est\u00e1ndar de fuentes m\u00e9dicas de v\u00eddeo<\/li>\n<li>Medios: \u2022 expedientes a la tarjeta de destello de SDHC (no incluida)<\/li>\n<li>Exhibici\u00f3n: 3.5 inch LCD (para la navegaci\u00f3n solamente, no para el diagn\u00f3stico)<\/li>\n<li>V\u00eddeo in\/out: PAL o NTSC\/S-video o BNC<\/li>\n<li>Formato video: MPEG-2 (calidad de DVD)<\/li>\n<li>Formato de la imagen: jpg<\/li>\n<li>Tama\u00f1o de la imagen: 320 x 240 pixeles<\/li>\n<li>Energ\u00eda: CA 120V 60Hz 25W\/3-terminal gato de la CA<\/li>\n<\/ul>\n","protected":false},"excerpt":{"rendered":"<p>El Axia CD300 es un dispositivo de captura de im\u00e1genes digital dise\u00f1ado para guardar v\u00eddeo digital y im\u00e1genes fijas de una fuente de v\u00eddeo anal\u00f3gico. Con el Axia CD300, usted puede capturar v\u00eddeos e im\u00e1genes sin esfuerzo, que luego se pueden transferir f\u00e1cilmente a cualquier ordenador o red segura a trav\u00e9s de una tarjeta de Flash SDHC.<\/p>\n","protected":false},"featured_media":9820,"template":"","meta":{"_acf_changed":false,"_relevanssi_hide_post":"","_relevanssi_hide_content":"","_relevanssi_pin_for_all":"","_relevanssi_pin_keywords":"","_relevanssi_unpin_keywords":"","_relevanssi_related_keywords":"","_relevanssi_related_include_ids":"","_relevanssi_related_exclude_ids":"","_relevanssi_related_no_append":"","_relevanssi_related_not_related":"","_relevanssi_related_posts":"","_relevanssi_noindex_reason":"","inline_featured_image":false},"pwb-brand":[1098],"product_brand":[],"product_cat":[63],"product_tag":[],"class_list":{"0":"post-4546","1":"product","2":"type-product","3":"status-publish","4":"has-post-thumbnail","6":"pwb-brand-equipo-medico-axia","7":"product_cat-capturadores-de-imagenes","9":"first","10":"instock","11":"purchasable","12":"product-type-simple"},"acf":[],"brands":[{"id":1098,"name":"Axia","slug":"equipo-medico-axia"}],"_links":{"self":[{"href":"https:\/\/www.somatechnology.com\/spanish\/wp-json\/wp\/v2\/product\/4546","targetHints":{"allow":["GET"]}}],"collection":[{"href":"https:\/\/www.somatechnology.com\/spanish\/wp-json\/wp\/v2\/product"}],"about":[{"href":"https:\/\/www.somatechnology.com\/spanish\/wp-json\/wp\/v2\/types\/product"}],"wp:featuredmedia":[{"embeddable":true,"href":"https:\/\/www.somatechnology.com\/spanish\/wp-json\/wp\/v2\/media\/9820"}],"wp:attachment":[{"href":"https:\/\/www.somatechnology.com\/spanish\/wp-json\/wp\/v2\/media?parent=4546"}],"wp:term":[{"taxonomy":"pwb-brand","embeddable":true,"href":"https:\/\/www.somatechnology.com\/spanish\/wp-json\/wp\/v2\/pwb-brand?post=4546"},{"taxonomy":"product_brand","embeddable":true,"href":"https:\/\/www.somatechnology.com\/spanish\/wp-json\/wp\/v2\/product_brand?post=4546"},{"taxonomy":"product_cat","embeddable":true,"href":"https:\/\/www.somatechnology.com\/spanish\/wp-json\/wp\/v2\/product_cat?post=4546"},{"taxonomy":"product_tag","embeddable":true,"href":"https:\/\/www.somatechnology.com\/spanish\/wp-json\/wp\/v2\/product_tag?post=4546"}],"curies":[{"name":"wp","href":"https:\/\/api.w.org\/{rel}","templated":true}]}}