{"id":4569,"date":"2016-07-19T21:31:44","date_gmt":"2016-07-19T21:31:44","guid":{"rendered":"http:\/\/equipomedicocentral.com\/wordpress\/product\/newport-nmi-e500-neoventilator\/"},"modified":"2025-09-23T12:26:31","modified_gmt":"2025-09-23T16:26:31","slug":"medtronic-newport-nmi-e500","status":"publish","type":"product","link":"https:\/\/www.somatechnology.com\/spanish\/equipo-medico-usado-remanufacturado\/ventiladores\/medtronic-newport-nmi-e500\/","title":{"rendered":"Medtronic Newport NMI e500 Neoventilador"},"content":{"rendered":"<h2>CARACTER\u00cdSTICAS DE NEWPORT NMI E500<\/h2>\n<p>Ventilador neonatal para una gesti\u00f3n eficaz de la respiraci\u00f3n con funciones de seguridad mejoradas y monitorizaci\u00f3n ampliada. El dispositivo ofrece acceso directo a todos los controles de ventilaci\u00f3n junto con otras funciones de uso frecuente, como la retenci\u00f3n inspiratoria y espiratoria, el O2 de 3 minutos, la alarma de presilencio y los ajustes de ventilaci\u00f3n preestablecidos. El flujo de sesgo ajustado por el ventilador elimina el CO2 exhalado y estabiliza la temperatura, la humedad y la presi\u00f3n de referencia en el circuito respiratorio del paciente. Ajuste de pendiente\/subida, umbral espiratorio (apagado c\u00edclico) y compensaci\u00f3n autom\u00e1tica de fugas.<\/p>\n<ul>\n<li>Control dual de la respiraci\u00f3n.<\/li>\n<li>Ajuste de ventilaci\u00f3n preestablecido para el modo, el tipo de respiraci\u00f3n y los ajustes se pueden preestablecer sin afectar al funcionamiento actual del ventilador.<\/li>\n<li>Compensaci\u00f3n de la conformidad del circuito (calcula y habilita la conformidad del circuito respiratorio de la entrega de flujo\/volumen), Compensaci\u00f3n de la altitud, Registro de mensajes de violaci\u00f3n.<\/li>\n<li>Ventilaci\u00f3n no invasiva, Compatible con la ventilaci\u00f3n por m\u00e1scara para uso continuo o de corta duraci\u00f3n.<\/li>\n<li>Calibraci\u00f3n de O2<\/li>\n<li>Alarma de pre-silencio, suspende la ventilaci\u00f3n mientras se suministra flujo continuo despu\u00e9s de una desconexi\u00f3n planificada.<\/li>\n<li>Registro del historial de eventos<\/li>\n<\/ul>\n","protected":false},"excerpt":{"rendered":"<p>Ventilador neonatal para una gesti\u00f3n eficaz de la respiraci\u00f3n con funciones de seguridad mejoradas y monitorizaci\u00f3n ampliada. El dispositivo ofrece acceso directo a todos los controles de ventilaci\u00f3n junto con otras funciones de uso frecuente, como la retenci\u00f3n inspiratoria y espiratoria, el O2 de 3 minutos, la alarma de presilencio y los ajustes de ventilaci\u00f3n preestablecidos. El flujo de sesgo ajustado por el ventilador elimina el CO2 exhalado y estabiliza la temperatura, la humedad y la presi\u00f3n de referencia en el circuito respiratorio del paciente. Ajuste de pendiente\/subida, umbral espiratorio (apagado c\u00edclico) y compensaci\u00f3n autom\u00e1tica de fugas.<\/p>\n","protected":false},"featured_media":9654,"template":"","meta":{"_acf_changed":false,"_relevanssi_hide_post":"","_relevanssi_hide_content":"","_relevanssi_pin_for_all":"","_relevanssi_pin_keywords":"","_relevanssi_unpin_keywords":"","_relevanssi_related_keywords":"","_relevanssi_related_include_ids":"","_relevanssi_related_exclude_ids":"","_relevanssi_related_no_append":"","_relevanssi_related_not_related":"","_relevanssi_related_posts":"","_relevanssi_noindex_reason":"","inline_featured_image":false},"pwb-brand":[1107],"product_brand":[],"product_cat":[51],"product_tag":[1488,466,1490,1491,1485,1489,1492,1032,1469,1028,6886],"class_list":{"0":"post-4569","1":"product","2":"type-product","3":"status-publish","4":"has-post-thumbnail","6":"pwb-brand-equipo-medico-medtronic","7":"product_cat-ventiladores","8":"product_tag-e500","9":"product_tag-medtronic","10":"product_tag-medtronic-e500","11":"product_tag-medtronic-newport-e500","12":"product_tag-newport","13":"product_tag-newport-e500","14":"product_tag-newport-medtronic-e500","15":"product_tag-ventilador","16":"product_tag-ventiladore","17":"product_tag-ventiladores","18":"product_tag-ventiladores-medtronic-y-puritan-bennett","20":"first","21":"instock","22":"purchasable","23":"product-type-simple"},"acf":[],"brands":[{"id":1107,"name":"Medtronic","slug":"equipo-medico-medtronic"}],"_links":{"self":[{"href":"https:\/\/www.somatechnology.com\/spanish\/wp-json\/wp\/v2\/product\/4569","targetHints":{"allow":["GET"]}}],"collection":[{"href":"https:\/\/www.somatechnology.com\/spanish\/wp-json\/wp\/v2\/product"}],"about":[{"href":"https:\/\/www.somatechnology.com\/spanish\/wp-json\/wp\/v2\/types\/product"}],"wp:featuredmedia":[{"embeddable":true,"href":"https:\/\/www.somatechnology.com\/spanish\/wp-json\/wp\/v2\/media\/9654"}],"wp:attachment":[{"href":"https:\/\/www.somatechnology.com\/spanish\/wp-json\/wp\/v2\/media?parent=4569"}],"wp:term":[{"taxonomy":"pwb-brand","embeddable":true,"href":"https:\/\/www.somatechnology.com\/spanish\/wp-json\/wp\/v2\/pwb-brand?post=4569"},{"taxonomy":"product_brand","embeddable":true,"href":"https:\/\/www.somatechnology.com\/spanish\/wp-json\/wp\/v2\/product_brand?post=4569"},{"taxonomy":"product_cat","embeddable":true,"href":"https:\/\/www.somatechnology.com\/spanish\/wp-json\/wp\/v2\/product_cat?post=4569"},{"taxonomy":"product_tag","embeddable":true,"href":"https:\/\/www.somatechnology.com\/spanish\/wp-json\/wp\/v2\/product_tag?post=4569"}],"curies":[{"name":"wp","href":"https:\/\/api.w.org\/{rel}","templated":true}]}}