{"id":4580,"date":"2016-07-19T21:31:44","date_gmt":"2016-07-19T21:31:44","guid":{"rendered":"http:\/\/equipomedicocentral.com\/wordpress\/product\/datex-ohmeda-tec-6-plus-desflurane\/"},"modified":"2026-04-13T12:21:36","modified_gmt":"2026-04-13T16:21:36","slug":"datex-ohmeda-tec-6-plus-desflurane","status":"publish","type":"product","link":"https:\/\/www.somatechnology.com\/spanish\/equipo-medico-usado-remanufacturado\/vaporizadores-de-anestesia\/datex-ohmeda-tec-6-plus-desflurane\/","title":{"rendered":"GE Datex Ohmeda Tec 6 Plus &#8211; Desflurane"},"content":{"rendered":"<h2>GE Datex Ohmeda Tec 6 Plus \u2013 Desflurane<\/h2>\n<ul>\n<li>GE Datex Ohmeda Tec 6 Plus \u2013 caracter\u00edsticas desflurane<\/li>\n<li>Dise\u00f1ado espec\u00edficamente para la entrega de agente anest\u00e9sico desflurane<\/li>\n<li>Calienta desflurane para mantener la temperatura y la presi\u00f3n de vapor para la salida constante<\/li>\n<\/ul>\n","protected":false},"excerpt":{"rendered":"<p>Vaporizer de Anestesia<\/p>\n","protected":false},"featured_media":32628,"template":"","meta":{"_acf_changed":false,"_relevanssi_hide_post":"","_relevanssi_hide_content":"","_relevanssi_pin_for_all":"","_relevanssi_pin_keywords":"","_relevanssi_unpin_keywords":"","_relevanssi_related_keywords":"","_relevanssi_related_include_ids":"","_relevanssi_related_exclude_ids":"","_relevanssi_related_no_append":"","_relevanssi_related_not_related":"","_relevanssi_related_posts":"","_relevanssi_noindex_reason":"","inline_featured_image":false},"pwb-brand":[1100],"product_brand":[],"product_cat":[62],"product_tag":[5631,5632,5609,5630,224,5606,5624,5633,5634,5593],"class_list":{"0":"post-4580","1":"product","2":"type-product","3":"status-publish","4":"has-post-thumbnail","6":"pwb-brand-equipo-medico-ge","7":"product_cat-vaporizadores-de-anestesia","8":"product_tag-datex-ohmeda-tec-6-plus","9":"product_tag-datex-ohmeda-tec-6-plus-vaporizadores-de-anestesia","10":"product_tag-datex-ohmeda-vaporizadores-de-anestesia","11":"product_tag-datex-ohmenda","12":"product_tag-ge","13":"product_tag-ge-vaporizadores-de-anestesia","14":"product_tag-tec-6-desflurane-vaporizadores-de-anestesia","15":"product_tag-tec-6-plus-desflurane","16":"product_tag-tec-6-vaporizadores-de-anestesia","17":"product_tag-vaporizadores-de-anestesia","19":"first","20":"instock","21":"featured","22":"purchasable","23":"product-type-simple"},"acf":[],"brands":[{"id":1100,"name":"GE","slug":"equipo-medico-ge"}],"_links":{"self":[{"href":"https:\/\/www.somatechnology.com\/spanish\/wp-json\/wp\/v2\/product\/4580","targetHints":{"allow":["GET"]}}],"collection":[{"href":"https:\/\/www.somatechnology.com\/spanish\/wp-json\/wp\/v2\/product"}],"about":[{"href":"https:\/\/www.somatechnology.com\/spanish\/wp-json\/wp\/v2\/types\/product"}],"wp:featuredmedia":[{"embeddable":true,"href":"https:\/\/www.somatechnology.com\/spanish\/wp-json\/wp\/v2\/media\/32628"}],"wp:attachment":[{"href":"https:\/\/www.somatechnology.com\/spanish\/wp-json\/wp\/v2\/media?parent=4580"}],"wp:term":[{"taxonomy":"pwb-brand","embeddable":true,"href":"https:\/\/www.somatechnology.com\/spanish\/wp-json\/wp\/v2\/pwb-brand?post=4580"},{"taxonomy":"product_brand","embeddable":true,"href":"https:\/\/www.somatechnology.com\/spanish\/wp-json\/wp\/v2\/product_brand?post=4580"},{"taxonomy":"product_cat","embeddable":true,"href":"https:\/\/www.somatechnology.com\/spanish\/wp-json\/wp\/v2\/product_cat?post=4580"},{"taxonomy":"product_tag","embeddable":true,"href":"https:\/\/www.somatechnology.com\/spanish\/wp-json\/wp\/v2\/product_tag?post=4580"}],"curies":[{"name":"wp","href":"https:\/\/api.w.org\/{rel}","templated":true}]}}