{"id":4599,"date":"2016-07-19T21:32:42","date_gmt":"2016-07-19T21:32:42","guid":{"rendered":"http:\/\/equipomedicocentral.com\/wordpress\/product\/stryker-x8000\/"},"modified":"2023-08-23T06:13:14","modified_gmt":"2023-08-23T10:13:14","slug":"stryker-x8000","status":"publish","type":"product","link":"https:\/\/www.somatechnology.com\/spanish\/equipo-medico-usado-remanufacturado\/sistema-de-video-endoscopia\/fuentes-de-luz\/stryker-x8000\/","title":{"rendered":"Stryker X8000 Light Source"},"content":{"rendered":"<h2>Fuente de luz Stryker X8000 &#8211; 300 Watt Xenon<\/h2>\n<p>Para la visualizaci\u00f3n quir\u00fargica mejorada, la fuente de luz de Stryker X8000 complementa la c\u00e1mara de 3 virutas de Stryker 1188 HD realzando su cuadro con la luz limpia, pura. Esto maximiza la capacidad del equipo de v\u00eddeo de alta definici\u00f3n de Stryker para capturar la visualizaci\u00f3n m\u00e1s brillante y detallada posible para los procedimientos quir\u00fargicos de hoy.<\/p>\n<p>La fuente de luz de gran alcance X8000&#8217;s, las operaciones convenientes, las caracter\u00edsticas de seguridad y la tecnolog\u00eda \u00fanica de la alinear-cerradura son algunas de las muchas ventajas excepcionales:<\/p>\n<ul>\n<li>Fuente de luz Xen\u00f3n de 300 vatios<\/li>\n<li>Interfaz con pantalla LCD visible<\/li>\n<li>Luz pura, limpia<\/li>\n<li>Alinear-cerradura<\/li>\n<li>Inserci\u00f3n con una sola mano tecnolog\u00eda de detecci\u00f3n de alcance electr\u00f3nico<\/li>\n<\/ul>\n<h3>Dimensiones<\/h3>\n<ul>\n<li>Tama\u00f1o: H 4.75&#8243; (12.1cm) x W 12.5&#8243; (31.8cm) x 16.8&#8243; (42.7cm)<\/li>\n<li>Peso: 16.0 lbs (7.3kg)<\/li>\n<\/ul>\n<h3>Fuente de Alimentaci\u00f3n<\/h3>\n<ul>\n<li>TempPrimary: 100 \u2013 120 VAC, 50\/60 Hz, 450 W, 220 \u2013 240VAC, 50\/60 Hz, 450 W<\/li>\n<li>Fuses (2): 5.0A, 250V<\/li>\n<\/ul>\n<h3>Lampara<\/h3>\n<ul>\n<li>Type: 300 Watt Xenon (Elliptical)<\/li>\n<li>Life: Approximately 500 hours<\/li>\n<\/ul>\n<h3>Temperaturas<\/h3>\n<ul>\n<li>10 \u2013 40\u00b0C<\/li>\n<li>30 \u2013 75% Relative Humidity<\/li>\n<\/ul>\n<h3>Transporte y almacenamiento<\/h3>\n<ul>\n<li>-20 \u2013 50\u00b0C<\/li>\n<li>10 \u2013 75% Relative Humidity<\/li>\n<li>700 \u2013 1060 hPa<\/li>\n<\/ul>\n","protected":false},"excerpt":{"rendered":"<p>Rigid Light Source<\/p>\n","protected":false},"featured_media":9411,"template":"","meta":{"_acf_changed":false,"_relevanssi_hide_post":"","_relevanssi_hide_content":"","_relevanssi_pin_for_all":"","_relevanssi_pin_keywords":"","_relevanssi_unpin_keywords":"","_relevanssi_related_keywords":"","_relevanssi_related_include_ids":"","_relevanssi_related_exclude_ids":"","_relevanssi_related_no_append":"","_relevanssi_related_not_related":"","_relevanssi_related_posts":"","_relevanssi_noindex_reason":"","inline_featured_image":false},"pwb-brand":[1079],"product_brand":[],"product_cat":[74,84],"product_tag":[178,2221,2220,2223,2222],"class_list":{"0":"post-4599","1":"product","2":"type-product","3":"status-publish","4":"has-post-thumbnail","6":"pwb-brand-equipo-medico-stryker","7":"product_cat-fuentes-de-luz","8":"product_cat-sistema-de-video-endoscopia","9":"product_tag-stryker","10":"product_tag-stryker-x8000","11":"product_tag-stryker-x8000-light-source","12":"product_tag-x8000","13":"product_tag-x8000-light-source","15":"first","16":"instock","17":"purchasable","18":"product-type-simple"},"acf":[],"brands":[{"id":1079,"name":"Stryker","slug":"equipo-medico-stryker"}],"_links":{"self":[{"href":"https:\/\/www.somatechnology.com\/spanish\/wp-json\/wp\/v2\/product\/4599","targetHints":{"allow":["GET"]}}],"collection":[{"href":"https:\/\/www.somatechnology.com\/spanish\/wp-json\/wp\/v2\/product"}],"about":[{"href":"https:\/\/www.somatechnology.com\/spanish\/wp-json\/wp\/v2\/types\/product"}],"wp:featuredmedia":[{"embeddable":true,"href":"https:\/\/www.somatechnology.com\/spanish\/wp-json\/wp\/v2\/media\/9411"}],"wp:attachment":[{"href":"https:\/\/www.somatechnology.com\/spanish\/wp-json\/wp\/v2\/media?parent=4599"}],"wp:term":[{"taxonomy":"pwb-brand","embeddable":true,"href":"https:\/\/www.somatechnology.com\/spanish\/wp-json\/wp\/v2\/pwb-brand?post=4599"},{"taxonomy":"product_brand","embeddable":true,"href":"https:\/\/www.somatechnology.com\/spanish\/wp-json\/wp\/v2\/product_brand?post=4599"},{"taxonomy":"product_cat","embeddable":true,"href":"https:\/\/www.somatechnology.com\/spanish\/wp-json\/wp\/v2\/product_cat?post=4599"},{"taxonomy":"product_tag","embeddable":true,"href":"https:\/\/www.somatechnology.com\/spanish\/wp-json\/wp\/v2\/product_tag?post=4599"}],"curies":[{"name":"wp","href":"https:\/\/api.w.org\/{rel}","templated":true}]}}