{"id":4619,"date":"2016-07-19T21:33:41","date_gmt":"2016-07-19T21:33:41","guid":{"rendered":"http:\/\/equipomedicocentral.com\/wordpress\/product\/3m-steri-vac-xl\/"},"modified":"2025-06-26T10:40:49","modified_gmt":"2025-06-26T14:40:49","slug":"3m-steri-vac-xl","status":"publish","type":"product","link":"https:\/\/www.somatechnology.com\/spanish\/equipo-medico-usado-remanufacturado\/autoclaves-esterilizadores\/3m-steri-vac-xl\/","title":{"rendered":"3M Steri-Vac XL"},"content":{"rendered":"<h2>3M Steri-Vac XL Esterilizadores<\/h2>\n<p>Autorizado para su uso con endoscopios r\u00edgidos y flexibles de uno o dos canales, sin restricciones en la longitud o el di\u00e1metro interno de los canales del endoscopio. El cartucho Steri-Gas de 3M (100% EO) de un solo uso se perfora solo cuando la puerta de la c\u00e1mara est\u00e1 sellada y se ha creado el vac\u00edo adecuado, lo que garantiza que el gas permanezca de forma segura dentro de la c\u00e1mara. El \u00f3xido de etileno es un agente eficaz y comprobado. esterilizante que ofrece la m\u00e1xima seguridad de que los instrumentos est\u00e9n esterilizado. El \u00f3xido de etileno es un esterilizante eficaz y probado que ofrece la m\u00e1xima seguridad de que los instrumentos est\u00e9n esterilizados. Control de temperatura de tres zonas y un proceso de humidificaci\u00f3n din\u00e1mico, patentado y de \u00faltima generaci\u00f3n que adapta y controla la humedad relativa (RH) de la c\u00e1mara. El \u00f3xido de etileno es suave con los materiales del dispositivo, lo que ayuda a prolongar la vida \u00fatil del dispositivo y reducir la necesidad de costosas reparaciones o reemplazos. Capacidad de la c\u00e1mara (Imperial) 4,8 pies\u00b3, 7,9 pies. Capacidad de la c\u00e1mara (m\u00e9trica) 136 litros, 224 litros. Dimensiones de la c\u00e1mara (alto x ancho x profundidad) (m\u00e9trico) 38,0 \u00d7 43,0 \u00d7 83,0 cm (15,0 \u00d7 17,0 \u00d7 32,5 pulg.), 46,0 \u00d7 51,0 \u00d7 97,0 cm (18,0 \u00d7 20,0 \u00d7 38,0 pulg.) Volumen de la c\u00e1mara 224 L (7,9 pies3), 136 L (4,8 pies3)<\/p>\n","protected":false},"excerpt":{"rendered":"<p>Autorizado para su uso con endoscopios r\u00edgidos y flexibles de uno o dos canales, sin restricciones en la longitud o el di\u00e1metro interno de los canales del endoscopio. El cartucho Steri-Gas de 3M (100% EO) de un solo uso se perfora solo cuando la puerta de la c\u00e1mara est\u00e1 sellada y se ha creado el vac\u00edo adecuado, lo que garantiza que el gas permanezca de forma segura dentro de la c\u00e1mara. El \u00f3xido de etileno es un agente eficaz y comprobado. esterilizante que ofrece la m\u00e1xima seguridad de que los instrumentos est\u00e9n esterilizado.<\/p>\n","protected":false},"featured_media":6056,"template":"","meta":{"_acf_changed":false,"_relevanssi_hide_post":"","_relevanssi_hide_content":"","_relevanssi_pin_for_all":"","_relevanssi_pin_keywords":"","_relevanssi_unpin_keywords":"","_relevanssi_related_keywords":"","_relevanssi_related_include_ids":"","_relevanssi_related_exclude_ids":"","_relevanssi_related_no_append":"","_relevanssi_related_not_related":"","_relevanssi_related_posts":"","_relevanssi_noindex_reason":"","inline_featured_image":false},"pwb-brand":[1158],"product_brand":[],"product_cat":[61],"product_tag":[],"class_list":{"0":"post-4619","1":"product","2":"type-product","3":"status-publish","4":"has-post-thumbnail","6":"pwb-brand-equipo-medico-3m","7":"product_cat-autoclaves-esterilizadores","9":"first","10":"instock","11":"purchasable","12":"product-type-simple"},"acf":[],"brands":[{"id":1158,"name":"3M","slug":"equipo-medico-3m"}],"_links":{"self":[{"href":"https:\/\/www.somatechnology.com\/spanish\/wp-json\/wp\/v2\/product\/4619","targetHints":{"allow":["GET"]}}],"collection":[{"href":"https:\/\/www.somatechnology.com\/spanish\/wp-json\/wp\/v2\/product"}],"about":[{"href":"https:\/\/www.somatechnology.com\/spanish\/wp-json\/wp\/v2\/types\/product"}],"wp:featuredmedia":[{"embeddable":true,"href":"https:\/\/www.somatechnology.com\/spanish\/wp-json\/wp\/v2\/media\/6056"}],"wp:attachment":[{"href":"https:\/\/www.somatechnology.com\/spanish\/wp-json\/wp\/v2\/media?parent=4619"}],"wp:term":[{"taxonomy":"pwb-brand","embeddable":true,"href":"https:\/\/www.somatechnology.com\/spanish\/wp-json\/wp\/v2\/pwb-brand?post=4619"},{"taxonomy":"product_brand","embeddable":true,"href":"https:\/\/www.somatechnology.com\/spanish\/wp-json\/wp\/v2\/product_brand?post=4619"},{"taxonomy":"product_cat","embeddable":true,"href":"https:\/\/www.somatechnology.com\/spanish\/wp-json\/wp\/v2\/product_cat?post=4619"},{"taxonomy":"product_tag","embeddable":true,"href":"https:\/\/www.somatechnology.com\/spanish\/wp-json\/wp\/v2\/product_tag?post=4619"}],"curies":[{"name":"wp","href":"https:\/\/api.w.org\/{rel}","templated":true}]}}