{"id":4647,"date":"2016-07-19T21:34:32","date_gmt":"2016-07-19T21:34:32","guid":{"rendered":"http:\/\/equipomedicocentral.com\/wordpress\/product\/philips-bv-212\/"},"modified":"2023-08-23T06:14:06","modified_gmt":"2023-08-23T10:14:06","slug":"philips-bv-212","status":"publish","type":"product","link":"https:\/\/www.somatechnology.com\/spanish\/equipo-medico-usado-remanufacturado\/imagenologia-radiologia\/arcos-en-c\/philips-bv-212\/","title":{"rendered":"Philips BV 212"},"content":{"rendered":"<h2>Caracter\u00edsticas del Philips BV 212<\/h2>\n<p>Para la fluoroscopia en vivo y la imagen almacenada antes, durante y despu\u00e9s de la cirug\u00eda, la BV 212 tiene la capacidad de almacenar im\u00e1genes para la documentaci\u00f3n de copia impresa en v\u00eddeo. Tambi\u00e9n proporciona documentaci\u00f3n radiogr\u00e1fica cuando se requiere.<\/p>\n<ul>\n<li>Monitor individual<\/li>\n<li>Monitor dual digital 25<\/li>\n<li>Para la fluoroscopia en vivo y la imagen almacenada antes, durante y despu\u00e9s de la cirug\u00eda, la BV 25 tiene la capacidad de almacenar im\u00e1genes para la documentaci\u00f3n de v\u00eddeo en papel. Tambi\u00e9n proporciona documentaci\u00f3n radiogr\u00e1fica cuando se requiere<\/li>\n<\/ul>\n<h2>Especificaci\u00f3n Philips BV 212<\/h2>\n<h3>Fuente de Rayos X<\/h3>\n<ul>\n<li>Generador de la radiograf\u00eda: convertidor-generador de la c.c.<\/li>\n<li>Tubos de rayos X \u2013 puntos focales: \u00e1nodo estacionario de doble foco 0,6 y 1,8.<\/li>\n<\/ul>\n<h3>Sistema de fluoroscopia<\/h3>\n<ul>\n<li>Intensificador de imagen: 15 cm (6 pulg) de alto modelo de absorci\u00f3n cu\u00e1ntica con salida de fibra.<\/li>\n<li>Tubo de la c\u00e1mara de la TV: vidic\u00f3n con la entrada de fibra<\/li>\n<li>Acoplamiento \u00f3ptico entre el intensificador de la imagen y el tubo de la c\u00e1mara de TV: \u00f3ptica de fibra de vidrio.<\/li>\n<li>Fuente de distancia de la imagen: 90 cm.<\/li>\n<li>Control de la tarifa de dosis: control autom\u00e1tico, simult\u00e1neo de kV\/mA con la cerradura y instalaciones manuales de la cancelaci\u00f3n.<\/li>\n<li>Rango kV\/MA: de 0,1 mA a 40 kV a 3 mA a 100 kV.<\/li>\n<li>Punto focal: 0,6. Rejilla: cuadr\u00edcula circular fija 44 l\u00edneas\/cm, cociente 8, SID = 90 cm.<\/li>\n<\/ul>\n<h3>Colimador<\/h3>\n<ul>\n<li>Diafragma de diafragma: diafragma de iris controlado electr\u00f3nicamente, limitado autom\u00e1ticamente al tama\u00f1o del campo de entrada del intensificador de imagen (15 cm 0).<\/li>\n<li>Control remoto y steplessly ajustable a un tama\u00f1o de campo de 5 cm de di\u00e1metro en el campo de entrada intensificador de imagen.<\/li>\n<li>Persianas: dos contraventanas paralelas de 0,5 mm c\u00fabicos, controladas remotamente y regulables de forma stepless para un campo de 1 a 16 cm de ancho en el intensificador de imagen.<\/li>\n<li>Las persianas se pueden girar \u00b1 90 \u00b0; en la posici\u00f3n intermedia, la abertura de la hendidura es perpendicular a la longitud de la cubierta del generador.<\/li>\n<\/ul>\n<h2>Sistema de TV<\/h2>\n<ul>\n<li>XTV 5 50 Hz: 625 l\u00edneas, 60 Hz: 525 l\u00edneas.<\/li>\n<li>Banda: 15 MHz. control: AGC retroalimentaci\u00f3n al sistema de control de tasa de dosis.<\/li>\n<li>Monitor (es) video (s): 51 cm (20 \u00ab) pantalla motorizada, control remoto de rotaci\u00f3n de imagen y revocaci\u00f3n.<\/li>\n<li>La se\u00f1al de salida para el sistema de grabaci\u00f3n: nivel de salida de la se\u00f1al compuesta siempre 1,0 Vp-p positivo a trav\u00e9s de 75 ohmios.<\/li>\n<li>Selecci\u00f3n de campo de medici\u00f3n para adaptar el modo de control a los objetos a examinar: campo de medici\u00f3n peque\u00f1o: 0,3 x di\u00e1metro de la imagen de TV, p.ej. extremidades.<\/li>\n<li>Campo de medici\u00f3n intermedio: 0,5 x di\u00e1metro de la imagen de la TV, e.g. conducto biliar y ves\u00edcula biliar.<\/li>\n<li>El campo de medici\u00f3n se selecciona autom\u00e1ticamente en funci\u00f3n del kV utilizado.<\/li>\n<\/ul>\n<h3>Movimientos del Arco en C<\/h3>\n<ul>\n<li>Ajuste de altura: 50 cm, motorizado.<\/li>\n<li>Movimiento horizontal: 20 cm. escaneo en el plano horizontal: 12 \u00bd \u00b0 a cada lado.<\/li>\n<li>Rotaci\u00f3n del c-brazo: 205 \u00b0 en cualquier direcci\u00f3n.<\/li>\n<li>Movimiento orbital del c-brazo: 115 \u00b0.<\/li>\n<li>La distancia entre el espacio del tubo de radiograf\u00eda y el intensificador de la imagen con el espaciador de 30 cent\u00edmetros: 60 cm.<\/li>\n<\/ul>\n<h3>Radiograf\u00eda<\/h3>\n<ul>\n<li>Corriente del tubo: fijo, 20 mA.<\/li>\n<li>Voltaje del tubo: ajustable en pasos de 5 kilovoltios a partir del 40 a 100 kilovoltios.<\/li>\n<li>Tiempo de exposici\u00f3n: ajustable en pasos de 10 ms a 4,0 s (se visualiza mas).<\/li>\n<li>Foco: 1,8.<\/li>\n<li>Visualizaci\u00f3n del par\u00e1metro de radiograf\u00eda: indicador digital del voltaje del tubo (kV) y del tiempo de exposici\u00f3n\/producto actual (mas).<\/li>\n<li>Colimador: Si el diafragma de iris se ha ajustado a menos de 15 cm durante la fluoroscopia, esto quedar\u00e1 as\u00ed a menos que se cancele.<\/li>\n<li>Los campos circulares de 15 o 24 cm pueden seleccionarse mediante mando a distancia.<\/li>\n<li>Portacasetes rotativo: apto para casetes de cassette y rejillas de 24 x 24 cm.<\/li>\n<li>Rejilla ofrecida: cociente 10,44 Lines\/cm, SID = 90 cm.<\/li>\n<li>Filtraci\u00f3n inherente: 3 mm al a 75 kV.<\/li>\n<li>Factor de la radiaci\u00f3n de la salida: 100 kVdc, 0,06 mA (2160 mas\/HR)<\/li>\n<\/ul>\n<h3>Exactitud de la exhibici\u00f3n<\/h3>\n<ul>\n<li>Fluoroscopia: desviaci\u00f3n \u00b1 6% \u00b1 2KV del voltaje, desviaci\u00f3n actual \u00b1 7% \u00b1 0,02 MA.<\/li>\n<li>Radiograf\u00eda: desviaci\u00f3n \u00b1 10% del voltaje, desviaci\u00f3n actual el \u00b1 10%, desviaci\u00f3n \u00b1 el \u00b1 3%, desviaci\u00f3n de tiempo del producto de mas \u00b1 12% \u00b1 0.04 mAs<\/li>\n<\/ul>\n<h3>Peso<\/h3>\n<ul>\n<li>Soporte del C-brazo: 210 kilogramos.<\/li>\n<li>Carro del monitor excepto el solo monitor de la memoria de la imagen: 131 kilogramos,<\/li>\n<li>Monitores duales: 164 kg.<\/li>\n<\/ul>\n<h3>Suministro de red<\/h3>\n<ul>\n<li>Voltaje: 110\/120\/127\/190\/208\/220\/240<\/li>\n<li>V monof\u00e1sica, \u00b1 10%.<\/li>\n<li>Frecuencia: 50\/60 Hz.<\/li>\n<li>Corriente de la salida de la tierra: menos que 100 \u00b5A<\/li>\n<\/ul>\n","protected":false},"excerpt":{"rendered":"<p>Arco en C M\u00f3vil<\/p>\n","protected":false},"featured_media":4648,"template":"","meta":{"_acf_changed":false,"_relevanssi_hide_post":"","_relevanssi_hide_content":"","_relevanssi_pin_for_all":"","_relevanssi_pin_keywords":"","_relevanssi_unpin_keywords":"","_relevanssi_related_keywords":"","_relevanssi_related_include_ids":"","_relevanssi_related_exclude_ids":"","_relevanssi_related_no_append":"","_relevanssi_related_not_related":"","_relevanssi_related_posts":"","_relevanssi_noindex_reason":"","inline_featured_image":false},"pwb-brand":[1102],"product_brand":[],"product_cat":[66],"product_tag":[4008,4580,4579,4582,4581],"class_list":{"0":"post-4647","1":"product","2":"type-product","3":"status-publish","4":"has-post-thumbnail","6":"pwb-brand-equipo-medico-philips","7":"product_cat-arcos-en-c","8":"product_tag-arcos-en-c","9":"product_tag-arcos-en-c-philips","10":"product_tag-philips-arcos-en-c","11":"product_tag-philips-bv-212-arcos-en-c","12":"product_tag-philips-bv-arcos-en-c","14":"first","15":"instock","16":"purchasable","17":"product-type-simple"},"acf":[],"brands":[{"id":1102,"name":"Philips","slug":"equipo-medico-philips"}],"_links":{"self":[{"href":"https:\/\/www.somatechnology.com\/spanish\/wp-json\/wp\/v2\/product\/4647","targetHints":{"allow":["GET"]}}],"collection":[{"href":"https:\/\/www.somatechnology.com\/spanish\/wp-json\/wp\/v2\/product"}],"about":[{"href":"https:\/\/www.somatechnology.com\/spanish\/wp-json\/wp\/v2\/types\/product"}],"wp:featuredmedia":[{"embeddable":true,"href":"https:\/\/www.somatechnology.com\/spanish\/wp-json\/wp\/v2\/media\/4648"}],"wp:attachment":[{"href":"https:\/\/www.somatechnology.com\/spanish\/wp-json\/wp\/v2\/media?parent=4647"}],"wp:term":[{"taxonomy":"pwb-brand","embeddable":true,"href":"https:\/\/www.somatechnology.com\/spanish\/wp-json\/wp\/v2\/pwb-brand?post=4647"},{"taxonomy":"product_brand","embeddable":true,"href":"https:\/\/www.somatechnology.com\/spanish\/wp-json\/wp\/v2\/product_brand?post=4647"},{"taxonomy":"product_cat","embeddable":true,"href":"https:\/\/www.somatechnology.com\/spanish\/wp-json\/wp\/v2\/product_cat?post=4647"},{"taxonomy":"product_tag","embeddable":true,"href":"https:\/\/www.somatechnology.com\/spanish\/wp-json\/wp\/v2\/product_tag?post=4647"}],"curies":[{"name":"wp","href":"https:\/\/api.w.org\/{rel}","templated":true}]}}