{"id":4664,"date":"2016-07-19T21:35:30","date_gmt":"2016-07-19T21:35:30","guid":{"rendered":"http:\/\/equipomedicocentral.com\/wordpress\/product\/welch-allyn-mrl-pic\/"},"modified":"2023-08-23T06:14:20","modified_gmt":"2023-08-23T10:14:20","slug":"welch-allyn-mrl-pic","status":"publish","type":"product","link":"https:\/\/www.somatechnology.com\/spanish\/equipo-medico-usado-remanufacturado\/desfibriladores-medicos\/desfibriladores\/welch-allyn-mrl-pic\/","title":{"rendered":"Welch Allyn MRL PIC 50"},"content":{"rendered":"<h2>Caracter\u00edsticas Welch Allyn MRLPIC 50<\/h2>\n<p>El nuevo sistema de la PIC 50 de Welch Allyn, es el monitor\/el desfibrilador\/el Pacer m\u00e1s innovadores, confiables disponibles. Los controles y men\u00fas del Welch Allyn PIC 50 son f\u00e1ciles de usar.<\/p>\n<p>El PIC 50 tambi\u00e9n es actualizable. Aumentar el potencial de tratamiento y el valor de compra sin aumentar el tama\u00f1o y el peso f\u00edsico de la unidad. Este producto viene con m\u00faltiples configuraciones. P\u00f3ngase en contacto con nosotros para encontrar el producto que mejor se adapte a sus necesidades.<\/p>\n<h3>Caracter\u00edsticas<\/h3>\n<ul>\n<li>El desfibrilador m\u00e1s ligero (10 lbs) con la mayor\u00eda de las opciones de monitoreo disponibles.<\/li>\n<li>Unidad de transporte robusta dise\u00f1ada para el cuidado cr\u00edtico fuera del hospital y para los usuarios del hospital.<\/li>\n<li>Adaptadores pedi\u00e1tricos y opciones de alimentaci\u00f3n adquiridas por separado.<\/li>\n<li>Dise\u00f1o innovador para permitir configuraciones personalizadas y futuras actualizaciones a medida que las necesidades cambian.<\/li>\n<li>Operaci\u00f3n muy simple con controles dedicados para el monitor, desfibrilador, estimulaci\u00f3n y tratamiento Resumen.<\/li>\n<\/ul>\n<h3>Est\u00e1ndar<\/h3>\n<ul>\n<li>ECG<\/li>\n<li>Defib<\/li>\n<li>Resp<\/li>\n<li>SpO2<\/li>\n<\/ul>\n<h3>Opciones<\/h3>\n<ul>\n<li>12-derivaciones con la interpretaci\u00f3n<\/li>\n<li>Pacer<\/li>\n<li>Aed<\/li>\n<li>Nibp<\/li>\n<li>2 x IBP<\/li>\n<li>Temp<\/li>\n<li>Co2<\/li>\n<li>Opciones de comunicaci\u00f3n sofisticadas<\/li>\n<\/ul>\n<h2>Especificaciones de Welch Allyn MRLPIC 50<\/h2>\n<h3>Desfibrilador<\/h3>\n<ul>\n<li>Bif\u00e1sico: baja corriente, impedancia compensada, optimizaci\u00f3n de la corriente de terminaci\u00f3n, bif\u00e1sico truncado exponencial<\/li>\n<li>Energ\u00eda selecta:<\/li>\n<li>External: 2, 5, 7, 10, 20, 30, 50, 70, 100, 150, 200, 300, 360 J<\/li>\n<li>Interno: 2, 3, 4, 5, 6, 7, 8, 9, 10, 15, 20, 30, 50 J<\/li>\n<li>Tiempo de la carga: &lt; 10 seconds @ 360 J (t\u00edpico)<\/li>\n<li>Indicador de carga: audible y gr\u00e1fica.<\/li>\n<li>Salida: paletas adultas, paletas internas, adaptador del Pediatr\u00eda y adaptador manos-libre multiusos disponible.<\/li>\n<li>Sincronizador: entrega energ\u00eda dentro de 60 milisegundos.<\/li>\n<li>Desarme el interruptor del panel frontal.<\/li>\n<\/ul>\n<h3>Monitor\/pantalla<\/h3>\n<ul>\n<li>Entrada: PIC 3-Lead: cable del paciente 3-Lead o 5-Lead, paletas, o adaptador manos-libre multiusos. 12-pic del derivaciones: cable de 3 derivacioness, 12 derivaciones del paciente, paletas o adaptador manos-libre multiusos.<\/li>\n<li>Tama\u00f1o: la diagonal de 6,5 inch (16,5 cm), no-se descolora.<\/li>\n<li>Tipo: pantalla TFT de color Active Matrix<\/li>\n<li>Resoluci\u00f3n de la exhibici\u00f3n: 640 x 480 pixeles.<\/li>\n<li>Velocidad de barrido: 25 mm\/seg.<\/li>\n<li>Selecciones del derivaciones: paletas (cojines), I, II, III, AVR, AVL, AVF, V.<\/li>\n<li>Respuesta de frecuencia: (seleccionable por el usuario). 2 a 20 Hz modo limitado, 1 a 40 Hz modo de monitor, 0,05 a 40 Hz Limited<\/li>\n<li>Modo de diagn\u00f3stico: 0,05 a 150 Hz modo de diagn\u00f3stico (autom\u00e1ticamente establece la respuesta del registrador gr\u00e1fico)<\/li>\n<li>Rechazamiento com\u00fan del modo: 90dB (se conforma con la secci\u00f3n 3.2.9.10 de AAMI EC13-1992.)<\/li>\n<li>Medidor de ritmo card\u00edaco: 20 a 300 BPM.<\/li>\n<li>Alarmas de ritmo card\u00edaco: seleccionables por el usuario.<\/li>\n<li>Tama\u00f1o: 0,125, 0,25, 0,5, 1, 2, 4 cm\/mV y auto-dimensionamiento.<\/li>\n<li>ECG: 1 V\/MV<\/li>\n<\/ul>\n<h3>Impresora<\/h3>\n<ul>\n<li>Tipo: arreglo t\u00e9rmico de alta resoluci\u00f3n.<\/li>\n<li>Anotaci\u00f3n: tiempo, fecha, plomo ECG, aumento de ECG, ritmo card\u00edaco, desfibrilaci\u00f3n y par\u00e1metros de estimulaci\u00f3n y res\u00famenes de tratamiento eventos de ACL.<\/li>\n<li>Ancho de papel: 50 mm.<\/li>\n<li>Velocidad de papel: 25 mm\/seg<\/li>\n<li>Demora: 6 segundos<\/li>\n<li>Respuesta de frecuencia: se ajusta autom\u00e1ticamente a la respuesta de frecuencia del monitor.<\/li>\n<li>Resumen del tratamiento: 7 interruptores para registrar los eventos de las ACL clave (IV, INTUB, EPI, Lido, ATROP, etc.).<\/li>\n<li>Registra autom\u00e1ticamente en memoria el tipo de acontecimiento, de la hora y de la muestra de ECG.<\/li>\n<li>Registro de Resumen de TX: eventos de 60 ECG o eventos de 4000 no-ECG.<\/li>\n<\/ul>\n<h3>Bater\u00eda<\/h3>\n<ul>\n<li>Tipo de alta capacidad: NiMH de 12 voltios \u2013 Welch Allyn SuperPac &#x2122;.<\/li>\n<li>Indicador de bater\u00eda baja: icono de bater\u00eda baja intermitente en la pantalla.<\/li>\n<li>M\u00faltiples contactos emparejados: asegura una inserci\u00f3n r\u00e1pida, sin errores y confiabilidad de backup.<\/li>\n<li>Tarifa de la recarga: 80% en 7,5 horas, 100% en 9,5 horas. (para bater\u00edas de alta capacidad)<\/li>\n<\/ul>\n<h3>Informaci\u00f3n General<\/h3>\n<ul>\n<li>Peso: 10 libras; 4,5 kg (configuraci\u00f3n b\u00e1sica).<\/li>\n<li>Tama\u00f1o: 12,5 \u00d7 12,5 \u00d7 5,3 pulgadas (32 \u00d7 32 \u00d7 13 cm)<\/li>\n<li>Funcionamiento: 2,0 horas de ECG continuo, de SpO2, de CO2, y de la supervisi\u00f3n de BP o de choques 120 en 360Joules (t\u00edpico)<\/li>\n<li>Los tiempos de funcionamiento reales var\u00edan seg\u00fan la condici\u00f3n de la bater\u00eda y el n\u00famero de opciones adicionales activadas.<\/li>\n<li>Temperatura *: 0 a 45 \u00b0 C<\/li>\n<li>Humedad * (NC): 15 a 95% RH<\/li>\n<li>Vibraci\u00f3n *: MIL-STD 810E<\/li>\n<li>Shock\/Drop *: MIL-STD 810E<\/li>\n<li>Altitud: hasta 15.000 pies<\/li>\n<li>Transporte y almacenamiento: temperatura (-30 a 70 \u00b0 c), humedad (15 a 95% sin condensaci\u00f3n), presi\u00f3n atmosf\u00e9rica (860 a 1060 hPa), choque\/vibraci\u00f3n (ISTA 1A)<\/li>\n<li>Objeto extra\u00f1o s\u00f3lido: IEC 529, IP2X<\/li>\n<li>Agua: IEC 529, IPX4.<\/li>\n<\/ul>\n<p>* Todas las pruebas realizadas por AAMI DF-2 desfibrilaci\u00f3n est\u00e1ndar<\/p>\n<h3>Ox\u00edmetro de pulso<\/h3>\n<ul>\n<li>Gama de la medida: 31 a 99%<\/li>\n<li>Rango de frecuencia card\u00edaca: 30 a 250 BPM \u00b1 5% o 5 BPM lo que sea menor.<\/li>\n<li>Precisi\u00f3n: 81-99% = \u00b1 2%, 70-80% = 3%, 0-69% no especificado.<\/li>\n<li>Per\u00edodo de actualizaci\u00f3n: cada pulso despu\u00e9s de 4 pulsos v\u00e1lidos.<\/li>\n<li>L\u00edmites de alarma: 60 l\u00edmites inferiores, 70 l\u00edmites superiores a 99%.<\/li>\n<\/ul>\n","protected":false},"excerpt":{"rendered":"<p>Desfibrilador<\/p>\n","protected":false},"featured_media":23536,"template":"","meta":{"_acf_changed":false,"_relevanssi_hide_post":"","_relevanssi_hide_content":"","_relevanssi_pin_for_all":"","_relevanssi_pin_keywords":"","_relevanssi_unpin_keywords":"","_relevanssi_related_keywords":"","_relevanssi_related_include_ids":"","_relevanssi_related_exclude_ids":"","_relevanssi_related_no_append":"","_relevanssi_related_not_related":"","_relevanssi_related_posts":"","_relevanssi_noindex_reason":"","inline_featured_image":false},"pwb-brand":[1101],"product_brand":[],"product_cat":[97,4765],"product_tag":[5350,1242,5391,5393,5395,5392,5394],"class_list":{"0":"post-4664","1":"product","2":"type-product","3":"status-publish","4":"has-post-thumbnail","6":"pwb-brand-equipo-medico-welch-allyn","7":"product_cat-desfibriladores","8":"product_cat-desfibriladores-portatiles","9":"product_tag-desfibriladores","10":"product_tag-welch-allyn","11":"product_tag-welch-allyn-desfibriladores","12":"product_tag-welch-allyn-mrl-pic-50","13":"product_tag-welch-allyn-mrl-pic-50-desfibriladores","14":"product_tag-welch-allyn-mrlpic-50","15":"product_tag-welch-allyn-mrlpic-50-desfibriladores","17":"first","18":"instock","19":"purchasable","20":"product-type-simple"},"acf":[],"brands":[{"id":1101,"name":"Welch Allyn","slug":"equipo-medico-welch-allyn"}],"_links":{"self":[{"href":"https:\/\/www.somatechnology.com\/spanish\/wp-json\/wp\/v2\/product\/4664","targetHints":{"allow":["GET"]}}],"collection":[{"href":"https:\/\/www.somatechnology.com\/spanish\/wp-json\/wp\/v2\/product"}],"about":[{"href":"https:\/\/www.somatechnology.com\/spanish\/wp-json\/wp\/v2\/types\/product"}],"wp:featuredmedia":[{"embeddable":true,"href":"https:\/\/www.somatechnology.com\/spanish\/wp-json\/wp\/v2\/media\/23536"}],"wp:attachment":[{"href":"https:\/\/www.somatechnology.com\/spanish\/wp-json\/wp\/v2\/media?parent=4664"}],"wp:term":[{"taxonomy":"pwb-brand","embeddable":true,"href":"https:\/\/www.somatechnology.com\/spanish\/wp-json\/wp\/v2\/pwb-brand?post=4664"},{"taxonomy":"product_brand","embeddable":true,"href":"https:\/\/www.somatechnology.com\/spanish\/wp-json\/wp\/v2\/product_brand?post=4664"},{"taxonomy":"product_cat","embeddable":true,"href":"https:\/\/www.somatechnology.com\/spanish\/wp-json\/wp\/v2\/product_cat?post=4664"},{"taxonomy":"product_tag","embeddable":true,"href":"https:\/\/www.somatechnology.com\/spanish\/wp-json\/wp\/v2\/product_tag?post=4664"}],"curies":[{"name":"wp","href":"https:\/\/api.w.org\/{rel}","templated":true}]}}