{"id":4679,"date":"2016-07-19T21:36:27","date_gmt":"2016-07-19T21:36:27","guid":{"rendered":"http:\/\/equipomedicocentral.com\/wordpress\/product\/cmp-dsw3ae\/"},"modified":"2025-12-11T02:29:10","modified_gmt":"2025-12-11T07:29:10","slug":"cmp-dsw3ae","status":"publish","type":"product","link":"https:\/\/www.somatechnology.com\/spanish\/equipo-medico-usado-remanufacturado\/calentador-de-mantas\/cmp-dsw3ae\/","title":{"rendered":"CMP DSW3AE"},"content":{"rendered":"<div class=\"wpb-content-wrapper\"><p>[vc_row][vc_column][vc_column_text css=\u00bb\u00bb]<\/p>\n<h2><strong>CMP DSW3AE Blanket Warmer (Gabinete de mesa)<\/strong><\/h2>\n<p>El gabinete de calentamiento contiene un sistema de control por microprocesador con una pantalla digital. Los componentes deben incluir control de temperatura termost\u00e1tica, interruptor de encendido del balanc\u00edn encendido, protecci\u00f3n de cortacircuitos de 15 amperes, l\u00e1mpara indicadora de calor, ventilador de circulaci\u00f3n de aire continuo, bot\u00f3n de conversi\u00f3n Fahrenheit \/ Celsius, termostato de corte de l\u00edmite alto de 180 grados para protecci\u00f3n contra sobre temperatura con luz de advertencia roja y zumbador de alarma audible. Todos los controles e indicadores operativos deben ser funcionales y visibles desde el exterior del gabinete. Todos los ajustes y l\u00edmites de temperatura se pueden personalizar utilizando los botones en el panel de control frontal. Los usuarios pueden ajustar el punto de ajuste de alarma l\u00edmite, el punto de ajuste de alarma delta, el punto de ajuste de rango bajo y el punto de ajuste de rango alto. Una caracter\u00edstica de bloqueo es est\u00e1ndar y se puede habilitar para evitar cualquier ajuste a la configuraci\u00f3n actual. Se puede proporcionar un puerto USB opcional en el panel de control frontal para acceder f\u00e1cilmente a los datos del historial de temperatura utilizando una unidad flash USB.<\/p>\n<ul>\n<li>Construcci\u00f3n de acero inoxidable<\/li>\n<li>Compartimientos calentados el\u00e9ctricos<\/li>\n<li>Sistema de control por microprocesador<\/li>\n<li>Rango de temperatura de 80 a 180 \u00b0 F<\/li>\n<li>L. Listado<\/li>\n<li>C\u00e1maras controladas por separados<\/li>\n<\/ul>\n<h3>Dimensiones<\/h3>\n<ul>\n<li>Calor de un solo compartimento<\/li>\n<li>30 \u00abde ancho x 21\u00bb o 27 \u00abde profundidad x 26\u00bb de alto (dimensiones exteriores)<\/li>\n<li>39 pies c\u00fabicos pies (21 \u00abde profundidad) y 4.71 pies c\u00fabicos pies (27 \u00abde profundidad)<\/li>\n<li>Disponible 18 \u00abo 24\u00bb de ancho x 21 \u00abde profundidad x 26\u00bb de alto<\/li>\n<li>86 pies c\u00fabicos pies (18 \u00abde ancho) y 2.63 pies c\u00fabicos pies (24 \u00abde ancho)<\/li>\n<\/ul>\n<p>[\/vc_column_text][\/vc_column][\/vc_row]<\/p>\n<\/div>","protected":false},"excerpt":{"rendered":"<p>Tabletop Calentador de Mantas<\/p>\n","protected":false},"featured_media":7854,"template":"","meta":{"_acf_changed":false,"_relevanssi_hide_post":"","_relevanssi_hide_content":"","_relevanssi_pin_for_all":"","_relevanssi_pin_keywords":"","_relevanssi_unpin_keywords":"","_relevanssi_related_keywords":"","_relevanssi_related_include_ids":"","_relevanssi_related_exclude_ids":"","_relevanssi_related_no_append":"","_relevanssi_related_not_related":"","_relevanssi_related_posts":"","_relevanssi_noindex_reason":"","inline_featured_image":false},"pwb-brand":[1166],"product_brand":[],"product_cat":[83,7029],"product_tag":[320,332,337,409,412,413,414,401],"class_list":{"0":"post-4679","1":"product","2":"type-product","3":"status-publish","4":"has-post-thumbnail","6":"pwb-brand-calentador-de-mantas-cmp","7":"product_cat-calentador-de-mantas","8":"product_cat-calentadores","9":"product_tag-blanket-warmer","10":"product_tag-calentador","11":"product_tag-calentador-de-mantas","12":"product_tag-cmp","13":"product_tag-cmp-dsw","14":"product_tag-cmp-dsw3ae","15":"product_tag-dsw3ae","16":"product_tag-warming-cabinet","18":"first","19":"instock","20":"purchasable","21":"product-type-simple"},"acf":[],"brands":[{"id":1166,"name":"CMP","slug":"calentador-de-mantas-cmp"}],"_links":{"self":[{"href":"https:\/\/www.somatechnology.com\/spanish\/wp-json\/wp\/v2\/product\/4679","targetHints":{"allow":["GET"]}}],"collection":[{"href":"https:\/\/www.somatechnology.com\/spanish\/wp-json\/wp\/v2\/product"}],"about":[{"href":"https:\/\/www.somatechnology.com\/spanish\/wp-json\/wp\/v2\/types\/product"}],"wp:featuredmedia":[{"embeddable":true,"href":"https:\/\/www.somatechnology.com\/spanish\/wp-json\/wp\/v2\/media\/7854"}],"wp:attachment":[{"href":"https:\/\/www.somatechnology.com\/spanish\/wp-json\/wp\/v2\/media?parent=4679"}],"wp:term":[{"taxonomy":"pwb-brand","embeddable":true,"href":"https:\/\/www.somatechnology.com\/spanish\/wp-json\/wp\/v2\/pwb-brand?post=4679"},{"taxonomy":"product_brand","embeddable":true,"href":"https:\/\/www.somatechnology.com\/spanish\/wp-json\/wp\/v2\/product_brand?post=4679"},{"taxonomy":"product_cat","embeddable":true,"href":"https:\/\/www.somatechnology.com\/spanish\/wp-json\/wp\/v2\/product_cat?post=4679"},{"taxonomy":"product_tag","embeddable":true,"href":"https:\/\/www.somatechnology.com\/spanish\/wp-json\/wp\/v2\/product_tag?post=4679"}],"curies":[{"name":"wp","href":"https:\/\/api.w.org\/{rel}","templated":true}]}}