{"id":4681,"date":"2016-07-19T21:36:27","date_gmt":"2016-07-19T21:36:27","guid":{"rendered":"http:\/\/equipomedicocentral.com\/wordpress\/product\/cmp-dsw2ae-1\/"},"modified":"2025-12-11T04:31:55","modified_gmt":"2025-12-11T09:31:55","slug":"cmp-dsw2ae","status":"publish","type":"product","link":"https:\/\/www.somatechnology.com\/spanish\/equipo-medico-usado-remanufacturado\/calentador-de-mantas\/cmp-dsw2ae\/","title":{"rendered":"CMP DSW2AE"},"content":{"rendered":"<div class=\"wpb-content-wrapper\"><p>[vc_row][vc_column][vc_column_text css=\u00bb\u00bb]<\/p>\n<h2><strong>CMP DSW2AE <\/strong><\/h2>\n<p>Los gabinetes de calentamiento CMP mantienen temperaturas ideales para mantas, botellas de soluci\u00f3n y bolsas. CMP ha estado construyendo gabinetes de calentamiento de alta calidad durante m\u00e1s de 50 a\u00f1os y se ha convertido en el est\u00e1ndar de la industria para el almacenamiento de soluciones y mantas de hospitales y salas de emergencia. Los gabinetes calentadores de acero inoxidable de CMP se pueden encontrar en casi todos los hospitales de los EE. UU. Y se pueden configurar para sus requisitos \u00fanicos.<\/p>\n<ul>\n<li>Compartimiento simple o doble en varios tama\u00f1os<\/li>\n<li>Construcci\u00f3n de acero inoxidable<\/li>\n<li>Sistema de control por microprocesador<\/li>\n<li>Indicadores de pantalla digital<\/li>\n<li>Escala de temperatura Fahrenheit o Celsius<\/li>\n<\/ul>\n<p>[\/vc_column_text][\/vc_column][\/vc_row]<\/p>\n<\/div>","protected":false},"excerpt":{"rendered":"<p>Full Size Calentador de Mantas<\/p>\n","protected":false},"featured_media":7850,"template":"","meta":{"_acf_changed":false,"_relevanssi_hide_post":"","_relevanssi_hide_content":"","_relevanssi_pin_for_all":"","_relevanssi_pin_keywords":"","_relevanssi_unpin_keywords":"","_relevanssi_related_keywords":"","_relevanssi_related_include_ids":"","_relevanssi_related_exclude_ids":"","_relevanssi_related_no_append":"","_relevanssi_related_not_related":"","_relevanssi_related_posts":"","_relevanssi_noindex_reason":"","inline_featured_image":false},"pwb-brand":[1166],"product_brand":[],"product_cat":[83,7029],"product_tag":[320,332,337,409,412,410,411,401],"class_list":{"0":"post-4681","1":"product","2":"type-product","3":"status-publish","4":"has-post-thumbnail","6":"pwb-brand-calentador-de-mantas-cmp","7":"product_cat-calentador-de-mantas","8":"product_cat-calentadores","9":"product_tag-blanket-warmer","10":"product_tag-calentador","11":"product_tag-calentador-de-mantas","12":"product_tag-cmp","13":"product_tag-cmp-dsw","14":"product_tag-cmp-dsw2ae","15":"product_tag-dsw2ae","16":"product_tag-warming-cabinet","18":"first","19":"instock","20":"purchasable","21":"product-type-simple"},"acf":[],"brands":[{"id":1166,"name":"CMP","slug":"calentador-de-mantas-cmp"}],"_links":{"self":[{"href":"https:\/\/www.somatechnology.com\/spanish\/wp-json\/wp\/v2\/product\/4681","targetHints":{"allow":["GET"]}}],"collection":[{"href":"https:\/\/www.somatechnology.com\/spanish\/wp-json\/wp\/v2\/product"}],"about":[{"href":"https:\/\/www.somatechnology.com\/spanish\/wp-json\/wp\/v2\/types\/product"}],"wp:featuredmedia":[{"embeddable":true,"href":"https:\/\/www.somatechnology.com\/spanish\/wp-json\/wp\/v2\/media\/7850"}],"wp:attachment":[{"href":"https:\/\/www.somatechnology.com\/spanish\/wp-json\/wp\/v2\/media?parent=4681"}],"wp:term":[{"taxonomy":"pwb-brand","embeddable":true,"href":"https:\/\/www.somatechnology.com\/spanish\/wp-json\/wp\/v2\/pwb-brand?post=4681"},{"taxonomy":"product_brand","embeddable":true,"href":"https:\/\/www.somatechnology.com\/spanish\/wp-json\/wp\/v2\/product_brand?post=4681"},{"taxonomy":"product_cat","embeddable":true,"href":"https:\/\/www.somatechnology.com\/spanish\/wp-json\/wp\/v2\/product_cat?post=4681"},{"taxonomy":"product_tag","embeddable":true,"href":"https:\/\/www.somatechnology.com\/spanish\/wp-json\/wp\/v2\/product_tag?post=4681"}],"curies":[{"name":"wp","href":"https:\/\/api.w.org\/{rel}","templated":true}]}}