{"id":4687,"date":"2016-07-19T21:36:27","date_gmt":"2016-07-19T21:36:27","guid":{"rendered":"http:\/\/equipomedicocentral.com\/wordpress\/product\/blickman-7921\/"},"modified":"2025-12-11T02:11:47","modified_gmt":"2025-12-11T07:11:47","slug":"blickman-7921","status":"publish","type":"product","link":"https:\/\/www.somatechnology.com\/spanish\/equipo-medico-usado-remanufacturado\/calentador-de-fluidos\/blickman-7921\/","title":{"rendered":"Blickman 7921"},"content":{"rendered":"<div class=\"wpb-content-wrapper\"><p>[vc_row][vc_column][vc_column_text css=\u00bb\u00bb]<\/p>\n<h2><strong>Blickman 7921<\/strong><\/h2>\n<p>Los gabinetes de calentamiento de una sola puerta modelo 7921 (puerta de vidrio macizo) (calentadores de manta) tienen una altura de 74-1 \/ 2 \u00abe ideales para calentar frazadas o soluciones. Un dise\u00f1o de estante abierto y ajustable aumenta la flexibilidad y el uso ampliado. Los controles f\u00e1ciles de usar para configurar la temperatura interna del gabinete de calentamiento est\u00e1n convenientemente ubicados sobre la puerta. Cada unidad de armario calentador viene de serie con ruedas integradas para facilitar la movilidad<\/p>\n<h3>Dimensiones<\/h3>\n<ul>\n<li>30\u201d W x 26-5\/8\u201d D x 74-1\/2\u201d H<\/li>\n<\/ul>\n<h3>Gavetas<\/h3>\n<ul>\n<li>3<\/li>\n<\/ul>\n<h3>Ampere<\/h3>\n<ul>\n<li>5<\/li>\n<\/ul>\n<h3>Potencia total<\/h3>\n<ul>\n<li>750 W<\/li>\n<\/ul>\n<p>[\/vc_column_text][\/vc_column][\/vc_row]<\/p>\n<\/div>","protected":false},"excerpt":{"rendered":"<p>Full Size Calentador de Mantas<\/p>\n","protected":false},"featured_media":7845,"template":"","meta":{"_acf_changed":false,"_relevanssi_hide_post":"","_relevanssi_hide_content":"","_relevanssi_pin_for_all":"","_relevanssi_pin_keywords":"","_relevanssi_unpin_keywords":"","_relevanssi_related_keywords":"","_relevanssi_related_include_ids":"","_relevanssi_related_exclude_ids":"","_relevanssi_related_no_append":"","_relevanssi_related_not_related":"","_relevanssi_related_posts":"","_relevanssi_noindex_reason":"","inline_featured_image":false},"pwb-brand":[1167],"product_brand":[],"product_cat":[912,83,7029],"product_tag":[404,320,402,403,332,337,401],"class_list":{"0":"post-4687","1":"product","2":"type-product","3":"status-publish","4":"has-post-thumbnail","6":"pwb-brand-calentadores-blickman","7":"product_cat-calentador-de-fluidos","8":"product_cat-calentador-de-mantas","9":"product_cat-calentadores","10":"product_tag-404","11":"product_tag-blanket-warmer","12":"product_tag-blickman","13":"product_tag-blickman-7921","14":"product_tag-calentador","15":"product_tag-calentador-de-mantas","16":"product_tag-warming-cabinet","18":"first","19":"instock","20":"purchasable","21":"product-type-simple"},"acf":[],"brands":[{"id":1167,"name":"Blickman","slug":"calentadores-blickman"}],"_links":{"self":[{"href":"https:\/\/www.somatechnology.com\/spanish\/wp-json\/wp\/v2\/product\/4687","targetHints":{"allow":["GET"]}}],"collection":[{"href":"https:\/\/www.somatechnology.com\/spanish\/wp-json\/wp\/v2\/product"}],"about":[{"href":"https:\/\/www.somatechnology.com\/spanish\/wp-json\/wp\/v2\/types\/product"}],"wp:featuredmedia":[{"embeddable":true,"href":"https:\/\/www.somatechnology.com\/spanish\/wp-json\/wp\/v2\/media\/7845"}],"wp:attachment":[{"href":"https:\/\/www.somatechnology.com\/spanish\/wp-json\/wp\/v2\/media?parent=4687"}],"wp:term":[{"taxonomy":"pwb-brand","embeddable":true,"href":"https:\/\/www.somatechnology.com\/spanish\/wp-json\/wp\/v2\/pwb-brand?post=4687"},{"taxonomy":"product_brand","embeddable":true,"href":"https:\/\/www.somatechnology.com\/spanish\/wp-json\/wp\/v2\/product_brand?post=4687"},{"taxonomy":"product_cat","embeddable":true,"href":"https:\/\/www.somatechnology.com\/spanish\/wp-json\/wp\/v2\/product_cat?post=4687"},{"taxonomy":"product_tag","embeddable":true,"href":"https:\/\/www.somatechnology.com\/spanish\/wp-json\/wp\/v2\/product_tag?post=4687"}],"curies":[{"name":"wp","href":"https:\/\/api.w.org\/{rel}","templated":true}]}}