{"id":4706,"date":"2016-07-19T21:37:20","date_gmt":"2016-07-19T21:37:20","guid":{"rendered":"http:\/\/equipomedicocentral.com\/wordpress\/product\/medrad-9500-monitor\/"},"modified":"2023-08-23T06:15:10","modified_gmt":"2023-08-23T10:15:10","slug":"medrad-950","status":"publish","type":"product","link":"https:\/\/www.somatechnology.com\/spanish\/equipo-medico-usado-remanufacturado\/monitores-de-signos-vitales\/monitores-multiparametros\/medrad-950\/","title":{"rendered":"Medrad 9500 Monitor"},"content":{"rendered":"<h2>Caracter\u00edsticas Medrad 9500<\/h2>\n<p>Uno de los \u00fanicos dispositivos de monitoreo en el mercado de MRI que utiliza fibra \u00f3ptica tanto en sus sistemas electrocardiogramas como en los sensores de oximetr\u00eda de pulso para eliminar el riesgo de lesiones del paciente debido a la quemadura por RF. Dise\u00f1ado espec\u00edficamente para el ambiente de Mr, el <strong>9500<\/strong> utiliza un m\u00f3dulo \u00fanico que convierte el ECG del paciente de electr\u00f3nico a la forma de se\u00f1al de fibra \u00f3ptica para la sincronizaci\u00f3n confiable, eficiente.<\/p>\n<ul>\n<li>La tecnolog\u00eda de fibra \u00f3ptica asegura la m\u00e1s alta calidad ECG y la se\u00f1al SpO2 eliminando la posibilidad de interferencia del gradiente<\/li>\n<li>Cable de fibra \u00f3ptica para ECG, as\u00ed como la oximetr\u00eda de pulso elimina la causa principal de lesiones por quemaduras<\/li>\n<li>Portable, capaz de moverse con el paciente dentro y fuera del \u00e1rea del explorador, asegurando la supervisi\u00f3n continua dondequiera en el hospital o la cl\u00ednica<\/li>\n<li>Dise\u00f1o modular, le permite actualizar sus capacidades de monitoreo.<\/li>\n<li>Standard Configuration<br \/>\nOximetr\u00eda de pulso<\/li>\n<li>Nibp<\/li>\n<li>Monitorizaci\u00f3n ECG<\/li>\n<li>Sensor (uno incluido con el sistema de base):<\/li>\n<li>\u2013 Pediatric Toe Clip<\/li>\n<li>\u2013 Universal Y Tip<\/li>\n<li>\u2013 Finger \/ Toe Clip<\/li>\n<li>Instrument Stand<\/li>\n<li>Configuraci\u00f3n opcional<strong><br \/>\n<\/strong>Co2<\/li>\n<\/ul>\n<h2 dir=\"ltr\" data-placeholder=\"Translation\"><span lang=\"es\">Especificaciones\u00a0<\/span>Medrad 9500<\/h2>\n<h3>Monitor<\/h3>\n<ul>\n<li>Pantalla principal: pantalla electroluminiscente. Resoluci\u00f3n = 640 x 200.<\/li>\n<li>Indicadores LED retroiluminado: \u00e1rea de visualizaci\u00f3n = aprox. 19.5 cm x 12.2 cm (7.68 en x 4.8 pulg). Alarma \u2013 alerta \u2013 carga \u2013 respiraci\u00f3n<\/li>\n<\/ul>\n<h3>Voltaje<\/h3>\n<ul>\n<li>Entrada de CA: 100\/115\/230 VAC, 50\/60 Hz<\/li>\n<\/ul>\n<h3>Dimensiones<\/h3>\n<ul>\n<li>Peso: 17,20 kg (38 lbs.).<\/li>\n<li>Profundidad: 34,24 cm (13,375 pulg).<\/li>\n<li>Altura: 21,6 cm (8,5 pulg).<\/li>\n<li>Anchura: 47.68 cm (18.625 in)<\/li>\n<\/ul>\n<h3>Salida de datos<\/h3>\n<ul>\n<li>Un puerto serie est\u00e1 disponible en la pantalla remota que se puede utilizar para conectarse a una impresora o computadora<\/li>\n<\/ul>\n<p>&nbsp;<\/p>\n","protected":false},"excerpt":{"rendered":"<p>Monitores Multiparametros<\/p>\n","protected":false},"featured_media":11280,"template":"","meta":{"_acf_changed":false,"_relevanssi_hide_post":"","_relevanssi_hide_content":"","_relevanssi_pin_for_all":"","_relevanssi_pin_keywords":"","_relevanssi_unpin_keywords":"","_relevanssi_related_keywords":"","_relevanssi_related_include_ids":"","_relevanssi_related_exclude_ids":"","_relevanssi_related_no_append":"","_relevanssi_related_not_related":"","_relevanssi_related_posts":"","_relevanssi_noindex_reason":"","inline_featured_image":false},"pwb-brand":[1136],"product_brand":[],"product_cat":[50],"product_tag":[3787,3786,3614],"class_list":{"0":"post-4706","1":"product","2":"type-product","3":"status-publish","4":"has-post-thumbnail","6":"pwb-brand-equipo-medico-medrad","7":"product_cat-monitores-multiparametros","8":"product_tag-medrad-9500-monitores-multiparametros","9":"product_tag-medrad-monitores-multiparametros","10":"product_tag-monitores-multiparametros","12":"first","13":"instock","14":"purchasable","15":"product-type-simple"},"acf":[],"brands":[{"id":1136,"name":"Medrad","slug":"equipo-medico-medrad"}],"_links":{"self":[{"href":"https:\/\/www.somatechnology.com\/spanish\/wp-json\/wp\/v2\/product\/4706","targetHints":{"allow":["GET"]}}],"collection":[{"href":"https:\/\/www.somatechnology.com\/spanish\/wp-json\/wp\/v2\/product"}],"about":[{"href":"https:\/\/www.somatechnology.com\/spanish\/wp-json\/wp\/v2\/types\/product"}],"wp:featuredmedia":[{"embeddable":true,"href":"https:\/\/www.somatechnology.com\/spanish\/wp-json\/wp\/v2\/media\/11280"}],"wp:attachment":[{"href":"https:\/\/www.somatechnology.com\/spanish\/wp-json\/wp\/v2\/media?parent=4706"}],"wp:term":[{"taxonomy":"pwb-brand","embeddable":true,"href":"https:\/\/www.somatechnology.com\/spanish\/wp-json\/wp\/v2\/pwb-brand?post=4706"},{"taxonomy":"product_brand","embeddable":true,"href":"https:\/\/www.somatechnology.com\/spanish\/wp-json\/wp\/v2\/product_brand?post=4706"},{"taxonomy":"product_cat","embeddable":true,"href":"https:\/\/www.somatechnology.com\/spanish\/wp-json\/wp\/v2\/product_cat?post=4706"},{"taxonomy":"product_tag","embeddable":true,"href":"https:\/\/www.somatechnology.com\/spanish\/wp-json\/wp\/v2\/product_tag?post=4706"}],"curies":[{"name":"wp","href":"https:\/\/api.w.org\/{rel}","templated":true}]}}