{"id":4717,"date":"2016-07-19T21:37:20","date_gmt":"2016-07-19T21:37:20","guid":{"rendered":"http:\/\/equipomedicocentral.com\/wordpress\/product\/datascope-98xt\/"},"modified":"2023-08-23T06:15:14","modified_gmt":"2023-08-23T10:15:14","slug":"datascope-98xt","status":"publish","type":"product","link":"https:\/\/www.somatechnology.com\/spanish\/equipo-medico-usado-remanufacturado\/cardiovascular\/bombas-intra-aorticas\/datascope-98xt\/","title":{"rendered":"Datascope 98XT"},"content":{"rendered":"<h2>Bomba intra-a\u00f3rtica Datascope 98XT<\/h2>\n<h2>El sistema 98XT con el software CardioSync 2 &#x2122; que ofrece R-Trac &#x2122; proporciona:<\/h2>\n<ul>\n<li>Selecci\u00f3n autom\u00e1tica de la deflaci\u00f3n de la R-onda<\/li>\n<li>El seguimiento confiable de la uno-FIB<\/li>\n<li>Identificaci\u00f3n r\u00e1pida de QRS<\/li>\n<li>Mejor manejo de arritmias<\/li>\n<\/ul>\n<p>El nuevo supervisor de sincronizaci\u00f3n autom\u00e1tica, \u00abR-Trac\u00bb, es un avanzado sistema de control de temporizaci\u00f3n IAB de 2\u00aa generaci\u00f3n que combina la sofisticaci\u00f3n de CardioSync 2 con la r\u00e1pida identificaci\u00f3n de QRS y las velocidades de inflaci\u00f3n y deflaci\u00f3n m\u00e1s r\u00e1pidas disponibles. En \u00e9l o, laboratorio de la Catedral, CCU, y en el transporte, el sistema <strong>98XT<\/strong> es su sistema de la opci\u00f3n para manejar los ritmos cardiacos m\u00e1s desafiadores.<\/p>\n<h3>Rendimiento neum\u00e1tico avanzado<\/h3>\n<ul>\n<li>Velocidades de inflaci\u00f3n m\u00e1s r\u00e1pidas \u2013 aumento de 18% mayor<\/li>\n<li>Velocidades de deflaci\u00f3n m\u00e1s r\u00e1pidas \u2013 mayor descarga<\/li>\n<li>Mejor manejo de arritmias:<\/li>\n<li>Mejor seguimiento de PVCs aislados, bigeminy, y coplas<\/li>\n<li>Adaptaci\u00f3n r\u00e1pida a cambios repentinos en el ritmo card\u00edaco<\/li>\n<li>Utilice el modo de la deflaci\u00f3n de la onda de \u00abR\u00bb en pacientes AFib con confianza<\/li>\n<li>El gatillo de presi\u00f3n avanzado te mantiene enfocado en tu paciente.<\/li>\n<li>La exhibici\u00f3n m\u00e1s grande, m\u00e1s brillante de cualquier bomba Datascope<\/li>\n<li>ECG autom\u00e1ticamente escalado y formas de onda del AP<\/li>\n<li>Pantallas de ayuda detalladas y nueva alerta de tiempo de espera<\/li>\n<li>Iconos para niveles de helio y bater\u00eda<\/li>\n<li>La pantalla gira y se inclina para ver mejor desde cualquier \u00e1ngulo.<\/li>\n<li>Muestra presiones arteriales asistidas y no asistidas<\/li>\n<li>Caracter\u00edsticas de conveniencia del operador<\/li>\n<li>Arranque autom\u00e1tico de un bot\u00f3n<\/li>\n<li>El men\u00fa simple permite a los usuarios personalizar las preferencias<\/li>\n<li>Impresi\u00f3n automatizada de formas de onda y datos del paciente en una alarma y a intervalos programados<\/li>\n<li>Todas las teclas en un teclado<\/li>\n<li>El teclado num\u00e9rico y la exhibici\u00f3n son desmontables para montar en una m\u00e1quina de puente<\/li>\n<li>Conmutaci\u00f3n del en-teclado num\u00e9rico entre las se\u00f1ales directas y auxiliares<\/li>\n<li>Integral salina\/transductor Polo<\/li>\n<li>Retiro completamente autom\u00e1tico del condensado<\/li>\n<li>Diagn\u00f3stico de servicio incorporado<\/li>\n<li>Los cables especiales reducen el ruido de la electro cauterizaci\u00f3n y el movimiento<\/li>\n<\/ul>\n<p>&nbsp;<\/p>\n","protected":false},"excerpt":{"rendered":"<p>bombas intra aorticas<\/p>\n","protected":false},"featured_media":12259,"template":"","meta":{"_acf_changed":false,"_relevanssi_hide_post":"","_relevanssi_hide_content":"","_relevanssi_pin_for_all":"","_relevanssi_pin_keywords":"","_relevanssi_unpin_keywords":"","_relevanssi_related_keywords":"","_relevanssi_related_include_ids":"","_relevanssi_related_exclude_ids":"","_relevanssi_related_no_append":"","_relevanssi_related_not_related":"","_relevanssi_related_posts":"","_relevanssi_noindex_reason":"","inline_featured_image":false},"pwb-brand":[1110],"product_brand":[],"product_cat":[96],"product_tag":[3377,3348,507,3376,5055,5053],"class_list":{"0":"post-4717","1":"product","2":"type-product","3":"status-publish","4":"has-post-thumbnail","6":"pwb-brand-equipo-medico-datascope","7":"product_cat-bombas-intra-aorticas","8":"product_tag-98xt","9":"product_tag-bombas-intra-aorticas","10":"product_tag-datascope","11":"product_tag-datascope-98xt","12":"product_tag-datascope-98xt-bombas-intra-aorticas","13":"product_tag-datascope-bombas-intra-aorticas","15":"first","16":"instock","17":"purchasable","18":"product-type-simple"},"acf":[],"brands":[{"id":1110,"name":"Datascope","slug":"equipo-medico-datascope"}],"_links":{"self":[{"href":"https:\/\/www.somatechnology.com\/spanish\/wp-json\/wp\/v2\/product\/4717","targetHints":{"allow":["GET"]}}],"collection":[{"href":"https:\/\/www.somatechnology.com\/spanish\/wp-json\/wp\/v2\/product"}],"about":[{"href":"https:\/\/www.somatechnology.com\/spanish\/wp-json\/wp\/v2\/types\/product"}],"wp:featuredmedia":[{"embeddable":true,"href":"https:\/\/www.somatechnology.com\/spanish\/wp-json\/wp\/v2\/media\/12259"}],"wp:attachment":[{"href":"https:\/\/www.somatechnology.com\/spanish\/wp-json\/wp\/v2\/media?parent=4717"}],"wp:term":[{"taxonomy":"pwb-brand","embeddable":true,"href":"https:\/\/www.somatechnology.com\/spanish\/wp-json\/wp\/v2\/pwb-brand?post=4717"},{"taxonomy":"product_brand","embeddable":true,"href":"https:\/\/www.somatechnology.com\/spanish\/wp-json\/wp\/v2\/product_brand?post=4717"},{"taxonomy":"product_cat","embeddable":true,"href":"https:\/\/www.somatechnology.com\/spanish\/wp-json\/wp\/v2\/product_cat?post=4717"},{"taxonomy":"product_tag","embeddable":true,"href":"https:\/\/www.somatechnology.com\/spanish\/wp-json\/wp\/v2\/product_tag?post=4717"}],"curies":[{"name":"wp","href":"https:\/\/api.w.org\/{rel}","templated":true}]}}