{"id":4773,"date":"2016-07-19T21:39:12","date_gmt":"2016-07-19T21:39:12","guid":{"rendered":"http:\/\/equipomedicocentral.com\/wordpress\/product\/bovie-aaron-3250\/"},"modified":"2023-08-23T06:15:48","modified_gmt":"2023-08-23T10:15:48","slug":"bovie-aaron-3250","status":"publish","type":"product","link":"https:\/\/www.somatechnology.com\/spanish\/equipo-medico-usado-remanufacturado\/unidades-electroquirurgicas-electrobisturis\/bovie-aaron-3250\/","title":{"rendered":"Bovie Aaron 3250"},"content":{"rendered":"<h2>Caracter\u00edsticas del\u00a0Bovie Aaron 3250<\/h2>\n<p>El nuevo sistema digital <strong>Aaron 3250 de Bovie<\/strong> \u00ae. El Aaron 3250 es un generador electroquir\u00fargico multiprop\u00f3sito de 300 vatios para su uso en la moderna sala de operaciones y Surgicenter. Ofrece funciones monopolar y bipolares para satisfacer todas sus demandas quir\u00fargicas con seguridad, flexibilidad, confiabilidad, y conveniencia.<\/p>\n<ul>\n<li>Nueve ajustes<\/li>\n<li>Grandes pantallas digitales iluminadas<\/li>\n<li>Seis modos de salida<\/li>\n<li>Circuitos de auto-prueba<\/li>\n<li>Tonos audibles<\/li>\n<li>Salidas discretas<\/li>\n<li>Circuitos aislados<\/li>\n<li>Detecci\u00f3n de errores digitales<\/li>\n<\/ul>\n<h2>Especificaciones del\u00a0Bovie Aaron 3250<\/h2>\n<h3>Diez ajustes de mezcla<\/h3>\n<ul>\n<li>El Aaron 3250 tiene diez ajustes de mezcla diferentes m\u00e1s dos modos de corte, con hasta 300 vatios de potencia m\u00e1xima de salida para los procedimientos m\u00e1s exigentes.<\/li>\n<\/ul>\n<h3>Dos modos de coagulaci\u00f3n monopolar<\/h3>\n<ul>\n<li>Tambi\u00e9n tiene dos modos de coagulaci\u00f3n: coagulaci\u00f3n (120 vatios de potencia m\u00e1xima) y fulguraci\u00f3n (potencia m\u00e1xima de 80 vatios), m\u00e1s bipolar (80 vatios de potencia m\u00e1xima).<\/li>\n<\/ul>\n<h3>Diez Adjustes<\/h3>\n<ul>\n<li>Guarde los diez ajustes m\u00e1s comunes de los cirujanos para varios cirujanos diferentes.<\/li>\n<\/ul>\n<h3>Control de energ\u00eda digital<\/h3>\n<ul>\n<li>Adem\u00e1s, el Aaron 3250 ofrece una potencia consistente y repetible en diferentes impedancias de carga con BovieFDFS &#x2122; (sistema de retroalimentaci\u00f3n digital r\u00e1pido) o 5.000 veces por segundo. Esta regeneraci\u00f3n puede reducir grandemente la necesidad de cambiar el ajuste de la energ\u00eda para obtener el efecto quir\u00fargico deseado.<\/li>\n<\/ul>\n<h3>Informcaci\u00f3n General<\/h3>\n<ul>\n<li>Adem\u00e1s, el Aaron 3250 funciona desde 30 vatios hasta 300 vatios para todas sus necesidades quir\u00fargicas.<\/li>\n<\/ul>\n<h3>Dimensiones<\/h3>\n<ul>\n<li>Anchura: 12.3 \u2033<\/li>\n<li>Altura: 6.0 \u2033<\/li>\n<li>Profundidad: 16.3 \u2033<\/li>\n<li>Peso: &lt; 19 lbs &gt;<\/li>\n<\/ul>\n<h3>Voltaje de l\u00ednea<\/h3>\n<ul>\n<li>100-240 VAC \u00b1 10%<\/li>\n<li>Frecuencia de la salida 490 kHz \u00b1 5<\/li>\n<li>Frecuencia de l\u00ednea 50-60 Hz<\/li>\n<\/ul>\n<h3>Potencia de salida<\/h3>\n<ul>\n<li>CUT I &amp; II: 300 vatios<\/li>\n<li>Mezcla: 200 vatios 10 pasos<\/li>\n<li>Coagulaci\u00f3n (precisa): 120 vatios<\/li>\n<li>Fulguraci\u00f3n (spray): 80 vatios<\/li>\n<\/ul>\n<ul>\n<li>Bipolar: 80 watts<\/li>\n<\/ul>\n","protected":false},"excerpt":{"rendered":"<p>Electrobisturis<\/p>\n","protected":false},"featured_media":12000,"template":"","meta":{"_acf_changed":false,"_relevanssi_hide_post":"","_relevanssi_hide_content":"","_relevanssi_pin_for_all":"","_relevanssi_pin_keywords":"","_relevanssi_unpin_keywords":"","_relevanssi_related_keywords":"","_relevanssi_related_include_ids":"","_relevanssi_related_exclude_ids":"","_relevanssi_related_no_append":"","_relevanssi_related_not_related":"","_relevanssi_related_posts":"","_relevanssi_noindex_reason":"","inline_featured_image":false},"pwb-brand":[1170],"product_brand":[],"product_cat":[76],"product_tag":[1449,1444,1455,1456,1452,1446],"class_list":{"0":"post-4773","1":"product","2":"type-product","3":"status-publish","4":"has-post-thumbnail","6":"pwb-brand-electrobisturis-bovie","7":"product_cat-unidades-electroquirurgicas-electrobisturis","8":"product_tag-bovie","9":"product_tag-bovie-aaron","10":"product_tag-bovie-aaron-3250","11":"product_tag-bovie-aaron-3250-esu","12":"product_tag-bovie-aaron-esu","13":"product_tag-bovie-esu","15":"first","16":"instock","17":"purchasable","18":"product-type-simple"},"acf":[],"brands":[{"id":1170,"name":"Bovie Aaron","slug":"electrobisturis-bovie"}],"_links":{"self":[{"href":"https:\/\/www.somatechnology.com\/spanish\/wp-json\/wp\/v2\/product\/4773","targetHints":{"allow":["GET"]}}],"collection":[{"href":"https:\/\/www.somatechnology.com\/spanish\/wp-json\/wp\/v2\/product"}],"about":[{"href":"https:\/\/www.somatechnology.com\/spanish\/wp-json\/wp\/v2\/types\/product"}],"wp:featuredmedia":[{"embeddable":true,"href":"https:\/\/www.somatechnology.com\/spanish\/wp-json\/wp\/v2\/media\/12000"}],"wp:attachment":[{"href":"https:\/\/www.somatechnology.com\/spanish\/wp-json\/wp\/v2\/media?parent=4773"}],"wp:term":[{"taxonomy":"pwb-brand","embeddable":true,"href":"https:\/\/www.somatechnology.com\/spanish\/wp-json\/wp\/v2\/pwb-brand?post=4773"},{"taxonomy":"product_brand","embeddable":true,"href":"https:\/\/www.somatechnology.com\/spanish\/wp-json\/wp\/v2\/product_brand?post=4773"},{"taxonomy":"product_cat","embeddable":true,"href":"https:\/\/www.somatechnology.com\/spanish\/wp-json\/wp\/v2\/product_cat?post=4773"},{"taxonomy":"product_tag","embeddable":true,"href":"https:\/\/www.somatechnology.com\/spanish\/wp-json\/wp\/v2\/product_tag?post=4773"}],"curies":[{"name":"wp","href":"https:\/\/api.w.org\/{rel}","templated":true}]}}