{"id":4789,"date":"2016-07-19T21:39:59","date_gmt":"2016-07-19T21:39:59","guid":{"rendered":"http:\/\/equipomedicocentral.com\/wordpress\/product\/steris-amsco-century-v120\/"},"modified":"2025-06-26T10:40:06","modified_gmt":"2025-06-26T14:40:06","slug":"steris-amsco-century-v120","status":"publish","type":"product","link":"https:\/\/www.somatechnology.com\/spanish\/equipo-medico-usado-remanufacturado\/autoclaves-esterilizadores\/steris-amsco-century-v120\/","title":{"rendered":"Steris Amsco Century V120"},"content":{"rendered":"<h2>CARACTER\u00cdSTICAS DE STERIS AMSCO CENTURY V120<\/h2>\n<p>El esterilizador <strong>Steris Amsco Century V120<\/strong> est\u00e1 disponible en configuraciones de gravedad y pre-vac\u00edo, puertas simples o dobles, y opciones de montaje abiertas o empotradas. El Century V120 tiene un tama\u00f1o de c\u00e1mara de 20&#8243; x 20&#8243; x 38&#8243;, pantalla t\u00e1ctil a color y una impresora de tinta integrada sobre la pantalla t\u00e1ctil. El Century de Amsco utiliza una puerta deslizante vertical que se activa con un pedal para cargar y descargar sin necesidad de usar las manos. Este peque\u00f1o esterilizador Steris tiene un control electr\u00f3nico de ahorro de agua con un condensador detector de temperatura de resistencia para controlar la cantidad de agua utilizada en la condensaci\u00f3n del vapor de la c\u00e1mara agotada.<\/p>\n<ul>\n<li>Dimensiones interiores de la c\u00e1mara de 20&#8243; x 20&#8243; x 38&#8243;.<\/li>\n<li>Puerta corredera vertical no lubricada, activada por vapor y controlada por pedal.<\/li>\n<li>Pantalla t\u00e1ctil en color con impresora integrada.<\/li>\n<li>Purga de vapor para ayudar a la eliminaci\u00f3n del aire y al precalentamiento.<\/li>\n<li>Sistema de drenaje que est\u00e1 dise\u00f1ado para bloquear la entrada de contaminantes en el sistema de suministro de agua y en el esterilizador.<\/li>\n<\/ul>\n","protected":false},"excerpt":{"rendered":"<p>El esterilizador Steris Amsco Century V120 est\u00e1 disponible en configuraciones de gravedad y pre-vac\u00edo, puertas simples o dobles, y opciones de montaje abiertas o empotradas. El Century V120 tiene un tama\u00f1o de c\u00e1mara de 20&#8243; x 20&#8243; x 38&#8243;, pantalla t\u00e1ctil a color y una impresora de tinta integrada sobre la pantalla t\u00e1ctil. El Century de Amsco utiliza una puerta deslizante vertical que se activa con un pedal para cargar y descargar sin necesidad de usar las manos. Este peque\u00f1o esterilizador Steris tiene un control electr\u00f3nico de ahorro de agua con un condensador detector de temperatura de resistencia para controlar la cantidad de agua utilizada en la condensaci\u00f3n del vapor de la c\u00e1mara agotada.<\/p>\n","protected":false},"featured_media":20475,"template":"","meta":{"_acf_changed":false,"_relevanssi_hide_post":"","_relevanssi_hide_content":"","_relevanssi_pin_for_all":"","_relevanssi_pin_keywords":"","_relevanssi_unpin_keywords":"","_relevanssi_related_keywords":"","_relevanssi_related_include_ids":"","_relevanssi_related_exclude_ids":"","_relevanssi_related_no_append":"","_relevanssi_related_not_related":"","_relevanssi_related_posts":"","_relevanssi_noindex_reason":"","inline_featured_image":false},"pwb-brand":[1149],"product_brand":[],"product_cat":[61],"product_tag":[544,6757,6748,6291,6756,2384,543,6759,6758,6755],"class_list":{"0":"post-4789","1":"product","2":"type-product","3":"status-publish","4":"has-post-thumbnail","6":"pwb-brand-equipo-medico-steris","7":"product_cat-autoclaves-esterilizadores","8":"product_tag-amsco","9":"product_tag-amsco-v120","10":"product_tag-autoclave","11":"product_tag-century","12":"product_tag-century-v120","13":"product_tag-esterilizadores","14":"product_tag-steris","15":"product_tag-steris-amsco-century-v120","16":"product_tag-steris-v120","17":"product_tag-v120","19":"first","20":"instock","21":"purchasable","22":"product-type-simple"},"acf":[],"brands":[{"id":1149,"name":"Steris","slug":"equipo-medico-steris"}],"_links":{"self":[{"href":"https:\/\/www.somatechnology.com\/spanish\/wp-json\/wp\/v2\/product\/4789","targetHints":{"allow":["GET"]}}],"collection":[{"href":"https:\/\/www.somatechnology.com\/spanish\/wp-json\/wp\/v2\/product"}],"about":[{"href":"https:\/\/www.somatechnology.com\/spanish\/wp-json\/wp\/v2\/types\/product"}],"wp:featuredmedia":[{"embeddable":true,"href":"https:\/\/www.somatechnology.com\/spanish\/wp-json\/wp\/v2\/media\/20475"}],"wp:attachment":[{"href":"https:\/\/www.somatechnology.com\/spanish\/wp-json\/wp\/v2\/media?parent=4789"}],"wp:term":[{"taxonomy":"pwb-brand","embeddable":true,"href":"https:\/\/www.somatechnology.com\/spanish\/wp-json\/wp\/v2\/pwb-brand?post=4789"},{"taxonomy":"product_brand","embeddable":true,"href":"https:\/\/www.somatechnology.com\/spanish\/wp-json\/wp\/v2\/product_brand?post=4789"},{"taxonomy":"product_cat","embeddable":true,"href":"https:\/\/www.somatechnology.com\/spanish\/wp-json\/wp\/v2\/product_cat?post=4789"},{"taxonomy":"product_tag","embeddable":true,"href":"https:\/\/www.somatechnology.com\/spanish\/wp-json\/wp\/v2\/product_tag?post=4789"}],"curies":[{"name":"wp","href":"https:\/\/api.w.org\/{rel}","templated":true}]}}