{"id":4820,"date":"2016-07-19T21:40:58","date_gmt":"2016-07-19T21:40:58","guid":{"rendered":"http:\/\/equipomedicocentral.com\/wordpress\/product\/valleylab-ligasure-vessel-sealing-system\/"},"modified":"2025-09-23T12:04:13","modified_gmt":"2025-09-23T16:04:13","slug":"valleylab-ligasure-sistema-de-sellado-vascular","status":"publish","type":"product","link":"https:\/\/www.somatechnology.com\/spanish\/equipo-medico-usado-remanufacturado\/unidades-electroquirurgicas-electrobisturis\/valleylab-ligasure-sistema-de-sellado-vascular\/","title":{"rendered":"Medtronic Covidien Valleylab Ligasure Sistema de Sellado Vascular"},"content":{"rendered":"<h2>CARACTER\u00cdSTICAS DE VALLEYLAB LIGASURE<\/h2>\n<p>El sistema de sellado de vasos <strong>Valleylab LigaSure<\/strong> le ofrece algo que ninguna otra herramienta electroquir\u00fargica puede ofrecer: la oclusi\u00f3n permanente de los vasos. La revolucionaria tecnolog\u00eda del sistema Valleylab LigaSure sustituye a casi todas las dem\u00e1s herramientas hemost\u00e1ticas porque no se limita a ligar los vasos, sino que fusiona las paredes de los vasos para crear un sellado permanente.<\/p>\n<ul>\n<li>Proporciona una combinaci\u00f3n de presi\u00f3n y energ\u00eda para crear la fusi\u00f3n de los vasos<\/li>\n<li>Fusiona permanentemente vasos de hasta 7 mm de di\u00e1metro y haces de tejido sin necesidad de disecci\u00f3n o aislamiento<\/li>\n<li>El ciclo de sellado medio es de 2 a 4 segundos<\/li>\n<li>Los sellos soportan 3 veces la presi\u00f3n arterial sist\u00f3lica normal<\/li>\n<li>El sistema de respuesta controlado por retroalimentaci\u00f3n interrumpe autom\u00e1ticamente el suministro de energ\u00eda cuando se completa el ciclo de sellado, eliminando las conjeturas<\/li>\n<\/ul>\n","protected":false},"excerpt":{"rendered":"<p>El sistema de sellado de vasos Valleylab LigaSure le ofrece algo que ninguna otra herramienta electroquir\u00fargica puede ofrecer: la oclusi\u00f3n permanente de los vasos. La revolucionaria tecnolog\u00eda del sistema Valleylab LigaSure sustituye a casi todas las dem\u00e1s herramientas hemost\u00e1ticas porque no se limita a ligar los vasos, sino que fusiona las paredes de los vasos para crear un sellado permanente.<\/p>\n","protected":false},"featured_media":12190,"template":"","meta":{"_acf_changed":false,"_relevanssi_hide_post":"","_relevanssi_hide_content":"","_relevanssi_pin_for_all":"","_relevanssi_pin_keywords":"","_relevanssi_unpin_keywords":"","_relevanssi_related_keywords":"","_relevanssi_related_include_ids":"","_relevanssi_related_exclude_ids":"","_relevanssi_related_no_append":"","_relevanssi_related_not_related":"","_relevanssi_related_posts":"","_relevanssi_noindex_reason":"","inline_featured_image":false},"pwb-brand":[1107],"product_brand":[],"product_cat":[76],"product_tag":[4962,753,1896,4999,1631,5000,1630,1644,4960,1647,4998],"class_list":{"0":"post-4820","1":"product","2":"type-product","3":"status-publish","4":"has-post-thumbnail","6":"pwb-brand-equipo-medico-medtronic","7":"product_cat-unidades-electroquirurgicas-electrobisturis","8":"product_tag-covidien-electrobisturis","9":"product_tag-covidien-valleylab","10":"product_tag-electrobisturis","11":"product_tag-ligasure-electrobisturis","12":"product_tag-medtronic-covidien","13":"product_tag-medtronic-covidien-electrobisturis","14":"product_tag-medtronic-covidien-valleylab","15":"product_tag-medtronic-covidien-valleylab-ligasure","16":"product_tag-medtronic-electrobisturis","17":"product_tag-medtronic-valleylab","18":"product_tag-valleylab-ligasure-electrobisturis","20":"first","21":"instock","22":"purchasable","23":"product-type-simple"},"acf":[],"brands":[{"id":1107,"name":"Medtronic","slug":"equipo-medico-medtronic"}],"_links":{"self":[{"href":"https:\/\/www.somatechnology.com\/spanish\/wp-json\/wp\/v2\/product\/4820","targetHints":{"allow":["GET"]}}],"collection":[{"href":"https:\/\/www.somatechnology.com\/spanish\/wp-json\/wp\/v2\/product"}],"about":[{"href":"https:\/\/www.somatechnology.com\/spanish\/wp-json\/wp\/v2\/types\/product"}],"wp:featuredmedia":[{"embeddable":true,"href":"https:\/\/www.somatechnology.com\/spanish\/wp-json\/wp\/v2\/media\/12190"}],"wp:attachment":[{"href":"https:\/\/www.somatechnology.com\/spanish\/wp-json\/wp\/v2\/media?parent=4820"}],"wp:term":[{"taxonomy":"pwb-brand","embeddable":true,"href":"https:\/\/www.somatechnology.com\/spanish\/wp-json\/wp\/v2\/pwb-brand?post=4820"},{"taxonomy":"product_brand","embeddable":true,"href":"https:\/\/www.somatechnology.com\/spanish\/wp-json\/wp\/v2\/product_brand?post=4820"},{"taxonomy":"product_cat","embeddable":true,"href":"https:\/\/www.somatechnology.com\/spanish\/wp-json\/wp\/v2\/product_cat?post=4820"},{"taxonomy":"product_tag","embeddable":true,"href":"https:\/\/www.somatechnology.com\/spanish\/wp-json\/wp\/v2\/product_tag?post=4820"}],"curies":[{"name":"wp","href":"https:\/\/api.w.org\/{rel}","templated":true}]}}