{"id":4840,"date":"2016-07-19T21:41:55","date_gmt":"2016-07-19T21:41:55","guid":{"rendered":"http:\/\/equipomedicocentral.com\/wordpress\/product\/drager-siemens-sc-9000xl\/"},"modified":"2025-09-23T11:53:44","modified_gmt":"2025-09-23T15:53:44","slug":"drager-siemens-sc-9000xl","status":"publish","type":"product","link":"https:\/\/www.somatechnology.com\/spanish\/equipo-medico-usado-remanufacturado\/monitores-de-signos-vitales\/monitores-multiparametros\/drager-siemens-sc-9000xl\/","title":{"rendered":"Drager Siemens SC 9000XL"},"content":{"rendered":"<h2>Caracter\u00edsticas del\u00a0Drager Siemens SC 9000XL<\/h2>\n<p>Monitor a Color<\/p>\n<p>Par\u00e1metros:<\/p>\n<ul>\n<li>ECG<\/li>\n<li>Resp<\/li>\n<li>SpO2<\/li>\n<li>NIBP<\/li>\n<li>Temperatura<\/li>\n<\/ul>\n<h2>Especificaciones\u00a0del\u00a0Drager Siemens SC 9000XL<\/h2>\n<h4>Peso y dimensiones<\/h4>\n<ul>\n<li>Altura: 10 pulgadas (254 mm)<\/li>\n<li>Ancho: 14 pulgadas (355,6 mm)<\/li>\n<li>Profundidad: 4,5 pulgadas (114,4 mm)<\/li>\n<li>Peso: 18,2 lbs (8.2 kg)<\/li>\n<\/ul>\n<h4>ECG<\/h4>\n<ul>\n<li>Monitor: hasta 12 conectores.<\/li>\n<li>Rango de medici\u00f3n: 15 \u2013 300 1\/min.<\/li>\n<li>Exactitud: \u00b1 2 1\/min o \u00b1 1% (el que sea mayor)<\/li>\n<\/ul>\n<h4>Respiraci\u00f3n<\/h4>\n<ul>\n<li>Leads de detecci\u00f3n: I o II (seleccionable por el usuario).<\/li>\n<li>M\u00e9todo de medici\u00f3n: impedancia<\/li>\n<li>Rango de medici\u00f3n: 0-155 respiraciones por minuto.<\/li>\n<li>Exactitud de medici\u00f3n: \u00b1 1 1\/min o el 2% de la tarifa (lo que es mayor)<\/li>\n<\/ul>\n<h4>SpO2<\/h4>\n<ul>\n<li>Visualizaci\u00f3n de par\u00e1metros: saturaci\u00f3n (% SpO2), frecuencia de pulso.<\/li>\n<li>M\u00e9todo de medici\u00f3n: absorci\u00f3n-espectrofotometr\u00eda.<\/li>\n<li>Gama de medici\u00f3n: SpO2:1-100%.<\/li>\n<li>Pulso: 15-300 1\/min.<\/li>\n<li>Precisi\u00f3n: SpO2 70-100%: \u00b1 2%, 0-69%: no especificado.<\/li>\n<li>Pulso: \u00b1 5 1\/min o \u00b1 5% (cualquiera es mayor)<\/li>\n<\/ul>\n<h4>NIBP \u2013Presi\u00f3n Sangu\u00ednea No Invasiva<\/h4>\n<ul>\n<li>Visualizaci\u00f3n de par\u00e1metros: sist\u00f3lica, diast\u00f3lica, media.<\/li>\n<li>M\u00e9todo de medici\u00f3n: t\u00e9cnica oscilo m\u00e9trico.<\/li>\n<li>Modos de funcionamiento: manual (medici\u00f3n simple), continuo (5 minutos) o intervalo.<\/li>\n<li>Rango de medici\u00f3n del ritmo card\u00edaco: 40-240 1\/min.<\/li>\n<\/ul>\n<h4>Temperatura<\/h4>\n<ul>\n<li>Exhibici\u00f3n del par\u00e1metro: temperatura absoluta, temperatura del delta.<\/li>\n<li>Rango de medici\u00f3n: absoluto:-5 \u00b0 c a 50 \u00b0 c (23 \u00b0 f a 104 \u00b0 f)<\/li>\n<li>Delta: 0 \u00b0 c a 55 \u00b0 c (32 \u00b0 f a 131 \u00b0 f)<\/li>\n<li>Resoluci\u00f3n: 0.1 \u00b0 c<\/li>\n<li>Absoluto: \u00b1 0.1 \u00b0 c<\/li>\n<li>Delta: \u00b1 0.2 \u00b0 c<\/li>\n<\/ul>\n","protected":false},"excerpt":{"rendered":"<p>Monitor Multiparametro<\/p>\n","protected":false},"featured_media":11222,"template":"","meta":{"_acf_changed":false,"_relevanssi_hide_post":"","_relevanssi_hide_content":"","_relevanssi_pin_for_all":"","_relevanssi_pin_keywords":"","_relevanssi_unpin_keywords":"","_relevanssi_related_keywords":"","_relevanssi_related_include_ids":"","_relevanssi_related_exclude_ids":"","_relevanssi_related_no_append":"","_relevanssi_related_not_related":"","_relevanssi_related_posts":"","_relevanssi_noindex_reason":"","inline_featured_image":false},"pwb-brand":[1122],"product_brand":[],"product_cat":[50],"product_tag":[3709,3712,3708,186,3614,3711,3710],"class_list":{"0":"post-4840","1":"product","2":"type-product","3":"status-publish","4":"has-post-thumbnail","6":"pwb-brand-equipo-medico-drager","7":"product_cat-monitores-multiparametros","8":"product_tag-drager-monitores-multiparametros","9":"product_tag-drager-siemens-sc-9000-xl-monitores-multiparametros","10":"product_tag-drager-siemens-sc-9000xl","11":"product_tag-monitor-multiparametro-para-uti","12":"product_tag-monitores-multiparametros","13":"product_tag-sc-9000-xl-monitores-multiparametros","14":"product_tag-siemens-monitores-multiparametros","16":"first","17":"instock","18":"purchasable","19":"product-type-simple"},"acf":[],"brands":[{"id":1122,"name":"Drager","slug":"equipo-medico-drager"}],"_links":{"self":[{"href":"https:\/\/www.somatechnology.com\/spanish\/wp-json\/wp\/v2\/product\/4840","targetHints":{"allow":["GET"]}}],"collection":[{"href":"https:\/\/www.somatechnology.com\/spanish\/wp-json\/wp\/v2\/product"}],"about":[{"href":"https:\/\/www.somatechnology.com\/spanish\/wp-json\/wp\/v2\/types\/product"}],"wp:featuredmedia":[{"embeddable":true,"href":"https:\/\/www.somatechnology.com\/spanish\/wp-json\/wp\/v2\/media\/11222"}],"wp:attachment":[{"href":"https:\/\/www.somatechnology.com\/spanish\/wp-json\/wp\/v2\/media?parent=4840"}],"wp:term":[{"taxonomy":"pwb-brand","embeddable":true,"href":"https:\/\/www.somatechnology.com\/spanish\/wp-json\/wp\/v2\/pwb-brand?post=4840"},{"taxonomy":"product_brand","embeddable":true,"href":"https:\/\/www.somatechnology.com\/spanish\/wp-json\/wp\/v2\/product_brand?post=4840"},{"taxonomy":"product_cat","embeddable":true,"href":"https:\/\/www.somatechnology.com\/spanish\/wp-json\/wp\/v2\/product_cat?post=4840"},{"taxonomy":"product_tag","embeddable":true,"href":"https:\/\/www.somatechnology.com\/spanish\/wp-json\/wp\/v2\/product_tag?post=4840"}],"curies":[{"name":"wp","href":"https:\/\/api.w.org\/{rel}","templated":true}]}}