{"id":4877,"date":"2016-07-19T21:42:50","date_gmt":"2016-07-19T21:42:50","guid":{"rendered":"http:\/\/equipomedicocentral.com\/wordpress\/product\/philips-50-xm-hp-1350b\/"},"modified":"2023-08-23T06:16:48","modified_gmt":"2023-08-23T10:16:48","slug":"philips-50-xm-hp-1350b","status":"publish","type":"product","link":"https:\/\/www.somatechnology.com\/spanish\/equipo-medico-usado-remanufacturado\/ucii-nicu-unidades-neonatales-cuidado-intensivo\/monitores-fetales\/philips-50-xm-hp-1350b\/","title":{"rendered":"Philips HP 50 XM M1360b"},"content":{"rendered":"<h2>Philips HP 50 XM M1360b<\/h2>\n<p>El monitor fetal\/maternal de la serie <strong>50 XM de Philips<\/strong> se dise\u00f1a para los profesionales de salud convenientemente entrenados para el uso en el ambiente del paciente para supervisar la condici\u00f3n fetal y maternal antes y durante del trabajo y de la entrega.<\/p>\n<ul>\n<li>Sistema de monitoreo fetal y maternal totalmente integrado<\/li>\n<li>Para uso con pacientes de alto riesgo o pacientes que reciben anestesia durante el parto y el parto<\/li>\n<li>Requisitos de energ\u00eda: voltaje de funcionamiento 100 \u2013 120 v (\u00b1 10%), 220 \u2013 240 v (\u00b1 10%), frecuencia de la l\u00ednea 50 a 60 Hz, consumo de energ\u00eda 60 va m\u00e1ximo<\/li>\n<li>Dimensiones y peso sin transductores \u2022 altura 147 mm (5.8 pulg.)<\/li>\n<li>Anchura 422mm (16.6 adentro)<\/li>\n<li>392mm de profundidad (15,4 pulg.)<\/li>\n<li>Peso 14.6 kg (31.96 lb)<\/li>\n<\/ul>\n<h3>Monitor fetal<\/h3>\n<ul>\n<li>Presi\u00f3n arterial no invasiva materna<\/li>\n<li>Rango de frecuencia card\u00edaca US 50 a 240 BPM, DECG 30 a 240 BPM, MHR 30 a 240 BPM (no se muestra)<\/li>\n<li>Rango de toco externo de 0 a + 127 unidades relativas<\/li>\n<li>Gama de IUP-99 a + 127 mmHg<\/li>\n<li>Rango fetal SpO2 0 \u2013 99%<\/li>\n<li>Precisi\u00f3n del transductor de presi\u00f3n 15 \u00b0 c a 25 \u00b0 c \u00b1 3 mmHg, 10 \u00b0 c a 35 \u00b0 c \u00b1 3 mmHg (\u00b1 0,6% de lectura), 0 \u00b0 c a 55 \u00b0 c \u00b1 3 mmHg (\u00b1 1,7% de lectura)<\/li>\n<li>Rangos de medici\u00f3n sist\u00f3lico de 30 a 270 mmHg diast\u00f3lica 10 a 245 mmHg<\/li>\n<li>Tasa de inflaci\u00f3n del brazalete t\u00edpicamente menos de 10 segundos<\/li>\n<li>Tiempo auto de la repetici\u00f3n del modo 2, 5, 10, 15, 30, 60 minutos<\/li>\n<li>Duraci\u00f3n del modo STAT 5 minutos presi\u00f3n arterial no invasiva materna<\/li>\n<li>Tiempo de ciclo (t\u00edpico en HR sobre 60 BPM) auto\/manual 35 segundos, STAT 17 segundos, m\u00e1ximo 120 segundos<\/li>\n<li>Limite el ajuste de las alarmas 5mmHg pasos, diast\u00f3licos 10 a 245mmHg, sist\u00f3lica 30 a 270mmHg, l\u00edmite de seguridad de sobrepresi\u00f3n 300 mmHg por m\u00e1s de 2 segundos<\/li>\n<li>Rango de frecuencia de pulso medible dentro del rango de ritmo card\u00edaco de 30 a 240 BPM, promediado durante la medici\u00f3n NIBP<\/li>\n<li>Oximetr\u00eda de pulso maternal ECG maternal y porcentaje de frecuencia card\u00edaca rango 0 a 100%<\/li>\n<li>BPM rango de 30 a 300 BPM<\/li>\n<li>Exactitud \u00b1 1%<\/li>\n<li>Resoluci\u00f3n 1 BPM<\/li>\n<li>L\u00edmite de velocidad de pulso rango de alarmas 70% \u2013 90%, ajuste 1% pasos<\/li>\n<li>Precisi\u00f3n en 1 desviaci\u00f3n est\u00e1ndar M1191A 70 a 100% \u00b1 2,5%, M1192A 70 a 100% \u00b1 2,5%, M1194A 70 a 100% \u00b1 4%, Nellcor sensores 80 a 100% \u00b1 3%<\/li>\n<li>Rango de medici\u00f3n del ritmo card\u00edaco de 30 a 240 BPM, precisi\u00f3n \u00b1 1 BPM, resoluci\u00f3n Recorder: 0,25 BPM, display: 1 BPM<\/li>\n<li>L\u00edmites de alarma de ritmo card\u00edaco (excluyendo NIBP) rango de 30 a 250 BPM, ajuste 5 pasos de BPM<\/li>\n<li>Secci\u00f3n de visualizaci\u00f3n materna visualizaci\u00f3n num\u00e9rica dos pantallas de ritmo card\u00edaco (naranja) y una visualizaci\u00f3n de actividad uterina (verde). Tipo: (10m m) 7 segmentos LEDs<\/li>\n<\/ul>\n<h3>Monitor Maternal<\/h3>\n<ul>\n<li>Medici\u00f3n sist\u00f3lica<\/li>\n<li>Medici\u00f3n diast\u00f3lica<\/li>\n<li>Nivel SpO2<\/li>\n<li>Frecuencia card\u00edaca materna (si se deriva de MECG), frecuencia del pulso (si se deriva de la oximetr\u00eda de pulso) o frecuencia media (si se deriva de NIBP)<\/li>\n<li>Estado de la alarma para cada par\u00e1metro (excepto la tarifa de pulso NIBP)<\/li>\n<li>Mensaje de advertencia (en caso de que)<\/li>\n<\/ul>\n","protected":false},"excerpt":{"rendered":"<p>Monitor Fetal<\/p>\n","protected":false},"featured_media":10144,"template":"","meta":{"_acf_changed":false,"_relevanssi_hide_post":"","_relevanssi_hide_content":"","_relevanssi_pin_for_all":"","_relevanssi_pin_keywords":"","_relevanssi_unpin_keywords":"","_relevanssi_related_keywords":"","_relevanssi_related_include_ids":"","_relevanssi_related_exclude_ids":"","_relevanssi_related_no_append":"","_relevanssi_related_not_related":"","_relevanssi_related_posts":"","_relevanssi_noindex_reason":"","inline_featured_image":false},"pwb-brand":[1102],"product_brand":[],"product_cat":[3649,105],"product_tag":[2148,3561,3542,2115,3567,3564,3565,3531,3532,3533,273,3563,3566,3562],"class_list":{"0":"post-4877","1":"product","2":"type-product","3":"status-publish","4":"has-post-thumbnail","6":"pwb-brand-equipo-medico-philips","7":"product_cat-monitores-fetales","8":"product_cat-monitores-fetales-intrapartum","9":"product_tag-2148","10":"product_tag-50-xm","11":"product_tag-fetales","12":"product_tag-hp","13":"product_tag-hp-m1360b","14":"product_tag-intrapartum","15":"product_tag-m1360b","16":"product_tag-monitores","17":"product_tag-monitores-fetales","18":"product_tag-monitores-fetales-intrapartum","19":"product_tag-philips","20":"product_tag-philips-50-xm","21":"product_tag-philips-m1360b","22":"product_tag-xm","24":"first","25":"instock","26":"purchasable","27":"product-type-simple"},"acf":[],"brands":[{"id":1102,"name":"Philips","slug":"equipo-medico-philips"}],"_links":{"self":[{"href":"https:\/\/www.somatechnology.com\/spanish\/wp-json\/wp\/v2\/product\/4877","targetHints":{"allow":["GET"]}}],"collection":[{"href":"https:\/\/www.somatechnology.com\/spanish\/wp-json\/wp\/v2\/product"}],"about":[{"href":"https:\/\/www.somatechnology.com\/spanish\/wp-json\/wp\/v2\/types\/product"}],"wp:featuredmedia":[{"embeddable":true,"href":"https:\/\/www.somatechnology.com\/spanish\/wp-json\/wp\/v2\/media\/10144"}],"wp:attachment":[{"href":"https:\/\/www.somatechnology.com\/spanish\/wp-json\/wp\/v2\/media?parent=4877"}],"wp:term":[{"taxonomy":"pwb-brand","embeddable":true,"href":"https:\/\/www.somatechnology.com\/spanish\/wp-json\/wp\/v2\/pwb-brand?post=4877"},{"taxonomy":"product_brand","embeddable":true,"href":"https:\/\/www.somatechnology.com\/spanish\/wp-json\/wp\/v2\/product_brand?post=4877"},{"taxonomy":"product_cat","embeddable":true,"href":"https:\/\/www.somatechnology.com\/spanish\/wp-json\/wp\/v2\/product_cat?post=4877"},{"taxonomy":"product_tag","embeddable":true,"href":"https:\/\/www.somatechnology.com\/spanish\/wp-json\/wp\/v2\/product_tag?post=4877"}],"curies":[{"name":"wp","href":"https:\/\/api.w.org\/{rel}","templated":true}]}}