{"id":4884,"date":"2016-07-19T21:42:50","date_gmt":"2016-07-19T21:42:50","guid":{"rendered":"http:\/\/equipomedicocentral.com\/wordpress\/product\/ge-critikon-mps\/"},"modified":"2024-01-03T15:21:39","modified_gmt":"2024-01-03T20:21:39","slug":"ge-critikon-mps","status":"publish","type":"product","link":"https:\/\/www.somatechnology.com\/spanish\/equipo-medico-usado-remanufacturado\/monitores-de-signos-vitales\/monitores-multiparametros\/ge-critikon-mps\/","title":{"rendered":"GE Critikon MPS"},"content":{"rendered":"<h2>Caracter\u00edsticas del\u00a0GE Critikon Dinamap MPS<\/h2>\n<p>El altamente confiable Dinamap XL monitor tiene una variedad de configuraciones para satisfacer las necesidades exigentes del piso m\u00e9dico o quir\u00fargico, en un departamento de emergencias, unidad de cuidado agudo, vivero o \u00e1rea pedi\u00e1trica.<\/p>\n<ul>\n<li>Menos de 10 libras.<\/li>\n<li>Se puede comprar una impresora opcional para facilitar la documentaci\u00f3n.<\/li>\n<li>La operaci\u00f3n de la energ\u00eda de la CA o de bater\u00eda se dise\u00f1a as\u00ed que usted no tendr\u00e1 que preocuparse de p\u00e9rdida de la funci\u00f3n o de memoria.<\/li>\n<li>Indicador de bater\u00eda baja audible por lo que no se quedar\u00e1 sin energ\u00eda inesperadamente.<\/li>\n<li>Controles de puntos opcionales SpO2 \u2013 todo dise\u00f1ado para hacer su vida m\u00e1s f\u00e1cil.<\/li>\n<li>En su forma m\u00e1s b\u00e1sica, el monitor Dinamap XL ofrece la misma fiabilidad y rendimiento que se espera de los monitores Dinamap.<\/li>\n<\/ul>\n<p>&nbsp;<\/p>\n","protected":false},"excerpt":{"rendered":"<p>Monitor Multiparametro<\/p>\n","protected":false},"featured_media":11372,"template":"","meta":{"_acf_changed":false,"_relevanssi_hide_post":"","_relevanssi_hide_content":"","_relevanssi_pin_for_all":"","_relevanssi_pin_keywords":"","_relevanssi_unpin_keywords":"","_relevanssi_related_keywords":"","_relevanssi_related_include_ids":"","_relevanssi_related_exclude_ids":"","_relevanssi_related_no_append":"","_relevanssi_related_not_related":"","_relevanssi_related_posts":"","_relevanssi_noindex_reason":"","inline_featured_image":false},"pwb-brand":[1100],"product_brand":[],"product_cat":[50],"product_tag":[3733,3735,3729,3731,3732,3715,3734,3614],"class_list":{"0":"post-4884","1":"product","2":"type-product","3":"status-publish","4":"has-post-thumbnail","6":"pwb-brand-equipo-medico-ge","7":"product_cat-monitores-multiparametros","8":"product_tag-critikon-dinamap-mps","9":"product_tag-critikon-mps-monitores-multiparametros","10":"product_tag-dinamap-monitores-multiparametros","11":"product_tag-ge-critikon-dinamap-mps","12":"product_tag-ge-critikon-mps","13":"product_tag-ge-monitores-multiparametros","14":"product_tag-ge-mps","15":"product_tag-monitores-multiparametros","17":"first","18":"instock","19":"purchasable","20":"product-type-simple"},"acf":[],"brands":[{"id":1100,"name":"GE","slug":"equipo-medico-ge"}],"_links":{"self":[{"href":"https:\/\/www.somatechnology.com\/spanish\/wp-json\/wp\/v2\/product\/4884","targetHints":{"allow":["GET"]}}],"collection":[{"href":"https:\/\/www.somatechnology.com\/spanish\/wp-json\/wp\/v2\/product"}],"about":[{"href":"https:\/\/www.somatechnology.com\/spanish\/wp-json\/wp\/v2\/types\/product"}],"wp:featuredmedia":[{"embeddable":true,"href":"https:\/\/www.somatechnology.com\/spanish\/wp-json\/wp\/v2\/media\/11372"}],"wp:attachment":[{"href":"https:\/\/www.somatechnology.com\/spanish\/wp-json\/wp\/v2\/media?parent=4884"}],"wp:term":[{"taxonomy":"pwb-brand","embeddable":true,"href":"https:\/\/www.somatechnology.com\/spanish\/wp-json\/wp\/v2\/pwb-brand?post=4884"},{"taxonomy":"product_brand","embeddable":true,"href":"https:\/\/www.somatechnology.com\/spanish\/wp-json\/wp\/v2\/product_brand?post=4884"},{"taxonomy":"product_cat","embeddable":true,"href":"https:\/\/www.somatechnology.com\/spanish\/wp-json\/wp\/v2\/product_cat?post=4884"},{"taxonomy":"product_tag","embeddable":true,"href":"https:\/\/www.somatechnology.com\/spanish\/wp-json\/wp\/v2\/product_tag?post=4884"}],"curies":[{"name":"wp","href":"https:\/\/api.w.org\/{rel}","templated":true}]}}