{"id":4891,"date":"2016-07-19T21:42:50","date_gmt":"2016-07-19T21:42:50","guid":{"rendered":"http:\/\/equipomedicocentral.com\/wordpress\/product\/ge-dinamap-procare-300\/"},"modified":"2023-08-23T06:16:55","modified_gmt":"2023-08-23T10:16:55","slug":"ge-dinamap-procare-300","status":"publish","type":"product","link":"https:\/\/www.somatechnology.com\/spanish\/equipo-medico-usado-remanufacturado\/monitores-de-signos-vitales\/monitores-multiparametros\/ge-dinamap-procare-300\/","title":{"rendered":"GE DINAMAP ProCare 300"},"content":{"rendered":"<h2>Caraster\u00edsticas del GE Dinamap ProCare 300<\/h2>\n<ul>\n<li>NIBP, SpO2 &amp; Impresora<\/li>\n<li>Comprensivo \u2014 un monitor para toda la gama de las poblaciones de pacientes-neonatal, pedi\u00e1trico, y adulto<\/li>\n<li>Vers\u00e1til \u2013 utilizado en ER, cirug\u00eda ambulatoria, endoscopia, laboratorio GI, procedimientos especiales, recuperaci\u00f3n\/Paco, telemetr\u00eda, Med-Surgery, y mano de obra y parto<\/li>\n<li>F\u00e1cil de usar-interfaz de bot\u00f3n<\/li>\n<li>Dinamap NIBP Technology \u2014 disponible en los monitores GE solar y Dash<\/li>\n<li>Calidad y confiabilidad de Six Sigma: la calidad incorporada significa lecturas exactas<\/li>\n<li>Opciones de conectividad<\/li>\n<\/ul>\n<h2>Especificaciones del GE Dinamap Procare 300<\/h2>\n<h3>Dimensiones<\/h3>\n<ul>\n<li>Dimensiones (sin temperatura): 9,7 (H) \u00d7 8,6 (W) \u00d7 5,3 (D) pulgadas (24,7 \u00d7 2,9 \u00d7 13,5 cm)<\/li>\n<li>Dimensiones (con temperatura): 9,7 (H) \u00d7 10,0 (W) \u00d7 5,3 (D) pulgadas (24,7 \u00d7 25,4 \u00d7 13,5 cm)<\/li>\n<li>Montajes: autoportantes sobre patas de goma<\/li>\n<li>Portabilidad: llevado por la manija<\/li>\n<\/ul>\n<h3>Monitor<\/h3>\n<ul>\n<li>Protecci\u00f3n contra choques el\u00e9ctricos: alimentado internamente o clase II cuando se alimenta de la fuente de alimentaci\u00f3n externa especificada.<\/li>\n<li>Voltaje de entrada de c.c.: 12 VDC, suministrado de una fuente conforme a IEC 601-1<\/li>\n<li>Fusibles: el monitor contiene cuatro fusibles. Los fusibles son auto-ajustables y montados dentro del monitor. Los fusibles protegen la entrada de CC de baja tensi\u00f3n, la bater\u00eda, la salida de alarma remota y la salida de + 5 V en el conector del puerto host.<\/li>\n<li>Bater\u00eda: 6 voltios, 3,3 amp-horas protegidos por un fusible interno de reajuste autom\u00e1tico y protecci\u00f3n t\u00e9rmica.<\/li>\n<li>Tiempo de funcionamiento m\u00ednimo: 2 horas (ciclo de 5 minutos con un manguito adulto a 25 \u00b0 c, SpO2 activo a 60 BPM, Temp en modo monitor, una impresi\u00f3n de valores actuales cada 5 minutos) de una carga completa.<\/li>\n<li>Tiempo de recarga completa: aprox. 5 hrs de descarga completa cuando el monitor est\u00e1 apagado y aprox. 8 horas cuando el monitor est\u00e1 encendido<\/li>\n<\/ul>\n<h3>Presi\u00f3n sangu\u00ednea<\/h3>\n<ul>\n<li>Rango de presi\u00f3n del manguito: 10 a 290 mmHg (adulto\/PED); 10 a 140 mmHg (reci\u00e9n nacido)<\/li>\n<li>Exactitud de la presi\u00f3n arterial: satisface o excede ANSI\/AAMI SP-10 est\u00e1ndar (error medio \u2264 55mmHg, desviaci\u00f3n est\u00e1ndar \u2264 8mmHg<\/li>\n<li>Tiempo m\u00e1ximo de la determinaci\u00f3n: 120 segundos (adulto\/PED) y 85 segundos (reci\u00e9n nacidos)<\/li>\n<li>Atajo de la sobrepresi\u00f3n: 330 mmHg (adulto\/PED) y 165 mmHg (reci\u00e9n nacido)<\/li>\n<li>Gama del pulso: 30 a 200 golpes\/minuto (adulto\/PED) y 30 a 220 golpes\/minuto (reci\u00e9n nacido)<\/li>\n<li>Exactitud del pulso: \u00b1 3,5%<\/li>\n<li>L\u00edmites sist\u00f3licos (mmHg): 200 alto y 80 bajo<\/li>\n<li>L\u00edmites diast\u00f3licos (mmHg): 120 alto y 30 bajos<\/li>\n<li>Presi\u00f3n de la inflaci\u00f3n: 160 mmHg (adulto\/PED) y 110 mmHg (reci\u00e9n nacido)<\/li>\n<li>Bot\u00f3n de ciclo: 15<\/li>\n<\/ul>\n<h3>Sp02<\/h3>\n<ul>\n<li>Gama de la medida SpO2:10 a 100%<\/li>\n<li>Gama de la medida del pulso: 20 a 250 latidos\/minuto<\/li>\n<li>Tolerancia de precisi\u00f3n y movimiento: adulto sin movimiento \u2013 70 a 100% \u00b1 2 d\u00edgitos; neonato sin movimiento \u2013 70 a 100% \u00b1 3 d\u00edgitos; adulto y neonato con movimiento \u2013 70 a 100% \u00b1 3 d\u00edgitos<\/li>\n<li>Perfusi\u00f3n baja: 70 a 100% \u00b1 2 d\u00edgitos, 0 a 69% no especificado<\/li>\n<li>Ritmo de pulso sin movimiento: 20 a 250 latidos\/min \u00b1 3 d\u00edgitos<\/li>\n<li>Frecuencia de pulso con movimiento: rango fisiol\u00f3gico normal 55 a 125 latidos\/min \u00b1 5 d\u00edgitos<\/li>\n<li>Frecuencia de pulso de perfusi\u00f3n baja: 20 a 250 latidos\/min \u00b1 3 d\u00edgitos<\/li>\n<\/ul>\n<h3>Pulso<\/h3>\n<ul>\n<li>Alto: 150<\/li>\n<li>Bajo: 50<\/li>\n<\/ul>\n<h3>Temperatura<\/h3>\n<ul>\n<li>Rango de modo predictivo: 41,1 \u00b0 c y 106.0 \u00b0 f m\u00e1ximo y 35.6 \u00b0 c y 96.0 \u00b0 f m\u00ednimo<\/li>\n<li>Rango de modo de monitor: 41.1 \u00b0 c y 106.0 \u00b0 f m\u00e1ximo y 26.7 \u00b0 c y 80.0 \u00b0 f m\u00ednimo<\/li>\n<li>Exactitud del modo del monitor: \u00b1 0.1 \u00b0 c; 0.2 \u00b0 f (cuando est\u00e1 probado en un ba\u00f1o l\u00edquido calibrado)<\/li>\n<li>Tiempo de la determinaci\u00f3n: aproximadamente 10 segundos, t\u00edpicos<\/li>\n<\/ul>\n<p>&nbsp;<\/p>\n","protected":false},"excerpt":{"rendered":"<p>Monitores Multiparametros<\/p>\n","protected":false},"featured_media":22624,"template":"","meta":{"_acf_changed":false,"_relevanssi_hide_post":"","_relevanssi_hide_content":"","_relevanssi_pin_for_all":"","_relevanssi_pin_keywords":"","_relevanssi_unpin_keywords":"","_relevanssi_related_keywords":"","_relevanssi_related_include_ids":"","_relevanssi_related_exclude_ids":"","_relevanssi_related_no_append":"","_relevanssi_related_not_related":"","_relevanssi_related_posts":"","_relevanssi_noindex_reason":"","inline_featured_image":false},"pwb-brand":[1100],"product_brand":[],"product_cat":[50],"product_tag":[834,224,833,832,831,830,3715,836,3614,3737,4299,835],"class_list":{"0":"post-4891","1":"product","2":"type-product","3":"status-publish","4":"has-post-thumbnail","6":"pwb-brand-equipo-medico-ge","7":"product_cat-monitores-multiparametros","8":"product_tag-dinamap-procare-300","9":"product_tag-ge","10":"product_tag-ge-dinamap","11":"product_tag-ge-dinamap-300","12":"product_tag-ge-dinamap-procare","13":"product_tag-ge-dinamap-procare-300","14":"product_tag-ge-monitores-multiparametros","15":"product_tag-ge-procare-300","16":"product_tag-monitores-multiparametros","17":"product_tag-monitores-multiparametros-ge","18":"product_tag-monitores-multiparametros-ge-dinamap-procare-300","19":"product_tag-procare-300","21":"first","22":"instock","23":"purchasable","24":"product-type-simple"},"acf":[],"brands":[{"id":1100,"name":"GE","slug":"equipo-medico-ge"}],"_links":{"self":[{"href":"https:\/\/www.somatechnology.com\/spanish\/wp-json\/wp\/v2\/product\/4891","targetHints":{"allow":["GET"]}}],"collection":[{"href":"https:\/\/www.somatechnology.com\/spanish\/wp-json\/wp\/v2\/product"}],"about":[{"href":"https:\/\/www.somatechnology.com\/spanish\/wp-json\/wp\/v2\/types\/product"}],"wp:featuredmedia":[{"embeddable":true,"href":"https:\/\/www.somatechnology.com\/spanish\/wp-json\/wp\/v2\/media\/22624"}],"wp:attachment":[{"href":"https:\/\/www.somatechnology.com\/spanish\/wp-json\/wp\/v2\/media?parent=4891"}],"wp:term":[{"taxonomy":"pwb-brand","embeddable":true,"href":"https:\/\/www.somatechnology.com\/spanish\/wp-json\/wp\/v2\/pwb-brand?post=4891"},{"taxonomy":"product_brand","embeddable":true,"href":"https:\/\/www.somatechnology.com\/spanish\/wp-json\/wp\/v2\/product_brand?post=4891"},{"taxonomy":"product_cat","embeddable":true,"href":"https:\/\/www.somatechnology.com\/spanish\/wp-json\/wp\/v2\/product_cat?post=4891"},{"taxonomy":"product_tag","embeddable":true,"href":"https:\/\/www.somatechnology.com\/spanish\/wp-json\/wp\/v2\/product_tag?post=4891"}],"curies":[{"name":"wp","href":"https:\/\/api.w.org\/{rel}","templated":true}]}}