{"id":4907,"date":"2016-07-19T21:43:45","date_gmt":"2016-07-19T21:43:45","guid":{"rendered":"http:\/\/equipomedicocentral.com\/wordpress\/product\/zoll-e-series\/"},"modified":"2025-12-11T04:54:46","modified_gmt":"2025-12-11T09:54:46","slug":"zoll-e-series","status":"publish","type":"product","link":"https:\/\/www.somatechnology.com\/spanish\/equipo-medico-usado-remanufacturado\/desfibriladores-medicos\/desfibriladores\/zoll-e-series\/","title":{"rendered":"Zoll E-Series"},"content":{"rendered":"<div class=\"wpb-content-wrapper\"><p>[vc_row][vc_column][vc_column_text css=\u00bb\u00bb]<\/p>\n<h2><strong>Zoll E Series<\/strong><\/h2>\n<p>El desfibrilador ZOLL E Series\u00ae fue dise\u00f1ado por profesionales para profesionales. Ning\u00fan otro desfibrilador de monitor con todas las funciones fue dise\u00f1ado espec\u00edficamente para los rigores de su entorno EMS. Ning\u00fan otro desfibrilador ofrece las opciones configurables de la Serie E. Ning\u00fan otro desfibrilador es tan resistente y listo.<\/p>\n<ul>\n<li>Mide las compresiones de pecho y la frecuencia y profundidad en tiempo real, y proporciona retroalimentaci\u00f3n audible visual y opcional. Todos los datos de CPR se pueden registrar y revisar usando el software RescueNet Code Review.<\/li>\n<li>See-Thru CPR, exclusivo de ZOLL, que permite filtrar el artefacto de CPR, lo que le permite ver ritmos organizados sin detener las compresiones.<\/li>\n<li>EasyRead Tri-Mode Display, pantalla para usar tanto en oscuridad de tono como en luz solar directa.<\/li>\n<li>Un nuevo Rapid Cable Deployment System para una implementaci\u00f3n m\u00e1s r\u00e1pida.<\/li>\n<li>Nuevo dise\u00f1o y forma innovadores de jaula antivuelco.<\/li>\n<li>Sistema para una implementaci\u00f3n m\u00e1s r\u00e1pida.<\/li>\n<li>Reloj GPS incorporado, que permite a los usuarios sincronizar el despacho, el desfibrilador y los tiempos de llamada de intervenci\u00f3n, mejorando la precisi\u00f3n general de los datos.<\/li>\n<\/ul>\n<h3>Monitoreo de ECG<\/h3>\n<ul>\n<li>Conexi\u00f3n del paciente: cable de ECG de 3 derivaciones, 5 derivaciones o 12 derivaciones, palas o almohadillas MFE, seleccionables mediante el interruptor del panel frontal.<\/li>\n<li>Protecci\u00f3n de entrada: totalmente protegida contra desfibriladores. Circuito especial que evita la distorsi\u00f3n del ECG mediante el impulso de marcaci\u00f3n (solo en la versi\u00f3n de Pacer).<\/li>\n<li>Monitorizaci\u00f3n implantada de marcapasos: el circuito dedicado detecta la mayor\u00eda de las puntas del marcapasos implantadas y proporciona un marcador de visualizaci\u00f3n est\u00e1ndar de un pico en el trazado del ECG.<\/li>\n<li>Ancho de banda: 0,5-1 Hz (-3 dB) est\u00e1ndar \/ 0,05-150 Hz diagn\u00f3stico 1 Hz &#8211; 21 Hz configurable por el usuario.<\/li>\n<li>Selecci\u00f3n de derivaci\u00f3n: se muestra en un monitor.<\/li>\n<li>Tama\u00f1o de ECG: 0.5, 1, 1.5, 2, 3 cm \/ mV: se muestra en el monitor.<\/li>\n<li>Frecuencia card\u00edaca: pantalla digital 0-300 bpm \u00b1 5%.<\/li>\n<li>Alarma de frecuencia card\u00edaca: el \u00edcono de pantalla indica el estado activado \/ desactivado. Taquicardia seleccionable por el usuario 60-280 lpm, bradicardia 20-100 lpm.<\/li>\n<li>Salida de ECG de 1 voltio: 1.0 voltios \/ cm de deflexi\u00f3n en el registrador de gr\u00e1fico de banda. &lt;Retraso de 25 ms desde la entrada de ECG del paciente.<\/li>\n<li>Formato de visualizaci\u00f3n: visualizaci\u00f3n de la barra m\u00f3vil no fundida.<\/li>\n<li>SmartAlarmsTM: las indicaciones del b\u00edper o de la voz indican ritmo desfibrilable.<\/li>\n<\/ul>\n<h3>Monitor<\/h3>\n<ul>\n<li>Tipo de pantalla: pantalla de cristal l\u00edquido (LCD) en color de alta resoluci\u00f3n.<\/li>\n<li>Tama\u00f1o de pantalla: 5.63 pulgadas (14.3cm).<\/li>\n<li>Velocidad de barrido: 25 mm \/ seg.<\/li>\n<li>Tiempo de visualizaci\u00f3n: 4 segundos.<\/li>\n<li>Canales: 2.<\/li>\n<li>Mensajes: frecuencia card\u00edaca, plomo \/ almohadillas, alarma activada \/ desactivada, SpO2, EtCO2, funciones y avisos AED, funci\u00f3n de prueba del desfibrilador, correcciones de error y fallas, funciones de marcapasos (opcional), marcadores de c\u00f3digo, selecci\u00f3n de alarma y l\u00edmites, energ\u00eda entregada.<\/li>\n<\/ul>\n<h3>Desfibrilador<\/h3>\n<ul>\n<li>Forma de onda: ZOLL Rectilinear Biphasic \u2122.<\/li>\n<li>Tiempo de carga: menos de 6 segundos con una bater\u00eda nueva completamente cargada (las primeras 15 cargas con la energ\u00eda m\u00e1xima). Las bater\u00edas agotadas producir\u00e1n un mayor tiempo de carga del desfibrilador.<\/li>\n<li>Pantalla de energ\u00eda: La pantalla del monitor indica energ\u00eda seleccionada y entregada.<\/li>\n<li>Electrodos de Electrodos Multifuncionales (MFE): Electrodos ZOLL stat\u00ae padz\u00ae MultiFunction pre-gelificados espec\u00edficamente dise\u00f1ados anterior \/ posterior empaquetados en pares.<\/li>\n<li>Probador de desfibrilador incorporado: proporciona la verificaci\u00f3n de la carga y descarga del desfibrilador sin quitar las paletas de los pozos de almacenamiento ni la verificaci\u00f3n de la unidad configurada con el cable MultiFunction.<\/li>\n<li>Alcance de medici\u00f3n de la impedancia del electrodo multifuncional: 0-250 ohmios \u00b1 10% o 5 ohmios, el que sea mayor<\/li>\n<\/ul>\n<h3>Marcapasos (Solo la versi\u00f3n de Marcapaso)<\/h3>\n<ul>\n<li>Tipo: demanda de VVI; asincr\u00f3nico (tasa fija) cuando se usa sin derivaciones de ECG o en modo de estimulaci\u00f3n ASYNC.<\/li>\n<li>Pulso: Rectil\u00edneo, corriente constante; 40 milisegundos \u00b1 2%; amplitud variable de 0 a 140 mA \u00b1 5% o 5 mA, lo que sea mayor; se visualiza digitalmente en el monitor (aumenta o disminuye en un valor de 2 mA); tasa variable de 30 a 180 ppm \u00b1 1.5% (incrementos o decrementos por un valor de 2 ppm).<\/li>\n<li>Protecci\u00f3n de salida: completamente desfibrilador protegido y aislado.<\/li>\n<li>Almohadillas de electrodos multifuncionales (MFE): electrodos multifuncionales ZOLL stat \u2022 padz pre-gelificados espec\u00edficamente dise\u00f1ados en pares.<\/li>\n<\/ul>\n<h3>Impresora<\/h3>\n<ul>\n<li>Papel: 80 mm t\u00e9rmico (ancho de rejilla). 90 mm (ancho del papel).<\/li>\n<li>Velocidad: 25 mm \/ seg.<\/li>\n<li>Anotaciones: Hora, fecha, energ\u00eda de desfibrilaci\u00f3n, frecuencia card\u00edaca, salida de marcapasos (solo versi\u00f3n de marcapasos), marcador de sincronizaci\u00f3n QRS, tama\u00f1o de ECG, derivaci\u00f3n, alarma, prueba de desfibrilaci\u00f3n OK \/ Fail, an\u00e1lisis de ECG, almohadillas desactivadas, an\u00e1lisis detenido, ECG ruidoso, shock aconsejado, sin descarga el\u00e9ctrica, ECG demasiado grande, ECG demasiado peque\u00f1o y ancho de banda de diagn\u00f3stico.<\/li>\n<li>M\u00e9todo de impresi\u00f3n: cabezal de impresi\u00f3n de matriz t\u00e9rmica de alta resoluci\u00f3n.<\/li>\n<li>Modos de impresi\u00f3n: manual o autom\u00e1tico, configurable por el usuario.<\/li>\n<li>Control de encendido \/ apagado: panel frontal y paleta.<\/li>\n<li>Funci\u00f3n autom\u00e1tica: grabaci\u00f3n de 15 segundos iniciada por activaci\u00f3n de alarma o descarga del desfibrilador.<\/li>\n<\/ul>\n<h3>Indicaciones de voz<\/h3>\n<ul>\n<li>\u00abColoque las almohadillas\u00bb, \u00abRevise las almohadillas\u00bb, \u00abControle al paciente\u00bb, \u00abMantente alejado\u00bb, \u00abPresiona la descarga\u00bb, \u00abNo se recomienda descarga\u00bb, \u00abComprueba el pulso\u00bb, \u00abPresiona analizar\u00bb, \u00abSi no hay pulso, realiza la RCP\u00bb.<\/li>\n<\/ul>\n<h3>Indicaciones visuales<\/h3>\n<ul>\n<li>\u00abAn\u00e1lisis de prensa\u00bb, \u00abAnuncio de descarga\u00bb, \u00abNo se recomienda descarga\u00bb, \u00abSelecci\u00f3n de julios\u00bb, \u00abCarga\u00bb, \u00abChoque de prensa\u00bb, \u00abControlar al paciente\u00bb, si no hay pulso, RCP\u201d.<\/li>\n<\/ul>\n<h3>PCMCIA Card Slots<\/h3>\n<ul>\n<li>Acepta dos series est\u00e1ndar de tarjetas flash tipo II, 2, 4, 16 y 32 MB: capacidad de tarjetas de m\u00f3dem de fax en la ranura 1, tarjetas de datos en la ranura 2.<\/li>\n<\/ul>\n<h3>PCMCIA Card<\/h3>\n<ul>\n<li>Registra ECG continuo y datos del dispositivo; opcionalmente graba datos de audio digitalmente comprimidos.<\/li>\n<\/ul>\n<h3>Paquetes de bater\u00eda<\/h3>\n<ul>\n<li>Tipo: \u00e1cido de plomo sellado. Iones de litio.<\/li>\n<li>Tiempo de recarga: \u00e1cido de plomo sellado: 4 horas o menos con el cargador integrado. Iones de litio: 7 horas o menos con cargador integrado.<\/li>\n<li>Tiempo de funcionamiento: \u00e1cido de plomo sellado: para un nuevo paquete de bater\u00eda completamente cargado a 20 \u00b0 C; 40 descargas a la m\u00e1xima energ\u00eda o 2.75 horas de monitorizaci\u00f3n ECG continua, o 2.25 horas de monitorizaci\u00f3n \/ estimulaci\u00f3n continua de ECG a 60 mA, 80 latidos \/ min. Iones de litio: 100 descargas de desfibrilador a la m\u00e1xima energ\u00eda (200J), o 4.25 horas de monitorizaci\u00f3n continua de ECG, o 3.75 horas de monitorizaci\u00f3n \/ marcaci\u00f3n continua de ECG a 60 mA, 80 latidos por minuto. Los par\u00e1metros adicionales afectar\u00e1n el tiempo de operaci\u00f3n: consulte su Gu\u00eda del operador.<\/li>\n<\/ul>\n<h3>Informaci\u00f3n General<\/h3>\n<ul>\n<li>Tama\u00f1o: 5,75 pulgadas (14,6 cm) de alto x 13,1 pulgadas (33,3 cm) de ancho x 10,5 pulgadas (26,7 cm) de profundidad.<\/li>\n<li>Peso: 13.2 lb. (6.0 kg) sin caja de seguridad o bater\u00eda; 15,4 lb (7,0 kg) con bater\u00eda de \u00e1cido de plomo sellada; 14,6 lb. (6,6 kg) con bater\u00eda de iones de litio.<\/li>\n<li>Est\u00e1ndares de dise\u00f1o: Cumple o supera UL 60601-1, AAMI DF-80, IEC 60601-2-4, EN 60601-2-25 y EN 60601-2-27.<\/li>\n<li>Seguridad del paciente: todas las conexiones de los pacientes est\u00e1n aisladas el\u00e9ctricamente.<\/li>\n<li>Medio ambiente: Temperatura: en funcionamiento: de 0 \u00b0 C a 55 \u00b0 C (32 \u00b0 F a 131 \u00b0 F). Temperatura de almacenamiento: -20 \u00b0 a 60 \u00b0 C (-4 \u00b0 F a 14 \u00b0 F).<\/li>\n<li>Nota: El dispositivo de la Serie E puede no funcionar seg\u00fan las especificaciones cuando se almacena en los l\u00edmites extremos superior e inferior de la temperatura de almacenamiento e inmediatamente se pone en uso.<\/li>\n<li>Humedad: 5 a 95% de humedad relativa, sin condensaci\u00f3n. Vibraci\u00f3n: Mil-Std-810F, prueba de integridad m\u00ednima. Choque: IEC 68-2-27, 100 g 6 mS medio seno. Presi\u00f3n de funcionamiento: 594 a 1060 mBar. Ingreso de material: IP34 seg\u00fan EN 60601-1. Compatibilidad electromagn\u00e9tica. (EMC): CISPR 11 Clase B &#8211; Emisiones radiadas y conducidas, CISPR 11 Clase A &#8211; Emisiones radiadas y conducidas (entrada de dc solamente). Inmunidad electromagn\u00e9tica: AAMI DF-80, IEC 61000-4-3 a 10V \/ m. Descarga electrost\u00e1tica: AAMI DF-80, IEC 61000-4-2.<\/li>\n<li>Susceptibilidad conducida: IEC 6100-4-4, IEC 61000-4-5, IEC 6100-4-6.<\/li>\n<li>Alimentaci\u00f3n de CA: Cumple todos los requisitos de seguridad IEC, UL y AAMI.<\/li>\n<li>Opciones: Roll jaula con bolsas laterales de gesti\u00f3n de cables o estuche blando con bolsas laterales.<\/li>\n<\/ul>\n<p>[\/vc_column_text][\/vc_column][\/vc_row]<\/p>\n<\/div>","protected":false},"excerpt":{"rendered":"<p>Desfibrilador<\/p>\n","protected":false},"featured_media":22978,"template":"","meta":{"_acf_changed":false,"_relevanssi_hide_post":"","_relevanssi_hide_content":"","_relevanssi_pin_for_all":"","_relevanssi_pin_keywords":"","_relevanssi_unpin_keywords":"","_relevanssi_related_keywords":"","_relevanssi_related_include_ids":"","_relevanssi_related_exclude_ids":"","_relevanssi_related_no_append":"","_relevanssi_related_not_related":"","_relevanssi_related_posts":"","_relevanssi_noindex_reason":"","inline_featured_image":false},"pwb-brand":[1117],"product_brand":[],"product_cat":[97,4765],"product_tag":[268,1017,1016,1015],"class_list":{"0":"post-4907","1":"product","2":"type-product","3":"status-publish","4":"has-post-thumbnail","6":"pwb-brand-desfibriladores-zoll","7":"product_cat-desfibriladores","8":"product_cat-desfibriladores-portatiles","9":"product_tag-zoll","10":"product_tag-zoll-desfibriladores","11":"product_tag-zoll-e","12":"product_tag-zoll-e-series","14":"first","15":"instock","16":"purchasable","17":"product-type-simple"},"acf":[],"brands":[{"id":1117,"name":"Zoll","slug":"desfibriladores-zoll"}],"_links":{"self":[{"href":"https:\/\/www.somatechnology.com\/spanish\/wp-json\/wp\/v2\/product\/4907","targetHints":{"allow":["GET"]}}],"collection":[{"href":"https:\/\/www.somatechnology.com\/spanish\/wp-json\/wp\/v2\/product"}],"about":[{"href":"https:\/\/www.somatechnology.com\/spanish\/wp-json\/wp\/v2\/types\/product"}],"wp:featuredmedia":[{"embeddable":true,"href":"https:\/\/www.somatechnology.com\/spanish\/wp-json\/wp\/v2\/media\/22978"}],"wp:attachment":[{"href":"https:\/\/www.somatechnology.com\/spanish\/wp-json\/wp\/v2\/media?parent=4907"}],"wp:term":[{"taxonomy":"pwb-brand","embeddable":true,"href":"https:\/\/www.somatechnology.com\/spanish\/wp-json\/wp\/v2\/pwb-brand?post=4907"},{"taxonomy":"product_brand","embeddable":true,"href":"https:\/\/www.somatechnology.com\/spanish\/wp-json\/wp\/v2\/product_brand?post=4907"},{"taxonomy":"product_cat","embeddable":true,"href":"https:\/\/www.somatechnology.com\/spanish\/wp-json\/wp\/v2\/product_cat?post=4907"},{"taxonomy":"product_tag","embeddable":true,"href":"https:\/\/www.somatechnology.com\/spanish\/wp-json\/wp\/v2\/product_tag?post=4907"}],"curies":[{"name":"wp","href":"https:\/\/api.w.org\/{rel}","templated":true}]}}