{"id":4926,"date":"2016-07-19T21:43:45","date_gmt":"2016-07-19T21:43:45","guid":{"rendered":"http:\/\/equipomedicocentral.com\/wordpress\/product\/siemens-siremobil-2000\/"},"modified":"2023-08-23T06:17:13","modified_gmt":"2023-08-23T10:17:13","slug":"siemens-siremobil-2000","status":"publish","type":"product","link":"https:\/\/www.somatechnology.com\/spanish\/equipo-medico-usado-remanufacturado\/imagenologia-radiologia\/arcos-en-c\/siemens-siremobil-2000\/","title":{"rendered":"Siemens Siremobil 2000"},"content":{"rendered":"<h2>Caracter\u00edsticas del Arco en C Siemens Siremobil 2000<\/h2>\n<p>El SIEMENS Siremobil 2000 apoya varios usos quir\u00fargicos en cirug\u00eda general, ortopedia, trauma, gerencia del dolor y cuidado ambulativo. Gracias a su dise\u00f1o compacto y ergon\u00f3mico, es particularmente f\u00e1cil de manejar y operar. Esto significa un flujo de trabajo acelerado y en \u00faltima instancia un ahorro significativo de tiempo y costes en su trabajo diario.<\/p>\n<ul>\n<li>Intensificador de imagen Tri-Mode 9\/7\/5 \u2033<\/li>\n<li>Tubo de radiograf\u00eda certificado<\/li>\n<li>Memoscop 200 Image Storage<\/li>\n<li>VIDEOMED c\u00e1mara CCD<\/li>\n<li>Monitores duales de la Hola-resoluci\u00f3n de 17 \u2033<\/li>\n<\/ul>\n<p><strong>\u00a0<\/strong><\/p>\n","protected":false},"excerpt":{"rendered":"<p>Arco en C M\u00f3vil<\/p>\n","protected":false},"featured_media":11721,"template":"","meta":{"_acf_changed":false,"_relevanssi_hide_post":"","_relevanssi_hide_content":"","_relevanssi_pin_for_all":"","_relevanssi_pin_keywords":"","_relevanssi_unpin_keywords":"","_relevanssi_related_keywords":"","_relevanssi_related_include_ids":"","_relevanssi_related_exclude_ids":"","_relevanssi_related_no_append":"","_relevanssi_related_not_related":"","_relevanssi_related_posts":"","_relevanssi_noindex_reason":"","inline_featured_image":false},"pwb-brand":[1123],"product_brand":[],"product_cat":[66],"product_tag":[4008,4654,4653,4677,4676],"class_list":{"0":"post-4926","1":"product","2":"type-product","3":"status-publish","4":"has-post-thumbnail","6":"pwb-brand-equipo-medico-siemens","7":"product_cat-arcos-en-c","8":"product_tag-arcos-en-c","9":"product_tag-arcos-en-c-siemens","10":"product_tag-siemens-arcos-en-c","11":"product_tag-siemens-siremobil-2000-arcos-en-c","12":"product_tag-siemens-siremobil-arcos-en-c","14":"first","15":"instock","16":"purchasable","17":"product-type-simple"},"acf":[],"brands":[{"id":1123,"name":"Siemens","slug":"equipo-medico-siemens"}],"_links":{"self":[{"href":"https:\/\/www.somatechnology.com\/spanish\/wp-json\/wp\/v2\/product\/4926","targetHints":{"allow":["GET"]}}],"collection":[{"href":"https:\/\/www.somatechnology.com\/spanish\/wp-json\/wp\/v2\/product"}],"about":[{"href":"https:\/\/www.somatechnology.com\/spanish\/wp-json\/wp\/v2\/types\/product"}],"wp:featuredmedia":[{"embeddable":true,"href":"https:\/\/www.somatechnology.com\/spanish\/wp-json\/wp\/v2\/media\/11721"}],"wp:attachment":[{"href":"https:\/\/www.somatechnology.com\/spanish\/wp-json\/wp\/v2\/media?parent=4926"}],"wp:term":[{"taxonomy":"pwb-brand","embeddable":true,"href":"https:\/\/www.somatechnology.com\/spanish\/wp-json\/wp\/v2\/pwb-brand?post=4926"},{"taxonomy":"product_brand","embeddable":true,"href":"https:\/\/www.somatechnology.com\/spanish\/wp-json\/wp\/v2\/product_brand?post=4926"},{"taxonomy":"product_cat","embeddable":true,"href":"https:\/\/www.somatechnology.com\/spanish\/wp-json\/wp\/v2\/product_cat?post=4926"},{"taxonomy":"product_tag","embeddable":true,"href":"https:\/\/www.somatechnology.com\/spanish\/wp-json\/wp\/v2\/product_tag?post=4926"}],"curies":[{"name":"wp","href":"https:\/\/api.w.org\/{rel}","templated":true}]}}