{"id":4930,"date":"2016-07-19T21:43:45","date_gmt":"2016-07-19T21:43:45","guid":{"rendered":"http:\/\/equipomedicocentral.com\/wordpress\/product\/medtronic-physio-control-lifecap-plus\/"},"modified":"2025-12-11T03:55:57","modified_gmt":"2025-12-11T08:55:57","slug":"medtronic-physio-control-lifecap-plus","status":"publish","type":"product","link":"https:\/\/www.somatechnology.com\/spanish\/equipo-medico-usado-remanufacturado\/monitores-de-signos-vitales\/monitores-de-agente-y-co2\/medtronic-physio-control-lifecap-plus\/","title":{"rendered":"Medtronic Physio Control Lifecap Plus"},"content":{"rendered":"<h2><strong>Medtronic Physio Control Lifecap Plus<\/strong><\/h2>\n<p>La tecnolog\u00eda innovadora Microstream CO2 y el ox\u00edmetro de pulso Nellcor confiable, las unidades ofrecen muchas de las mismas ventajas que la capnograf\u00eda y el pulso. Cada dispositivo resistente pesa menos de 2 lbs y mide aproximadamente 8 \u00abx 3.5\u00bb x 2\u2033.<\/p>\n<h3>Capnograf\u00eda<\/h3>\n<ul>\n<li>Rango de visualizaci\u00f3n: 0-99 mmHg; 0-13.0 Vol%; 0-13.2 kPa<\/li>\n<li>Velocidad de flujo de muestreo de CO2: 50 ml \/ min<\/li>\n<li>Tiempo de calentamiento: 30 segundos t\u00edpico<\/li>\n<li>Precisi\u00f3n: 0-38 mmHg \u00b1 2 mmHg; 39-99 mmHg \u00b1 5% de lectura<\/li>\n<li>Tasa de respiraci\u00f3n: 0-150 respiraciones \/ min<\/li>\n<li>Modos: adulto, neonatal<\/li>\n<\/ul>\n<h3>Ox\u00edmetro de pulso<\/h3>\n<ul>\n<li>Rango de visualizaci\u00f3n: Saturaci\u00f3n de SpO2 0% -100%<\/li>\n<li>Frecuencia de pulso: 20-250 latidos \/ minutos<\/li>\n<li>Precisi\u00f3n: Adultos 70% -100% \u00b1 2 d\u00edgitos, 0-69% no especificado<\/li>\n<li>Neonato: 70% -100% \u00b1 2 d\u00edgitos, 0-69% no especificado<\/li>\n<\/ul>\n<p>&nbsp;<\/p>\n","protected":false},"excerpt":{"rendered":"<p>La tecnolog\u00eda innovadora Microstream CO2 y el ox\u00edmetro de pulso Nellcor confiable, las unidades ofrecen muchas de las mismas ventajas que la capnograf\u00eda y el pulso. Cada dispositivo resistente pesa menos de 2 lbs y mide aproximadamente 8 \u00abx 3.5\u00bb x 2\u2033.<\/p>\n","protected":false},"featured_media":32650,"template":"","meta":{"_acf_changed":false,"_relevanssi_hide_post":"","_relevanssi_hide_content":"","_relevanssi_pin_for_all":"","_relevanssi_pin_keywords":"","_relevanssi_unpin_keywords":"","_relevanssi_related_keywords":"","_relevanssi_related_include_ids":"","_relevanssi_related_exclude_ids":"","_relevanssi_related_no_append":"","_relevanssi_related_not_related":"","_relevanssi_related_posts":"","_relevanssi_noindex_reason":"","inline_featured_image":false},"pwb-brand":[1107],"product_brand":[],"product_cat":[60,9500],"product_tag":[605,607,609,466,603,604,606,608],"class_list":{"0":"post-4930","1":"product","2":"type-product","3":"status-publish","4":"has-post-thumbnail","6":"pwb-brand-equipo-medico-medtronic","7":"product_cat-monitores-de-agente-y-co2","8":"product_cat-monitores-de-capnografia","9":"product_tag-control","10":"product_tag-lifecap","11":"product_tag-lifecap-plus","12":"product_tag-medtronic","13":"product_tag-medtronic-physio-control-lifecap-plus","14":"product_tag-physio","15":"product_tag-physio-control","16":"product_tag-physio-control-lifecap","18":"first","19":"instock","20":"purchasable","21":"product-type-simple"},"acf":[],"brands":[{"id":1107,"name":"Medtronic","slug":"equipo-medico-medtronic"}],"_links":{"self":[{"href":"https:\/\/www.somatechnology.com\/spanish\/wp-json\/wp\/v2\/product\/4930","targetHints":{"allow":["GET"]}}],"collection":[{"href":"https:\/\/www.somatechnology.com\/spanish\/wp-json\/wp\/v2\/product"}],"about":[{"href":"https:\/\/www.somatechnology.com\/spanish\/wp-json\/wp\/v2\/types\/product"}],"wp:featuredmedia":[{"embeddable":true,"href":"https:\/\/www.somatechnology.com\/spanish\/wp-json\/wp\/v2\/media\/32650"}],"wp:attachment":[{"href":"https:\/\/www.somatechnology.com\/spanish\/wp-json\/wp\/v2\/media?parent=4930"}],"wp:term":[{"taxonomy":"pwb-brand","embeddable":true,"href":"https:\/\/www.somatechnology.com\/spanish\/wp-json\/wp\/v2\/pwb-brand?post=4930"},{"taxonomy":"product_brand","embeddable":true,"href":"https:\/\/www.somatechnology.com\/spanish\/wp-json\/wp\/v2\/product_brand?post=4930"},{"taxonomy":"product_cat","embeddable":true,"href":"https:\/\/www.somatechnology.com\/spanish\/wp-json\/wp\/v2\/product_cat?post=4930"},{"taxonomy":"product_tag","embeddable":true,"href":"https:\/\/www.somatechnology.com\/spanish\/wp-json\/wp\/v2\/product_tag?post=4930"}],"curies":[{"name":"wp","href":"https:\/\/api.w.org\/{rel}","templated":true}]}}