{"id":4986,"date":"2016-07-19T21:46:18","date_gmt":"2016-07-19T21:46:18","guid":{"rendered":"http:\/\/equipomedicocentral.com\/wordpress\/product\/conmed-system-5000\/"},"modified":"2023-08-23T06:17:45","modified_gmt":"2023-08-23T10:17:45","slug":"conmed-system-5000","status":"publish","type":"product","link":"https:\/\/www.somatechnology.com\/spanish\/equipo-medico-usado-remanufacturado\/unidades-electroquirurgicas-electrobisturis\/conmed-system-5000\/","title":{"rendered":"Conmed System 5000"},"content":{"rendered":"<div id=\"tabs\">\n<div class=\"tab-content\">\n<div id=\"descPane\" class=\"tab-pane active\">\n<div id=\"ctl00_ctl00_NestedMaster_PageContent_ctl00_ProductDescription1_DescriptionAjax\">\n<div class=\"widget productDescription\">\n<div class=\"innerSection\">\n<div class=\"content\">\n<div class=\"descriptionWrapper\">\n<h2>Caracter\u00edsticas del\u00a0Conmed System 5000<\/h2>\n<ul>\n<li>Modo general, utilizado tradicionalmente en procedimientos abiertos.<\/li>\n<li>Modos fluidos \u2013 la puesta en marcha r\u00e1pida en ambientes fluidos, como Urolog\u00eda o artroscopia.<\/li>\n<li>El modo laparosc\u00f3pico, limita el voltaje de salida para minimizar los posibles efectos nocivos del acoplamiento capacitivo y la aver\u00eda del aislamiento.<\/li>\n<li>Corte de pulso, \u00fatil cuando se necesita el efecto de corte preciso alrededor de estructuras delicadas.<\/li>\n<li>La coagulaci\u00f3n del pulso proporciona homeostasis superficial a trav\u00e9s de r\u00e1fagas pulsantes de la energ\u00eda de la coagulaci\u00f3n.<\/li>\n<li>El medidor de salida bipolar proporciona retroalimentaci\u00f3n sobre los niveles de desecaci\u00f3n a trav\u00e9s de indicadores audibles y visuales.<\/li>\n<li>El brazo (supervisi\u00f3n de vuelta autom\u00e1tica), proporciona la advertencia avanzada del paciente comprometido al contacto dispersivo del electrodo.<\/li>\n<\/ul>\n<h3><strong>El corte monopolar (mezcla) coagula<\/strong><\/h3>\n<ul>\n<li>MaX. Salida de energ\u00eda (en ohmios clasificados) (sistemas) \u2022 m\u00e1s de 250 vatios 300<\/li>\n<li>M\u00e1ximo pico de tensi\u00f3n: 820 puros<\/li>\n<li>MaX. Salida de energ\u00eda (en ohmios clasificados) (sistemas) \u2022 hasta 150 vatios 80<\/li>\n<li>M\u00e1ximo pico de tensi\u00f3n: 6.350 spray<\/li>\n<\/ul>\n<h3><strong>Bipolar (Macro, Micro)<\/strong><\/h3>\n<ul>\n<li>MaX. Salida de energ\u00eda (en ohmios clasificados) (sistemas) \u2022 hasta 150 vatios 90<\/li>\n<li>\u2022 M\u00e1ximo pico de tensi\u00f3n: 610 macro<\/li>\n<li>MaX. Salida de energ\u00eda (en ohmios clasificados) (sistemas) \u2022 hasta 50 vatios 50<\/li>\n<li>\u2022 M\u00e1ximo pico de tensi\u00f3n: 170 micro<\/li>\n<\/ul>\n<h2>Especificaciones del\u00a0Conmed System 5000<\/h2>\n<h3><strong>Dimensiones<\/strong><\/h3>\n<ul>\n<li>14\u201d x 35\u201d x 48\u201d (5.5cm x 13.5cm x 18.9 cm\u201d)<\/li>\n<\/ul>\n<h3><strong>Peso<\/strong><\/h3>\n<ul>\n<li>8 lbs. (21.5 kg)<\/li>\n<\/ul>\n<h3><strong>Generator<\/strong><\/h3>\n<ul>\n<li>Solid-state<\/li>\n<\/ul>\n<p><strong>Frequencia<\/strong><\/p>\n<ul>\n<li>391 cut, 562 coag<\/li>\n<li>391 bipolar<\/li>\n<\/ul>\n<h3><strong>Sistema de enfriamiento<\/strong><\/h3>\n<ul>\n<li>Convecci\u00f3n, ventilador<\/li>\n<\/ul>\n<h3><strong>Salida independiente<\/strong><\/h3>\n<ul>\n<li>Si<\/li>\n<\/ul>\n<h3><strong>Pantalla de ajuste de potencia<\/strong><\/h3>\n<ul>\n<li>Si<\/li>\n<\/ul>\n<h3><strong>Alertas Visuales<\/strong><\/h3>\n<ul>\n<li>Si<\/li>\n<\/ul>\n<h3><strong>Alertas Audibles<\/strong><\/h3>\n<ul>\n<li>2 tonos<\/li>\n<\/ul>\n<h3><strong>Control de volumen (se\u00f1ales)<\/strong><\/h3>\n<ul>\n<li>Yes<\/li>\n<\/ul>\n<h3><strong>Energ\u00eda necesaria, VAC (energ\u00eda)<\/strong><\/h3>\n<ul>\n<li>90-127, 198-253\u2033<\/li>\n<\/ul>\n<h3><strong>Ancho de banda (salidas)<\/strong><\/h3>\n<ul>\n<li>2<\/li>\n<\/ul>\n<h3><strong>Pedal<\/strong><\/h3>\n<ul>\n<li>Si<\/li>\n<\/ul>\n<h3><strong>Sistema bipolar<\/strong><\/h3>\n<ul>\n<li>Si<\/li>\n<\/ul>\n<p>&nbsp;<\/p>\n<\/div>\n<\/div>\n<\/div>\n<\/div>\n<\/div>\n<\/div>\n<\/div>\n<\/div>\n","protected":false},"excerpt":{"rendered":"<p>Electrobisturis<\/p>\n","protected":false},"featured_media":20039,"template":"","meta":{"_acf_changed":false,"_relevanssi_hide_post":"","_relevanssi_hide_content":"","_relevanssi_pin_for_all":"","_relevanssi_pin_keywords":"","_relevanssi_unpin_keywords":"","_relevanssi_related_keywords":"","_relevanssi_related_include_ids":"","_relevanssi_related_exclude_ids":"","_relevanssi_related_no_append":"","_relevanssi_related_not_related":"","_relevanssi_related_posts":"","_relevanssi_noindex_reason":"","inline_featured_image":false},"pwb-brand":[1168],"product_brand":[],"product_cat":[76],"product_tag":[1528,4904,1524,1553,1558,4932,1559,1554,1896],"class_list":{"0":"post-4986","1":"product","2":"type-product","3":"status-publish","4":"has-post-thumbnail","6":"pwb-brand-electrobisturis-conmed","7":"product_cat-unidades-electroquirurgicas-electrobisturis","8":"product_tag-conmed","9":"product_tag-conmed-electrobisturis","10":"product_tag-conmed-esu","11":"product_tag-conmed-system","12":"product_tag-conmed-system-5000","13":"product_tag-conmed-system-5000-electrobisturis","14":"product_tag-conmed-system-5000-esu","15":"product_tag-conmed-system-esu","16":"product_tag-electrobisturis","18":"first","19":"instock","20":"featured","21":"purchasable","22":"product-type-simple"},"acf":[],"brands":[{"id":1168,"name":"Conmed","slug":"electrobisturis-conmed"}],"_links":{"self":[{"href":"https:\/\/www.somatechnology.com\/spanish\/wp-json\/wp\/v2\/product\/4986","targetHints":{"allow":["GET"]}}],"collection":[{"href":"https:\/\/www.somatechnology.com\/spanish\/wp-json\/wp\/v2\/product"}],"about":[{"href":"https:\/\/www.somatechnology.com\/spanish\/wp-json\/wp\/v2\/types\/product"}],"wp:featuredmedia":[{"embeddable":true,"href":"https:\/\/www.somatechnology.com\/spanish\/wp-json\/wp\/v2\/media\/20039"}],"wp:attachment":[{"href":"https:\/\/www.somatechnology.com\/spanish\/wp-json\/wp\/v2\/media?parent=4986"}],"wp:term":[{"taxonomy":"pwb-brand","embeddable":true,"href":"https:\/\/www.somatechnology.com\/spanish\/wp-json\/wp\/v2\/pwb-brand?post=4986"},{"taxonomy":"product_brand","embeddable":true,"href":"https:\/\/www.somatechnology.com\/spanish\/wp-json\/wp\/v2\/product_brand?post=4986"},{"taxonomy":"product_cat","embeddable":true,"href":"https:\/\/www.somatechnology.com\/spanish\/wp-json\/wp\/v2\/product_cat?post=4986"},{"taxonomy":"product_tag","embeddable":true,"href":"https:\/\/www.somatechnology.com\/spanish\/wp-json\/wp\/v2\/product_tag?post=4986"}],"curies":[{"name":"wp","href":"https:\/\/api.w.org\/{rel}","templated":true}]}}