{"id":4993,"date":"2016-07-19T21:46:18","date_gmt":"2016-07-19T21:46:18","guid":{"rendered":"http:\/\/equipomedicocentral.com\/wordpress\/product\/erbe-icc-200\/"},"modified":"2023-08-23T06:17:47","modified_gmt":"2023-08-23T10:17:47","slug":"erbe-icc-200","status":"publish","type":"product","link":"https:\/\/www.somatechnology.com\/spanish\/equipo-medico-usado-remanufacturado\/unidades-electroquirurgicas-electrobisturis\/erbe-icc-200\/","title":{"rendered":"ERBE ICC 200"},"content":{"rendered":"<h2>CARACTER\u00cdSTICAS DE ERBE ERBOTOM ICC 200<\/h2>\n<p>El <strong>Erbe Erbotom ICC 200<\/strong> es una unidad electroquir\u00fargica que ofrece m\u00e1s de 200 vatios de salida. El ERBE ICC 200 tiene una variedad de modos de corte de coagulaci\u00f3n; Auto Cut, Endo Cut, Coagulaci\u00f3n Forzada, Coagulaci\u00f3n Suave y Coagulaci\u00f3n Bipolar. El aparato de electrocirug\u00eda Erbe ofrece un control de corte &#8211; que se puede utilizar para una calidad de corte bien definida y reproducible. As\u00ed como un Endo Cut que ofrece los mejores controles de corte y que puede utilizarse en la polipectom\u00eda para eliminar p\u00f3lipos y para el corte durante el procedimiento de papilotom\u00eda.<\/p>\n<ul>\n<li>ENDO CUT para uso con alambres de asa y esfinterotomos<\/li>\n<li>Potencia a la carta &#8211; Tanto como sea necesario, tan poco como sea posible<\/li>\n<li>Coagulaci\u00f3n forzada<\/li>\n<li>Coagulaci\u00f3n suave<\/li>\n<li>Ampliable para uso de Arg\u00f3n<\/li>\n<\/ul>\n<h3>Modos de Corte de la Coagulaci\u00f3n<\/h3>\n<ul>\n<li><strong>Auto Cut<\/strong> &#8211; Sistema de control autom\u00e1tico de bucle abierto y cerrado, calidad de corte garantizada para poder ser reproducible y consistente.<\/li>\n<li><strong>Endo Cut<\/strong> &#8211; Para su uso con alambres de asa y esfinterotomos.<\/li>\n<li><strong>Coagulaci\u00f3n forzada<\/strong> &#8211; Forma \u00fanica y eficaz de detener el flujo de sangre creando chispas con peque\u00f1os electrodos de superficie, como los lazos de resecci\u00f3n de la RTU.<\/li>\n<li><strong>Coagulaci\u00f3n suave<\/strong> &#8211; Se puede activar mediante una llave o un pedal acoplado a la m\u00e1quina.<\/li>\n<li><strong>Coagulaci\u00f3n bipolar<\/strong> &#8211; Ofrece un control de corte consistente, el voltaje es inferior a 200Vp.<\/li>\n<\/ul>\n<h2>ESPECIFICACIONES DE ERBE ERBOTOM ICC 200<\/h2>\n<h3>Dimesiones<\/h3>\n<ul>\n<li>Ancho: 5.9\u201d (280 mm)<\/li>\n<li>Altura: 11\u201d (152 mm)<\/li>\n<li>Profundidad: 14.5\u201d (368 mm)<\/li>\n<li>Peso: 17.6 lbs (8kg)<\/li>\n<\/ul>\n<h3>Modos de Operaci\u00f3n<\/h3>\n<ul>\n<li>Funcionamiento intermitente: Tiempo de encendido 25 % (por ejemplo, activado durante 10 seg. \/ desactivado durante 30 seg.)<\/li>\n<\/ul>\n<h3>Condiciones ambientales para el env\u00edo y almacenamiento de la unidad<\/h3>\n<ul>\n<li>Temperatura: -40\u00b0C a + 70\u00b0C<\/li>\n<li>Humedad del Aire, reativa: 10% a 95%<\/li>\n<\/ul>\n<h3>Condiciones ambientales para el funcionamiento de la unidad<\/h3>\n<ul>\n<li>Temperatura: -10\u00b0C a + 40\u00b0C<\/li>\n<li>Humedad del Aire, relativa: 130% a 75%, sin condensaci\u00f3n<\/li>\n<\/ul>\n<h3>Condiciones de Alimentaci\u00f3n<\/h3>\n<ul>\n<li>Tensi\u00f3n nominal: 240 V \/ 230 V \/ 115 V \/ 110 V \/ 100 V \u00b1 10 %.<\/li>\n<li>Frecuencia nominal de alimentaci\u00f3n: 50 \/ 60 Hz<\/li>\n<li>Corriente de alimentaci\u00f3n: 3.0 A a 230 &#8211; 240 V \/ 6.0 A a 100 &#8211; 115 V<\/li>\n<li>Consumo de energ\u00eda en modo de espera: 25 vatios<\/li>\n<li>Consumo de energ\u00eda al m\u00e1ximo. Potencia HF: 450 vatios 690 VA<\/li>\n<li>Consumo de corriente en modo de espera 150 mA a 230 &#8211; 240 V \/ 300 mA a 100 &#8211; 115 V<\/li>\n<li>Terminal de compensaci\u00f3n de potencial: S\u00ed<\/li>\n<li>Fusible de alimentaci\u00f3n: 2 de quemado lento, 4 A a 230 &#8211; 240 V \/ 8 A a 100 &#8211; 115 V<\/li>\n<\/ul>\n<h3>Energ\u00eda<\/h3>\n<ul>\n<li>Salida de energ\u00eda m\u00e1x. ( a ohmios nominales) (Sistemas) Hasta 250 Watt 200<\/li>\n<li>Tensi\u00f3n m\u00e1xima, vp-p (Sistemas) Controlado por software<\/li>\n<li>Energ\u00eda m\u00e1x. ( a ohmios nominales) (Sistemas) Hasta 150 vatios 120<\/li>\n<li>Tensi\u00f3n m\u00e1xima, vp-p (Sistemas) 380 suave, 5,600 spray<\/li>\n<li>Bipolar (Sistemas) Coagular<\/li>\n<li>Salida de energ\u00eda m\u00e1x. ( a ohmios nominales) (Sistemas) Hasta 150 vatios 120<\/li>\n<li>Tensi\u00f3n m\u00e1xima, vp-p (Sistemas) 380<\/li>\n<\/ul>\n<h3>Corte\/ Autocorte con Control Autom\u00e1tico de la Tensi\u00f3n<\/h3>\n<ul>\n<li>Forma de onda de la tensi\u00f3n HF tensi\u00f3n alterna sinusoidal no modulada<\/li>\n<li>Factor de cresta C, a RL=500 ohmios C = 1.4 para todos los ajustes<\/li>\n<li>Frecuencia nominal 330 kHz Tensi\u00f3n HF m\u00e1xima a RL=\u221e 600 Vp<\/li>\n<li>Impedancia din\u00e1mica interna en el rango de carga nominal 0 ohmios<\/li>\n<li>Calidad de corte 4 efectos de coagulaci\u00f3n seleccionables<\/li>\n<li>Consistencia de los 4 efectos de coagulaci\u00f3n controlada autom\u00e1ticamente<\/li>\n<li>Potencia nominal HF 200 vatios a RL = 500 ohmios H<\/li>\n<li>Limitaci\u00f3n de potencia HF de 1 a 200 vatios en pasos de 1 vatio<\/li>\n<li>Ajuste de la limitaci\u00f3n de potencia HF mediante las teclas arriba\/abajo<\/li>\n<li>Visualizaci\u00f3n de la limitaci\u00f3n de potencia HF Pantalla de 7 segmentos, 3 decimales<\/li>\n<li>Precisi\u00f3n de la limitaci\u00f3n de potencia HF +\/- 1 d\u00edgito o +\/- 15%<\/li>\n<li>Control autom\u00e1tico de la potencia (PPS) s\u00ed Activaci\u00f3n del modo de corte mediante tecla o mediante pedal<\/li>\n<\/ul>\n<h3>Coagulaci\u00f3n Suave<\/h3>\n<ul>\n<li>Forma de onda de tensi\u00f3n HF tensi\u00f3n alterna sinusoidal no modulada<\/li>\n<li>Factor de cresta C, a RL = 500 ohmios C = 1.4 para todos los ajustes<\/li>\n<li>Frecuencia nominal de la tensi\u00f3n de AF 330 kHz<\/li>\n<li>Valor de pico de la tensi\u00f3n de alta frecuencia m\u00e1x. 190 Vp<\/li>\n<li>Constancia de la tensi\u00f3n HF controlada autom\u00e1ticamente hasta el PHFm\u00e1x.<\/li>\n<li>Potencia nominal de HF 120 vatios a 125 ohmios<\/li>\n<li>Limitaci\u00f3n de la potencia HF (PHFmax.) de 1 vatio a 120 vatios en pasos de 1 vatio<\/li>\n<li>Ajuste de la limitaci\u00f3n de potencia HF mediante las teclas arriba\/abajo<\/li>\n<li>Visualizaci\u00f3n de la limitaci\u00f3n de potencia HF Pantalla de 7 segmentos, 3 decimales<\/li>\n<li>Precisi\u00f3n de la limitaci\u00f3n de potencia HF +\/- 1 d\u00edgito o +\/- 15%<\/li>\n<li>Activaci\u00f3n de la coagulaci\u00f3n suave mediante la tecla o el pedal<\/li>\n<\/ul>\n<h3>Coagulaci\u00f3n Forzada<\/h3>\n<ul>\n<li>Forma de onda de tensi\u00f3n HF corriente alterna modulada por impulsos (generador ST)<\/li>\n<li>Factor de cresta C, a RL=500 ohmios C = 5 a 120 Wmax, C = 11 a 5 Wmax<\/li>\n<li>Frecuencia nominal de la tensi\u00f3n de AF 1 MHz<\/li>\n<li>Valor de pico de la tensi\u00f3n de AF, versi\u00f3n 1 m\u00e1x. 1300 Vp<\/li>\n<li>Valor m\u00e1ximo de la tensi\u00f3n de AF, versi\u00f3n 2 m\u00e1x. 2300 Vp<\/li>\n<li>Valor m\u00e1ximo de la tensi\u00f3n de AF, versi\u00f3n 3 m\u00e1x. 2300 Vp<\/li>\n<li>Potencia nominal de HF 120 vatios a 350 ohmios<\/li>\n<li>Limitaci\u00f3n de potencia HF de 1 vatio a 120 vatios en pasos de 1 vatio<\/li>\n<li>Ajuste de la limitaci\u00f3n de la potencia HF mediante las teclas arriba\/abajo<\/li>\n<li>Estabilidad de la potencia HF ver diagrama Potencia Forc. Potencia de coagulaci\u00f3n mediante RL<\/li>\n<li>Visualizaci\u00f3n de la limitaci\u00f3n de potencia HF Pantalla de 7 segmentos, 3 decimales<\/li>\n<li>Precisi\u00f3n de la limitaci\u00f3n de potencia HF +\/- 1 d\u00edgito o +\/- 15%<\/li>\n<li>Activaci\u00f3n de la coagulaci\u00f3n forzada mediante tecla o mediante pedal<\/li>\n<\/ul>\n<h2>CARACTER\u00cdSTICAS ADICIONALES DEL EQUIPO DE ELECTROCIRUG\u00cdA ERBE ICC 200<\/h2>\n<h3>Varios Modos de Coagulaci\u00f3n<\/h3>\n<ul>\n<li><strong>Auto Cut<\/strong> &#8211; Sistemas autom\u00e1ticos de control en bucle abierto y cerrado que controlan y regulan los par\u00e1metros relevantes para la calidad de corte, de modo que se garantiza que cada calidad de corte seleccionada respectivamente sea reproducible y constante.<\/li>\n<li><strong>Endo Cut<\/strong> &#8211; Para su uso con alambres de asa y esfinterotomos.<\/li>\n<li><strong>Coagulaci\u00f3n forzada<\/strong> &#8211; Ventajosa si se quiere conseguir una hemostasia eficaz con electrodos de superficie relativamente peque\u00f1a, como los lazos de resecci\u00f3n de la RTU.<\/li>\n<li><strong>Coagulaci\u00f3n suave<\/strong> &#8211; Puede activarse mediante una tecla o un pedal.<\/li>\n<li><strong>Coagulaci\u00f3n bipolar<\/strong> &#8211; Se controla de forma autom\u00e1tica y constante. El valor de pico se mantiene siempre por debajo de 200 Vp.<\/li>\n<\/ul>\n<h3>Ampliable para el uso de Arg\u00f3n<\/h3>\n<ul>\n<li>Para las unidades equipadas con el modo de funcionamiento de coagulaci\u00f3n con arg\u00f3n, el Erbotom ICC 200 suministra una tensi\u00f3n pulsante de alta frecuencia con valores de pico de hasta 4.000 V para la coagulaci\u00f3n con gas arg\u00f3n.<\/li>\n<\/ul>\n<h2>M\u00c1S INFORMACI\u00d3N SOBRE ERBE ERBOTOM ICC 200<\/h2>\n<h3>Erbe Erbotom ICC 200 Reconstruido<\/h3>\n<p>Soma Tech Intl ofrece el electrobisturis Erbe Erbotom ICC 200 hasta un 50% por debajo de los precios original con el mismo servicio y garant\u00eda que los nuevos. El Erbe Erbotom ICC 200 no s\u00f3lo est\u00e1 t\u00e9cnicamente reacondicionado, sino que tambi\u00e9n est\u00e1 cosm\u00e9ticamente reacondicionado para que funcione y se vea como nuevo. Cuando se inicia el proceso de reacondicionamiento del Erbotom ICC 200, \u00e9sta cuidadosamente inspeccionado y probado por nuestros propios ingenieros biom\u00e9dicos quien son certificados para trabajar con electrobisturis. Si es necesario, se reemplazan las piezas para asegurarse de que todos los aspectos del Erbotom ICC 200 funcionen con eficaz. Una vez que todo est\u00e1 en orden de funcionamiento, la unidad se calibra con las especificaciones originales del fabricante. Esto asegura que la unidad est\u00e1 funcionando de la misma manera que cuando sali\u00f3 originalmente del fabricante. Despu\u00e9s de que la m\u00e1quina funciona como nuevo, se somete a un proceso especial de restauraci\u00f3n cosm\u00e9tica. Se limpia, se reparan los peque\u00f1os ara\u00f1azos y abolladuras, se pinta y se sustituyen las calcoman\u00edas si es necesario. Soma Tech Intl cuenta con la certificaci\u00f3n ISO 13485 y se asegura de que se d\u00e9 la mejor calidad a todos los equipos m\u00e9dicos que venden. Antes de que el Erbe sea etiquetado como listo para el paciente y empacado para su env\u00edo, pasa por una \u00faltima prueba de control de calidad que asegura que todos los aspectos est\u00e1n funcionando de nuevo como deber\u00edan. Si desea comprar el Erbe Erbotom ICC 200 reconstruido, p\u00f3ngase en contacto con nosotros en Soma@SomaTechnology.com o ll\u00e1menos al 1-800-GET-SOMA.<\/p>\n<p>Soma Tech Intl tambi\u00e9n est\u00e1 buscando activamente para comprar un Erbe Erbotom ICC 200. Si usted o su instalaci\u00f3n est\u00e1 buscando vender su unidad, aseg\u00farese de ponerse en contacto con Soma Tech Intl. Soma tiene un departamento de compras dedicado en ayudar a trav\u00e9s de todo el proceso. La venta de su electrobisturis Erbe usado o de segunda mano a Soma Tech Intl elimina el intermediario en la ecuaci\u00f3n. Esto tambi\u00e9n asegura que su centro m\u00e9dico obtiene el mejor precio por su equipo. Soma cumple al 100% con las normas HIPPA y se asegura de que su equipo llegue a nuestras instalaciones en las mismas condiciones en que sali\u00f3 del suyo. Soma Tech Intl tambi\u00e9n da la opci\u00f3n de cr\u00e9dito de intercambio en su equipo m\u00e9dico. Si usted o su instalaci\u00f3n est\u00e1 buscando recuperar espacio para nuevos equipos, o si usted est\u00e1 buscando para actualizar su equipo actual, p\u00f3ngase en contacto con el departamento de compras en Buyer@SomaTechnology.com o env\u00edenos un mensaje en nuestro sitio web Vender a Soma.<\/p>\n","protected":false},"excerpt":{"rendered":"<p>Electrobisturis<\/p>\n","protected":false},"featured_media":20103,"template":"","meta":{"_acf_changed":false,"_relevanssi_hide_post":"","_relevanssi_hide_content":"","_relevanssi_pin_for_all":"","_relevanssi_pin_keywords":"","_relevanssi_unpin_keywords":"","_relevanssi_related_keywords":"","_relevanssi_related_include_ids":"","_relevanssi_related_exclude_ids":"","_relevanssi_related_no_append":"","_relevanssi_related_not_related":"","_relevanssi_related_posts":"","_relevanssi_noindex_reason":"","inline_featured_image":false},"pwb-brand":[1169],"product_brand":[],"product_cat":[76],"product_tag":[1581,1589,1588,1587],"class_list":{"0":"post-4993","1":"product","2":"type-product","3":"status-publish","4":"has-post-thumbnail","6":"pwb-brand-electrobisturis-erbe","7":"product_cat-unidades-electroquirurgicas-electrobisturis","8":"product_tag-erbe","9":"product_tag-erbe-erbotom","10":"product_tag-erbe-erbotom-icc","11":"product_tag-erbe-erbotom-icc-200","13":"first","14":"instock","15":"purchasable","16":"product-type-simple"},"acf":[],"brands":[{"id":1169,"name":"ERBE","slug":"electrobisturis-erbe"}],"_links":{"self":[{"href":"https:\/\/www.somatechnology.com\/spanish\/wp-json\/wp\/v2\/product\/4993","targetHints":{"allow":["GET"]}}],"collection":[{"href":"https:\/\/www.somatechnology.com\/spanish\/wp-json\/wp\/v2\/product"}],"about":[{"href":"https:\/\/www.somatechnology.com\/spanish\/wp-json\/wp\/v2\/types\/product"}],"wp:featuredmedia":[{"embeddable":true,"href":"https:\/\/www.somatechnology.com\/spanish\/wp-json\/wp\/v2\/media\/20103"}],"wp:attachment":[{"href":"https:\/\/www.somatechnology.com\/spanish\/wp-json\/wp\/v2\/media?parent=4993"}],"wp:term":[{"taxonomy":"pwb-brand","embeddable":true,"href":"https:\/\/www.somatechnology.com\/spanish\/wp-json\/wp\/v2\/pwb-brand?post=4993"},{"taxonomy":"product_brand","embeddable":true,"href":"https:\/\/www.somatechnology.com\/spanish\/wp-json\/wp\/v2\/product_brand?post=4993"},{"taxonomy":"product_cat","embeddable":true,"href":"https:\/\/www.somatechnology.com\/spanish\/wp-json\/wp\/v2\/product_cat?post=4993"},{"taxonomy":"product_tag","embeddable":true,"href":"https:\/\/www.somatechnology.com\/spanish\/wp-json\/wp\/v2\/product_tag?post=4993"}],"curies":[{"name":"wp","href":"https:\/\/api.w.org\/{rel}","templated":true}]}}