{"id":5009,"date":"2016-07-19T21:47:12","date_gmt":"2016-07-19T21:47:12","guid":{"rendered":"http:\/\/equipomedicocentral.com\/wordpress\/product\/valleylab-force-argon-ii\/"},"modified":"2025-09-23T11:46:35","modified_gmt":"2025-09-23T15:46:35","slug":"valleylab-force-argon-ii","status":"publish","type":"product","link":"https:\/\/www.somatechnology.com\/spanish\/equipo-medico-usado-remanufacturado\/unidades-electroquirurgicas-electrobisturis\/valleylab-force-argon-ii\/","title":{"rendered":"Medtronic Covidien Valleylab Force Argon II"},"content":{"rendered":"<h2>Caracter\u00edsticas del Medtronic Covidien Valleylab Force Argon II<\/h2>\n<p>Mayor precisi\u00f3n y control en electrocirug\u00eda. Ahora las ventajas de la electrocirug\u00eda arg\u00f3n-realzada exacta, controlada est\u00e1n disponibles en una unidad compacta. El control de flujo de gas mejora la seguridad del paciente. El caudal bajo, dise\u00f1ado para ayudar a prevenir la sobrepresurizaci\u00f3n en los procedimientos laparosc\u00f3picos, se invoca autom\u00e1ticamente en el arranque del sistema. El caudal est\u00e1ndar puede seleccionarse para procedimientos abiertos. El monitor de sobrepresi\u00f3n laparosc\u00f3pica ayuda a evitar la presi\u00f3n peritoneal excesiva en la cirug\u00eda laparosc\u00f3pica. Las alarmas de audio y visuales avisan de una condici\u00f3n de sobrepresi\u00f3n. El dise\u00f1o flexible del sistema reduce los requerimientos de espacio y ofrece una flexibilidad quir\u00fargica \u00f3ptima. La unidad compacta puede ser montada en carro o techo y es compatible con una gama completa de generadores electroquir\u00fargicos Valleylab y accesorios de arg\u00f3n. El sistema de montaje universal est\u00e1 dise\u00f1ado para acomodar varias piezas de equipo de manera eficiente y conveniente. La compatibilidad con el auricular Valleylab ArgonPlus permite utilizar el sistema Valleylab Force Argon II con este auricular de cuatro funciones y una variedad de electrodos dise\u00f1ados para cirug\u00eda abierta y laparosc\u00f3pica.<\/p>\n<ul>\n<li>La coagulaci\u00f3n arg\u00f3n-mejorada ofrece la entrega de energ\u00eda exacta para la coagulaci\u00f3n eficiente, noncontact sobre \u00e1reas superficiales grandes. La coagulaci\u00f3n arg\u00f3n-realzada produce hemostasis r\u00e1pido con un eschar m\u00e1s fino, m\u00e1s flexible y resangrado reducido<\/li>\n<li>El corte arg\u00f3n-envuelto facilita el corte con menos humo y visibilidad mejorada<\/li>\n<li>El control de flujo de gas mejora la seguridad del paciente. El caudal bajo, dise\u00f1ado para ayudar a prevenir la sobrepresurizaci\u00f3n en los procedimientos laparosc\u00f3picos, se invoca autom\u00e1ticamente en el arranque del sistema. El caudal est\u00e1ndar se puede seleccionar para procedimientos abiertos<\/li>\n<li>El monitor de sobrepresi\u00f3n laparosc\u00f3pica ayuda a evitar la presi\u00f3n peritoneal excesiva en la cirug\u00eda laparosc\u00f3pica. Alarmas de audio y visuales avisan de una condici\u00f3n de sobrepresi\u00f3n<\/li>\n<li>El dise\u00f1o flexible del sistema reduce los requerimientos de espacio y ofrece una flexibilidad quir\u00fargica \u00f3ptima. La unidad compacta puede ser carro o techo montado y es compatible con una gama completa de generadores electroquir\u00fargicos Valleylab y accesorios de arg\u00f3n<\/li>\n<li>El sistema universal del montaje se dise\u00f1a para acomodar varios pedazos de equipo eficientemente y convenientemente<\/li>\n<li>La compatibilidad con el auricular ArgonPlus \u2122 permite usar el sistema Force Argon \u2122 II con este auricular de cuatro funciones y una variedad de electrodos dise\u00f1ados para cirug\u00eda abierta y laparosc\u00f3pica.<\/li>\n<\/ul>\n<p>&nbsp;<\/p>\n","protected":false},"excerpt":{"rendered":"<p>Mayor precisi\u00f3n y control en electrocirug\u00eda. Ahora las ventajas de la electrocirug\u00eda arg\u00f3n-realzada exacta, controlada est\u00e1n disponibles en una unidad compacta. El control de flujo de gas mejora la seguridad del paciente. El caudal bajo, dise\u00f1ado para ayudar a prevenir la sobrepresurizaci\u00f3n en los procedimientos laparosc\u00f3picos, se invoca autom\u00e1ticamente en el arranque del sistema.<\/p>\n","protected":false},"featured_media":12186,"template":"","meta":{"_acf_changed":false,"_relevanssi_hide_post":"","_relevanssi_hide_content":"","_relevanssi_pin_for_all":"","_relevanssi_pin_keywords":"","_relevanssi_unpin_keywords":"","_relevanssi_related_keywords":"","_relevanssi_related_include_ids":"","_relevanssi_related_exclude_ids":"","_relevanssi_related_no_append":"","_relevanssi_related_not_related":"","_relevanssi_related_posts":"","_relevanssi_noindex_reason":"","inline_featured_image":false},"pwb-brand":[1107],"product_brand":[],"product_cat":[76],"product_tag":[1623,1622,1620,1619,1618,1624,756,1621],"class_list":{"0":"post-5009","1":"product","2":"type-product","3":"status-publish","4":"has-post-thumbnail","6":"pwb-brand-equipo-medico-medtronic","7":"product_cat-unidades-electroquirurgicas-electrobisturis","8":"product_tag-covidien-valleylab-force-argon-ii","9":"product_tag-medtronic-covidien-force-argon-ii","10":"product_tag-medtronic-covidien-valleylab-force","11":"product_tag-medtronic-covidien-valleylab-force-argon","12":"product_tag-medtronic-covidien-valleylab-force-argon-ii","13":"product_tag-medtronic-valleylab-force-argon-ii","14":"product_tag-valleylab-force","15":"product_tag-valleylab-force-argon-ii","17":"first","18":"instock","19":"purchasable","20":"product-type-simple"},"acf":[],"brands":[{"id":1107,"name":"Medtronic","slug":"equipo-medico-medtronic"}],"_links":{"self":[{"href":"https:\/\/www.somatechnology.com\/spanish\/wp-json\/wp\/v2\/product\/5009","targetHints":{"allow":["GET"]}}],"collection":[{"href":"https:\/\/www.somatechnology.com\/spanish\/wp-json\/wp\/v2\/product"}],"about":[{"href":"https:\/\/www.somatechnology.com\/spanish\/wp-json\/wp\/v2\/types\/product"}],"wp:featuredmedia":[{"embeddable":true,"href":"https:\/\/www.somatechnology.com\/spanish\/wp-json\/wp\/v2\/media\/12186"}],"wp:attachment":[{"href":"https:\/\/www.somatechnology.com\/spanish\/wp-json\/wp\/v2\/media?parent=5009"}],"wp:term":[{"taxonomy":"pwb-brand","embeddable":true,"href":"https:\/\/www.somatechnology.com\/spanish\/wp-json\/wp\/v2\/pwb-brand?post=5009"},{"taxonomy":"product_brand","embeddable":true,"href":"https:\/\/www.somatechnology.com\/spanish\/wp-json\/wp\/v2\/product_brand?post=5009"},{"taxonomy":"product_cat","embeddable":true,"href":"https:\/\/www.somatechnology.com\/spanish\/wp-json\/wp\/v2\/product_cat?post=5009"},{"taxonomy":"product_tag","embeddable":true,"href":"https:\/\/www.somatechnology.com\/spanish\/wp-json\/wp\/v2\/product_tag?post=5009"}],"curies":[{"name":"wp","href":"https:\/\/api.w.org\/{rel}","templated":true}]}}