{"id":5036,"date":"2016-07-19T21:48:02","date_gmt":"2016-07-19T21:48:02","guid":{"rendered":"http:\/\/equipomedicocentral.com\/wordpress\/product\/medtronic-biomedicus-550\/"},"modified":"2025-08-07T12:06:17","modified_gmt":"2025-08-07T16:06:17","slug":"medtronic-biomedicus-550","status":"publish","type":"product","link":"https:\/\/www.somatechnology.com\/spanish\/equipo-medico-usado-remanufacturado\/cardiovascular\/maquinas-de-corazon-y-pulmon\/medtronic-biomedicus-550\/","title":{"rendered":"Medtronic BioMedicus 550"},"content":{"rendered":"<h2>Bomba Centr\u00edfuga Medtronic BioMedicus 550<\/h2>\n<p>El controlador de velocidad de la bomba bio-Console modelo 550 ofrece control y monitoreo para la bomba de sangre centr\u00edfuga bio-Pump. Caracter\u00edsticas de dise\u00f1o ergon\u00f3mico panel de control despejado y gr\u00e1ficos altamente visibles compatibles con la mayor\u00eda de las consolas coraz\u00f3n-pulm\u00f3n la perilla de control de la RPM alerta al operador de que se acerca una condici\u00f3n de bajo flujo.<\/p>\n<ul>\n<li>Pantallas anal\u00f3gicas y digitales para flujo y RPM<\/li>\n<li>Coloree la exhibici\u00f3n del LCD para una mayor facilidad de uso<\/li>\n<li>Ahora con dos capacidades de medici\u00f3n de presi\u00f3n<\/li>\n<li>Nuevas opciones de usuario distintivas para alertas\/alarmas<\/li>\n<li>Perilla actualizada del control de flujo para la ergonom\u00eda mejorada<\/li>\n<li>Capacidad alejada para la colocaci\u00f3n conveniente del regulador del LCD\/del flujo<\/li>\n<li>La exhibici\u00f3n \u00fanica de la unidad baja ofrece redundancia para la paz de la mente<\/li>\n<li>Pantalla actualizada de estado de carga de bater\u00eda<\/li>\n<li>La arquitectura electr\u00f3nica actualizada proporciona un futuro brillante para las nuevas mejoras funcionales<\/li>\n<\/ul>\n<h2>Informaci\u00f3n General<\/h2>\n<ul>\n<li>Bioconsola de Medtronic Bio-Medicus<\/li>\n<li>Bomba de sangre extracorp\u00f3rea centr\u00edfuga<\/li>\n<li>Modelo: 550<\/li>\n<li>N\u00famero de serie: 7530<\/li>\n<li>120 VAC \u2013 60 Hz \u2013 3A<\/li>\n<li>Controles: velocidad de la bomba, 2 temporizadores, l\u00edmites de alarma, presi\u00f3n cero, volumen<\/li>\n<li>Interruptores: energ\u00eda principal, prueba de exhibici\u00f3n, transferencia del motor, AC\/28V\/Battery, prueba de la bater\u00eda\/recurso seguro<\/li>\n<li>Exhibiciones: velocidad de la bomba, flujo, presi\u00f3n, bater\u00eda, 2 temporizadores<\/li>\n<li>Cuerda del grado del hospital<\/li>\n<li>Tapa protectora roja de la bomba<\/li>\n<\/ul>\n","protected":false},"excerpt":{"rendered":"<p>El controlador de velocidad de la bomba bio-Console modelo 550 ofrece control y monitoreo para la bomba de sangre centr\u00edfuga bio-Pump. Caracter\u00edsticas de dise\u00f1o ergon\u00f3mico panel de control despejado y gr\u00e1ficos altamente visibles compatibles con la mayor\u00eda de las consolas coraz\u00f3n-pulm\u00f3n la perilla de control de la RPM alerta al operador de que se acerca una condici\u00f3n de bajo flujo.<\/p>\n","protected":false},"featured_media":11073,"template":"","meta":{"_acf_changed":false,"_relevanssi_hide_post":"","_relevanssi_hide_content":"","_relevanssi_pin_for_all":"","_relevanssi_pin_keywords":"","_relevanssi_unpin_keywords":"","_relevanssi_related_keywords":"","_relevanssi_related_include_ids":"","_relevanssi_related_exclude_ids":"","_relevanssi_related_no_append":"","_relevanssi_related_not_related":"","_relevanssi_related_posts":"","_relevanssi_noindex_reason":"","inline_featured_image":false},"pwb-brand":[1107],"product_brand":[],"product_cat":[78],"product_tag":[3260,4113,4111,4114,3967,466,471,3259,4112],"class_list":{"0":"post-5036","1":"product","2":"type-product","3":"status-publish","4":"has-post-thumbnail","6":"pwb-brand-equipo-medico-medtronic","7":"product_cat-maquinas-de-corazon-y-pulmon","8":"product_tag-biomedicus-550","9":"product_tag-bomba-centrifuga","10":"product_tag-maquinas-de-corazon-y-pulmon-medtronic-biomedicus-550","11":"product_tag-meditronic-bomba-centrifuga","12":"product_tag-meditronic-maquinas-de-corazon-y-pulmon","13":"product_tag-medtronic","14":"product_tag-medtronic-biomedicus","15":"product_tag-medtronic-biomedicus-550","16":"product_tag-medtronic-biomedicus-550-maquinas-de-corazon-y-pulmon","18":"first","19":"instock","20":"featured","21":"purchasable","22":"product-type-simple"},"acf":[],"brands":[{"id":1107,"name":"Medtronic","slug":"equipo-medico-medtronic"}],"_links":{"self":[{"href":"https:\/\/www.somatechnology.com\/spanish\/wp-json\/wp\/v2\/product\/5036","targetHints":{"allow":["GET"]}}],"collection":[{"href":"https:\/\/www.somatechnology.com\/spanish\/wp-json\/wp\/v2\/product"}],"about":[{"href":"https:\/\/www.somatechnology.com\/spanish\/wp-json\/wp\/v2\/types\/product"}],"wp:featuredmedia":[{"embeddable":true,"href":"https:\/\/www.somatechnology.com\/spanish\/wp-json\/wp\/v2\/media\/11073"}],"wp:attachment":[{"href":"https:\/\/www.somatechnology.com\/spanish\/wp-json\/wp\/v2\/media?parent=5036"}],"wp:term":[{"taxonomy":"pwb-brand","embeddable":true,"href":"https:\/\/www.somatechnology.com\/spanish\/wp-json\/wp\/v2\/pwb-brand?post=5036"},{"taxonomy":"product_brand","embeddable":true,"href":"https:\/\/www.somatechnology.com\/spanish\/wp-json\/wp\/v2\/product_brand?post=5036"},{"taxonomy":"product_cat","embeddable":true,"href":"https:\/\/www.somatechnology.com\/spanish\/wp-json\/wp\/v2\/product_cat?post=5036"},{"taxonomy":"product_tag","embeddable":true,"href":"https:\/\/www.somatechnology.com\/spanish\/wp-json\/wp\/v2\/product_tag?post=5036"}],"curies":[{"name":"wp","href":"https:\/\/api.w.org\/{rel}","templated":true}]}}