{"id":5153,"date":"2016-07-19T21:53:26","date_gmt":"2016-07-19T21:53:26","guid":{"rendered":"http:\/\/equipomedicocentral.com\/wordpress\/product\/sony-up-970ad\/"},"modified":"2025-12-11T03:27:36","modified_gmt":"2025-12-11T08:27:36","slug":"sony-up-970ad","status":"publish","type":"product","link":"https:\/\/www.somatechnology.com\/spanish\/equipo-medico-usado-remanufacturado\/sistema-de-video-endoscopia\/impresoras\/sony-up-970ad\/","title":{"rendered":"Sony UP 970AD"},"content":{"rendered":"<div class=\"wpb-content-wrapper\"><p>[vc_row][vc_column][vc_column_text css=\u00bb\u00bb]<\/p>\n<h2>Impresora Sony UP 970AD<\/h2>\n<p>Impresora negra\/blanca anal\u00f3gica A4 para aplicaciones m\u00e9dicas, cient\u00edficas y de cualquier otro tipo, que requiere una documentaci\u00f3n en blanco y negro A4. Debido a una nueva cabeza t\u00e9rmica, el up-970 ofrece una alta resoluci\u00f3n. La cabeza termal proporciona 1280 puntos y 256 escalas grises, asegurando impresiones de alta resoluci\u00f3n con el nivel de los detalles reproducidos requeridos para la impermeabilizaci\u00f3n m\u00e9dica, la presentaci\u00f3n cient\u00edfica, la revisi\u00f3n manufactural y aplicaciones similares. El up-970 es ideal para la impresi\u00f3n simple del cuadro del C-brazo m\u00f3vil o del equipo ultras\u00f3nico de la proyecci\u00f3n de imagen, para la reproducci\u00f3n del VTR del lapso de tiempo que captura y para los usos del microscopio electr\u00f3nico<\/p>\n<ul>\n<li>Desmontaje del producto<\/li>\n<li>Inspecci\u00f3n visual exhaustiva<\/li>\n<li>Reemplazo o remodelaci\u00f3n de piezas no laborables o da\u00f1adas<\/li>\n<li>Limpieza final completa de todo el producto<\/li>\n<li>La prueba extendida del producto para asegurar un art\u00edculo es completamente funcional; incluyendo los Burn-ins extendidos y las pruebas durante la noche<\/li>\n<li>Proceso de inspecci\u00f3n de calidad para asegurar que las reparaciones se realicen correctamente y que la configuraci\u00f3n coincida con el requisito<\/li>\n<li>Env\u00edo del producto reparado en nuestro embalaje \u00fanico y especial para garantizar que su producto reci\u00e9n reparado llegue sin da\u00f1os<\/li>\n<\/ul>\n<h3>Dimensiones<\/h3>\n<ul>\n<li>Tama\u00f1o: 316 x 132,5 x 305 mm, 12 1\/2 x 5 1\/4 x 12 1\/8 pulgadas<\/li>\n<li>Peso: 8 kg, 17lb 10 oz<\/li>\n<\/ul>\n<h3>Especificaciones f\u00edsicas<\/h3>\n<ul>\n<li>M\u00e9todo de la impresi\u00f3n: impresi\u00f3n termal directa<\/li>\n<li>Resoluci\u00f3n: 325 dpi<\/li>\n<li>Gradaciones: procesamiento de 8 bits (256 niveles)<\/li>\n<li>Elementos de imagen: digital: 3.414 x 2.560 puntos, EIA: 1.280 x 508 puntos, CCIR: 1.280 x 612 puntos<\/li>\n<\/ul>\n<h3>Papel<\/h3>\n<ul>\n<li>EIA: 187 x 140 mm (7 3\/8 x 5 1\/2 pulgadas) * 1<\/li>\n<li>CCIR: 187 x 138 mm (7 3\/8 x 5 3\/8 pulgadas) * 1<\/li>\n<li>EIA: 249 x 188 mm (9 3\/4 x 7 3\/8 pulgadas) * 2<\/li>\n<li>CCIR: 249 x 186 mm (9 3\/4 x 7 3\/8 pulgadas) * 2<\/li>\n<li>Tama\u00f1o de papel: anchura de papel de 210 mil\u00edmetros (8 1\/4 pulgadas)<\/li>\n<\/ul>\n<h3>Tiempo de impresi\u00f3n<\/h3>\n<ul>\n<li>Aprox. 8 segundos\/imagen (en modo est\u00e1ndar)<\/li>\n<\/ul>\n<h3>Memoria de imagen<\/h3>\n<ul>\n<li>Modo digital: m\u00e1x. 3.414 x 2.560 puntos<\/li>\n<li>Modo an\u00e1logo: 6 marcos (800k x 8 pedacitos por el marco)<\/li>\n<\/ul>\n<h3>Interfaz<\/h3>\n<ul>\n<li>Modo digital: m\u00e1x. 3.414 x 2.560 puntos<\/li>\n<li>Modo an\u00e1logo: 6 marcos (800k x 8 pedacitos por el marco)<\/li>\n<\/ul>\n<h3>Sistema<\/h3>\n<ul>\n<li>Conectores de control: mini jack est\u00e9reo (x1)<\/li>\n<li>Software de controlador de impresora: Microsoft Windows 2000\/XP\/vista<\/li>\n<li>Requisitos de energ\u00eda: CA 100 v a 240 v, 50\/60 hertzios<\/li>\n<li>Corriente de entrada: 2,4 a a 1,3 a<\/li>\n<li>Temperatura de funcionamiento: 5 \u00b0 c a 35 \u00b0 c (41 \u00b0 f a 95 \u00b0 f)<\/li>\n<li>Humedad de funcionamiento: 20% a 80% (no se permite la condensaci\u00f3n)<\/li>\n<li>Temperatura del almacenaje y del transporte:-20 \u00b0 c a + 60 \u00b0 c,-4 \u00b0 f a + 140 \u00b0 f<\/li>\n<li>Humedad del almacenaje y del transporte: 20% a 80%<\/li>\n<\/ul>\n<p>[\/vc_column_text][\/vc_column][\/vc_row]<\/p>\n<\/div>","protected":false},"excerpt":{"rendered":"<p>Impresora Blanco y Negro<\/p>\n","protected":false},"featured_media":9553,"template":"","meta":{"_acf_changed":false,"_relevanssi_hide_post":"","_relevanssi_hide_content":"","_relevanssi_pin_for_all":"","_relevanssi_pin_keywords":"","_relevanssi_unpin_keywords":"","_relevanssi_related_keywords":"","_relevanssi_related_include_ids":"","_relevanssi_related_exclude_ids":"","_relevanssi_related_no_append":"","_relevanssi_related_not_related":"","_relevanssi_related_posts":"","_relevanssi_noindex_reason":"","inline_featured_image":false},"pwb-brand":[1127],"product_brand":[],"product_cat":[106,84],"product_tag":[2529,2534,2536,2535,2533],"class_list":{"0":"post-5153","1":"product","2":"type-product","3":"status-publish","4":"has-post-thumbnail","6":"pwb-brand-impresoras-sony","7":"product_cat-impresoras","8":"product_cat-sistema-de-video-endoscopia","9":"product_tag-b-w-large-format-printer","10":"product_tag-sony-b-w-large-format-printer","11":"product_tag-sony-up-970ad","12":"product_tag-sony-up-970ad-b-w-printer","13":"product_tag-sony-up-970ad-bw-large-format-printer","15":"first","16":"instock","17":"purchasable","18":"product-type-simple"},"acf":[],"brands":[{"id":1127,"name":"Sony","slug":"impresoras-sony"}],"_links":{"self":[{"href":"https:\/\/www.somatechnology.com\/spanish\/wp-json\/wp\/v2\/product\/5153","targetHints":{"allow":["GET"]}}],"collection":[{"href":"https:\/\/www.somatechnology.com\/spanish\/wp-json\/wp\/v2\/product"}],"about":[{"href":"https:\/\/www.somatechnology.com\/spanish\/wp-json\/wp\/v2\/types\/product"}],"wp:featuredmedia":[{"embeddable":true,"href":"https:\/\/www.somatechnology.com\/spanish\/wp-json\/wp\/v2\/media\/9553"}],"wp:attachment":[{"href":"https:\/\/www.somatechnology.com\/spanish\/wp-json\/wp\/v2\/media?parent=5153"}],"wp:term":[{"taxonomy":"pwb-brand","embeddable":true,"href":"https:\/\/www.somatechnology.com\/spanish\/wp-json\/wp\/v2\/pwb-brand?post=5153"},{"taxonomy":"product_brand","embeddable":true,"href":"https:\/\/www.somatechnology.com\/spanish\/wp-json\/wp\/v2\/product_brand?post=5153"},{"taxonomy":"product_cat","embeddable":true,"href":"https:\/\/www.somatechnology.com\/spanish\/wp-json\/wp\/v2\/product_cat?post=5153"},{"taxonomy":"product_tag","embeddable":true,"href":"https:\/\/www.somatechnology.com\/spanish\/wp-json\/wp\/v2\/product_tag?post=5153"}],"curies":[{"name":"wp","href":"https:\/\/api.w.org\/{rel}","templated":true}]}}