{"id":5593,"date":"2016-08-26T14:51:02","date_gmt":"2016-08-26T14:51:02","guid":{"rendered":"http:\/\/equipomedicocentral.com\/wordpress\/?post_type=product&#038;p=5593"},"modified":"2023-08-23T06:19:25","modified_gmt":"2023-08-23T10:19:25","slug":"axia-v1200t","status":"publish","type":"product","link":"https:\/\/www.somatechnology.com\/spanish\/equipo-medico-usado-remanufacturado\/monitores-de-signos-vitales\/monitores-multiparametros\/axia-v1200t\/","title":{"rendered":"Axia V1200T Pantalla T\u00e1ctil"},"content":{"rendered":"<h2>Monitor de Paciente Axia V1200T \u00a0con Pantalla Tactil<\/h2>\n<h2><\/h2>\n<h2>Caracter\u00edsticas | Axia V1200T con Pantalla T\u00e1ctil<\/h2>\n<p>El <strong>monitor de Axia V1200T<\/strong> es un monitor de paciente intuitivo de la pantalla t\u00e1ctil; la informaci\u00f3n del paciente junto con los ajustes vitales de la muestra se puede modificar r\u00e1pidamente para cubrir las necesidades de la condici\u00f3n cambiante de un paciente. Su dise\u00f1o aumentable encaja y se mueve entre muchas \u00e1reas de atenci\u00f3n al paciente. Ofrece ECG con la detecci\u00f3n de la arritmia, medidas est\u00e1ndar de la presi\u00f3n arterial no invasor, SpO2 tolerante del movimiento, temperatura, tarifa de respiraci\u00f3n y capnograf\u00eda.<\/p>\n<p>El monitor Axia V1200T ofrece varias soluciones de conexi\u00f3n para la red de monitores m\u00faltiples y\/o administrar los datos del paciente en una plataforma de registros m\u00e9dicos electr\u00f3nicos o un sistema de informaci\u00f3n hospitalaria basado en<\/p>\n<ul>\n<li>Pantalla t\u00e1ctil de alta resoluci\u00f3n de 12,1 pulgadas<\/li>\n<\/ul>\n<ul>\n<li>Capnograf\u00eda con monitorizaci\u00f3n EtCO2 (opcional)<\/li>\n<li>Ajuste autom\u00e1tico de los l\u00edmites de alarma<\/li>\n<li>Alarmas codificadas por colores<\/li>\n<li>Tendencias gr\u00e1ficas y tabulares (72 horas)<\/li>\n<li>Entrada de datos del paciente<\/li>\n<li>OxiCRG, c\u00e1lculo de dosis de f\u00e1rmacos<\/li>\n<li>Trace: 8 formas de onda<\/li>\n<li>Tiempo de tendencia: 1 \u2013 72 horas<\/li>\n<li>Capacidad de red (inal\u00e1mbrica y no inal\u00e1mbrica)<\/li>\n<li>El color de las formas de onda se puede cambiar<\/li>\n<li>\u00a0Bater\u00eda de respaldo (bater\u00edas extra\u00edbles)<\/li>\n<li>Peso: 8,45 lbs.<\/li>\n<li>Aplicaciones: pacientes neonatales, pedi\u00e1tricos y adultos<\/li>\n<\/ul>\n<h2>Especificaciones |\u00a0 Axia V1200T Touch Screen<\/h2>\n<h3>Especificaciones generales<\/h3>\n<ul>\n<li>Exhibici\u00f3n: pantalla t\u00e1ctil del color de 12,1-inch<\/li>\n<li>Trace: 8 formas de onda<\/li>\n<li>Indicador: indicador de la alarma, indicador de energ\u00eda, se\u00f1al sonora de QRS y sonido de la alarma<\/li>\n<li>Tiempo de la tendencia: 1-72 hora, registrador: Built-in, arsenal termal, 3 anchuras de registro de los canales: 48 mm, papel del registrador: 50m m, velocidad de registro: 25m m\/s, 50m m\/s<\/li>\n<\/ul>\n<h3>Redes<\/h3>\n<ul>\n<li>Red inal\u00e1mbrica est\u00e1ndar de la industria 802.11 b\/g<\/li>\n<\/ul>\n<h3>Voltaje<\/h3>\n<ul>\n<li>Fuente: corriente alterna externa o bater\u00eda interna<\/li>\n<li>Energ\u00eda de CA: 100 ~ 240 VCA, 50\/60Hz, 150VA<\/li>\n<li>Bater\u00eda: Ion incorporado y recargable del litio<\/li>\n<li>Tiempo de funcionamiento: 3 + hours<\/li>\n<\/ul>\n<h3>Especificaciones medioambientales<\/h3>\n<ul>\n<li>Temperatura: funcionamiento: 5 ~ 40 \u00b0 c, almacenaje:-20 ~ 65 \u00b0 c<\/li>\n<li>Gama de la humedad: funcionamiento: \u2264 80% Storage: \u226480 %<\/li>\n<\/ul>\n<h3>ECG<\/h3>\n<ul>\n<li>Entrada: cable de 5-Lead ECG y l\u00ednea AAMI est\u00e1ndar para la conexi\u00f3n<\/li>\n<li>Opci\u00f3n del plomo: I, II, III, AVR, AVF, AVL, V, V1-V6, prueba<\/li>\n<li>Opci\u00f3n del aumento: x 0.5, x1, x2, x4<\/li>\n<li>Caracter\u00edstica de la frecuencia: 0,05 ~ 35 hertzio (+ 3dB)<\/li>\n<li>Formas de onda de ECG: 7 canales<\/li>\n<li>Voltaje de la penetraci\u00f3n: 4000vAc 50\/60Hz<\/li>\n<li>Velocidad del barrido: 12,5, 25, 50 y 100 mm\/sec (de izquierda a derecha o de derecha a izquierda)<\/li>\n<li>Gama de la exhibici\u00f3n de la hora: 30 ~ 300bpm<\/li>\n<li>Exactitud: \u00b1 1bpm o el \u00b1 1%, cualquiera es mayor<\/li>\n<li>Ajuste de la gama del l\u00edmite de la alarma: l\u00edmite superior 100 ~ 200bpm, un l\u00edmite m\u00e1s bajo 30 ~ 100bpm<\/li>\n<\/ul>\n<h3>RESP<\/h3>\n<ul>\n<li>M\u00e9todo de la medida: impedancia de RA-LL<\/li>\n<li>Gama: 0 ~ 120 rpm<\/li>\n<li>Exactitud: \u00b1 3 rpm<\/li>\n<li>Ajuste del l\u00edmite de la alarma: l\u00edmite superior 6 ~ 120 rpm, un l\u00edmite m\u00e1s bajo 3 ~ 120 rpm<\/li>\n<li>Velocidad del barrido: 12,5, 25, 50 y 100 mm\/sec (de izquierda a derecha o de derecha a izquierda)<\/li>\n<\/ul>\n<h3>Sp02<\/h3>\n<ul>\n<li>ASpO2: anti-Motion SpO2<\/li>\n<li>Gama SpO2%: 0-100%<\/li>\n<li>Exactitud SpO2: el \u00b1 2% (70 ~ 100%, no-movimiento), el \u00b1 3% (el 70 ~ 100%, el movimiento)<\/li>\n<li>Rango de frecuencia de pulso: 30-250 BPM<\/li>\n<li>Precisi\u00f3n del pulso: \u00b1 2 BPM (sin movimiento, \u00b1 3 BPM (Motion)<\/li>\n<li>Ajuste del l\u00edmite de la alarma: l\u00edmite superior el 70 ~ 100%, un l\u00edmite m\u00e1s bajo 70 ~ 100%<\/li>\n<li>Sonda SpO2: luz roja LED longitud de onda 660nm \u00b1 5nm, luz infrarroja longitud de onda LED 940nm\u00b110nm<\/li>\n<\/ul>\n<p>&nbsp;<\/p>\n","protected":false},"excerpt":{"rendered":"<p>Monitores Multiparametros<\/p>\n","protected":false},"featured_media":22451,"template":"","meta":{"_acf_changed":false,"_relevanssi_hide_post":"","_relevanssi_hide_content":"","_relevanssi_pin_for_all":"","_relevanssi_pin_keywords":"","_relevanssi_unpin_keywords":"","_relevanssi_related_keywords":"","_relevanssi_related_include_ids":"","_relevanssi_related_exclude_ids":"","_relevanssi_related_no_append":"","_relevanssi_related_not_related":"","_relevanssi_related_posts":"","_relevanssi_noindex_reason":"","inline_featured_image":false},"pwb-brand":[1098],"product_brand":[],"product_cat":[50],"product_tag":[191,3602,769,3615,3614,3601,770,3616],"class_list":{"0":"post-5593","1":"product","2":"type-product","3":"status-publish","4":"has-post-thumbnail","6":"pwb-brand-equipo-medico-axia","7":"product_cat-monitores-multiparametros","8":"product_tag-axia","9":"product_tag-axia-pantalla-tactil","10":"product_tag-axia-v1200t","11":"product_tag-axia-v1200t-pantalla-tactil","12":"product_tag-monitores-multiparametros","13":"product_tag-pantalla-tactil","14":"product_tag-v1200t","15":"product_tag-v1200t-pantalla-tactil","17":"first","18":"instock","19":"shipping-taxable","20":"purchasable","21":"product-type-simple"},"acf":[],"brands":[{"id":1098,"name":"Axia","slug":"equipo-medico-axia"}],"_links":{"self":[{"href":"https:\/\/www.somatechnology.com\/spanish\/wp-json\/wp\/v2\/product\/5593","targetHints":{"allow":["GET"]}}],"collection":[{"href":"https:\/\/www.somatechnology.com\/spanish\/wp-json\/wp\/v2\/product"}],"about":[{"href":"https:\/\/www.somatechnology.com\/spanish\/wp-json\/wp\/v2\/types\/product"}],"wp:featuredmedia":[{"embeddable":true,"href":"https:\/\/www.somatechnology.com\/spanish\/wp-json\/wp\/v2\/media\/22451"}],"wp:attachment":[{"href":"https:\/\/www.somatechnology.com\/spanish\/wp-json\/wp\/v2\/media?parent=5593"}],"wp:term":[{"taxonomy":"pwb-brand","embeddable":true,"href":"https:\/\/www.somatechnology.com\/spanish\/wp-json\/wp\/v2\/pwb-brand?post=5593"},{"taxonomy":"product_brand","embeddable":true,"href":"https:\/\/www.somatechnology.com\/spanish\/wp-json\/wp\/v2\/product_brand?post=5593"},{"taxonomy":"product_cat","embeddable":true,"href":"https:\/\/www.somatechnology.com\/spanish\/wp-json\/wp\/v2\/product_cat?post=5593"},{"taxonomy":"product_tag","embeddable":true,"href":"https:\/\/www.somatechnology.com\/spanish\/wp-json\/wp\/v2\/product_tag?post=5593"}],"curies":[{"name":"wp","href":"https:\/\/api.w.org\/{rel}","templated":true}]}}