{"id":6242,"date":"2016-09-13T18:33:33","date_gmt":"2016-09-13T18:33:33","guid":{"rendered":"http:\/\/equipomedicocentral.com\/wordpress\/product\/storz-telecam-20211120\/"},"modified":"2025-12-11T03:46:56","modified_gmt":"2025-12-11T08:46:56","slug":"storz-telecam-20211120","status":"publish","type":"product","link":"https:\/\/www.somatechnology.com\/spanish\/equipo-medico-usado-remanufacturado\/sistema-de-video-endoscopia\/camaras-de-video\/storz-telecam-20211120\/","title":{"rendered":"Storz Telecam 20211120 Camaras de Video"},"content":{"rendered":"<div class=\"wpb-content-wrapper\"><p>[vc_row][vc_column][vc_column_text css=\u00bb\u00bb]<\/p>\n<h2>Camara Endosc\u00f3pica Storz Telecam 20 2111 20<\/h2>\n<p>Las caracter\u00edsticas de Storz 202101 20 Telecam:<\/p>\n<ul>\n<li>Alta resoluci\u00f3n horizontal de m\u00e1s de 450 l\u00edneas<\/li>\n<li>Control de ganancia manual o autom\u00e1tico patentado<\/li>\n<li>Procesamiento digital de im\u00e1genes utilizando un m\u00f3dulo integrado de procesamiento de im\u00e1genes. Los ajustes m\u00faltiples permiten al usuario seleccionar el nivel preferido y \u00f3ptimo de mejora de la imagen<\/li>\n<li>Mejora del contraste digital para discernir mejor los defectos<\/li>\n<li>Filtro anti-Moire\/anti-Grid digital para uso con Fibroscopios que elimina la pixelizaci\u00f3n en la imagen visualizada<\/li>\n<li>Balance de blancos autom\u00e1tico con funci\u00f3n de memoria para la configuraci\u00f3n del usuario<\/li>\n<li>Generador de caracteres<\/li>\n<li>Composite, S-video y compatible con RGB<\/li>\n<li>Fuente de alimentaci\u00f3n universal<\/li>\n<li>2 teclas de funci\u00f3n programables en la cabeza de la c\u00e1mara para controlar las funciones de la c\u00e1mara y la se\u00f1al de v\u00eddeo a las unidades perif\u00e9ricas<\/li>\n<li>C-adaptador de montaje para su uso con todos los inventarios de equipos<\/li>\n<\/ul>\n<p>[\/vc_column_text][\/vc_column][\/vc_row]<\/p>\n<\/div>","protected":false},"excerpt":{"rendered":"<p>1-chip Camara de Video de Endoscopia<\/p>\n","protected":false},"featured_media":6224,"template":"","meta":{"_acf_changed":false,"_relevanssi_hide_post":"","_relevanssi_hide_content":"","_relevanssi_pin_for_all":"","_relevanssi_pin_keywords":"","_relevanssi_unpin_keywords":"","_relevanssi_related_keywords":"","_relevanssi_related_include_ids":"","_relevanssi_related_exclude_ids":"","_relevanssi_related_no_append":"","_relevanssi_related_not_related":"","_relevanssi_related_posts":"","_relevanssi_noindex_reason":"","inline_featured_image":false},"pwb-brand":[1081],"product_brand":[],"product_cat":[99,84],"product_tag":[203,142,168,174,175],"class_list":{"0":"post-6242","1":"product","2":"type-product","3":"status-publish","4":"has-post-thumbnail","6":"pwb-brand-storz","7":"product_cat-camaras-de-video","8":"product_cat-sistema-de-video-endoscopia","9":"product_tag-203","10":"product_tag-camaras-de-video","11":"product_tag-storz","12":"product_tag-storz-telecam","13":"product_tag-storz-telecam-20211120","15":"first","16":"instock","17":"purchasable","18":"product-type-simple"},"acf":[],"brands":[{"id":1081,"name":"Storz","slug":"storz"}],"_links":{"self":[{"href":"https:\/\/www.somatechnology.com\/spanish\/wp-json\/wp\/v2\/product\/6242","targetHints":{"allow":["GET"]}}],"collection":[{"href":"https:\/\/www.somatechnology.com\/spanish\/wp-json\/wp\/v2\/product"}],"about":[{"href":"https:\/\/www.somatechnology.com\/spanish\/wp-json\/wp\/v2\/types\/product"}],"wp:featuredmedia":[{"embeddable":true,"href":"https:\/\/www.somatechnology.com\/spanish\/wp-json\/wp\/v2\/media\/6224"}],"wp:attachment":[{"href":"https:\/\/www.somatechnology.com\/spanish\/wp-json\/wp\/v2\/media?parent=6242"}],"wp:term":[{"taxonomy":"pwb-brand","embeddable":true,"href":"https:\/\/www.somatechnology.com\/spanish\/wp-json\/wp\/v2\/pwb-brand?post=6242"},{"taxonomy":"product_brand","embeddable":true,"href":"https:\/\/www.somatechnology.com\/spanish\/wp-json\/wp\/v2\/product_brand?post=6242"},{"taxonomy":"product_cat","embeddable":true,"href":"https:\/\/www.somatechnology.com\/spanish\/wp-json\/wp\/v2\/product_cat?post=6242"},{"taxonomy":"product_tag","embeddable":true,"href":"https:\/\/www.somatechnology.com\/spanish\/wp-json\/wp\/v2\/product_tag?post=6242"}],"curies":[{"name":"wp","href":"https:\/\/api.w.org\/{rel}","templated":true}]}}