{"id":6243,"date":"2016-09-13T18:37:14","date_gmt":"2016-09-13T18:37:14","guid":{"rendered":"http:\/\/equipomedicocentral.com\/wordpress\/product\/storz-image1-hub-scd\/"},"modified":"2025-12-11T05:02:17","modified_gmt":"2025-12-11T10:02:17","slug":"storz-image-1-hub-hd-scd","status":"publish","type":"product","link":"https:\/\/www.somatechnology.com\/spanish\/equipo-medico-usado-remanufacturado\/sistema-de-video-endoscopia\/camaras-de-video\/storz-image-1-hub-hd-scd\/","title":{"rendered":"Storz Image 1 Hub HD SCD Camaras de Video"},"content":{"rendered":"<div class=\"wpb-content-wrapper\"><p>[vc_row][vc_column][vc_column_text css=\u00bb\u00bb]<\/p>\n<h2>Camaras de Video Storz Image 1 Hub HD SCD<\/h2>\n<p>El control de c\u00e1mara Full HD est\u00e1ndar Storz Image 1 Hub HD SDC con receptor de cabeza HD y SD. Aumentado con el m\u00f3dulo del ICM, la unidad permite la impresi\u00f3n as\u00ed como la imagen inm\u00f3vil, la captura de la pel\u00edcula y fuera de la impresi\u00f3n de la imagen de la caja por un empuje simple de un bot\u00f3n de la cabeza de la c\u00e1mara a los dispositivos convenientes del USB. La CCU est\u00e1 preparada o integrada a trav\u00e9s de su interfaz SCB. Opcionalmente la unidad puede ser equipada con una interfaz SD-SDI para la transmisi\u00f3n de se\u00f1al de v\u00eddeo de largo alcance.<\/p>\n<p>[\/vc_column_text][\/vc_column][\/vc_row]<\/p>\n<\/div>","protected":false},"excerpt":{"rendered":"<p>1-chip Camara de Video de Endoscopia<\/p>\n","protected":false},"featured_media":9512,"template":"","meta":{"_acf_changed":false,"_relevanssi_hide_post":"","_relevanssi_hide_content":"","_relevanssi_pin_for_all":"","_relevanssi_pin_keywords":"","_relevanssi_unpin_keywords":"","_relevanssi_related_keywords":"","_relevanssi_related_include_ids":"","_relevanssi_related_exclude_ids":"","_relevanssi_related_no_append":"","_relevanssi_related_not_related":"","_relevanssi_related_posts":"","_relevanssi_noindex_reason":"","inline_featured_image":false},"pwb-brand":[1081],"product_brand":[],"product_cat":[99,84],"product_tag":[142,171,201,202,200,168,196,197,198,199],"class_list":{"0":"post-6243","1":"product","2":"type-product","3":"status-publish","4":"has-post-thumbnail","6":"pwb-brand-storz","7":"product_cat-camaras-de-video","8":"product_cat-sistema-de-video-endoscopia","9":"product_tag-camaras-de-video","10":"product_tag-image-1","11":"product_tag-image-1-hd","12":"product_tag-image-1-hd-scd","13":"product_tag-image-1-scd","14":"product_tag-storz","15":"product_tag-storz-image-1","16":"product_tag-storz-image-1-hub","17":"product_tag-storz-image-1-hub-hd","18":"product_tag-storz-image-1-hub-hd-scd","20":"first","21":"instock","22":"purchasable","23":"product-type-simple"},"acf":[],"brands":[{"id":1081,"name":"Storz","slug":"storz"}],"_links":{"self":[{"href":"https:\/\/www.somatechnology.com\/spanish\/wp-json\/wp\/v2\/product\/6243","targetHints":{"allow":["GET"]}}],"collection":[{"href":"https:\/\/www.somatechnology.com\/spanish\/wp-json\/wp\/v2\/product"}],"about":[{"href":"https:\/\/www.somatechnology.com\/spanish\/wp-json\/wp\/v2\/types\/product"}],"wp:featuredmedia":[{"embeddable":true,"href":"https:\/\/www.somatechnology.com\/spanish\/wp-json\/wp\/v2\/media\/9512"}],"wp:attachment":[{"href":"https:\/\/www.somatechnology.com\/spanish\/wp-json\/wp\/v2\/media?parent=6243"}],"wp:term":[{"taxonomy":"pwb-brand","embeddable":true,"href":"https:\/\/www.somatechnology.com\/spanish\/wp-json\/wp\/v2\/pwb-brand?post=6243"},{"taxonomy":"product_brand","embeddable":true,"href":"https:\/\/www.somatechnology.com\/spanish\/wp-json\/wp\/v2\/product_brand?post=6243"},{"taxonomy":"product_cat","embeddable":true,"href":"https:\/\/www.somatechnology.com\/spanish\/wp-json\/wp\/v2\/product_cat?post=6243"},{"taxonomy":"product_tag","embeddable":true,"href":"https:\/\/www.somatechnology.com\/spanish\/wp-json\/wp\/v2\/product_tag?post=6243"}],"curies":[{"name":"wp","href":"https:\/\/api.w.org\/{rel}","templated":true}]}}