{"id":7793,"date":"2018-01-25T20:16:09","date_gmt":"2018-01-25T20:16:09","guid":{"rendered":"https:\/\/www.somatechnology.com\/spanish\/?post_type=product&#038;p=7793"},"modified":"2025-12-11T03:26:19","modified_gmt":"2025-12-11T08:26:19","slug":"zoll-aed-pro","status":"publish","type":"product","link":"https:\/\/www.somatechnology.com\/spanish\/equipo-medico-usado-remanufacturado\/desfibriladores-medicos\/desfibriladores-automaticos-externos\/zoll-aed-pro\/","title":{"rendered":"Zoll AED Pro"},"content":{"rendered":"<div class=\"wpb-content-wrapper\"><p>[vc_row][vc_column][vc_column_text css=\u00bb\u00bb]<\/p>\n<h2>Zoll AED Pro<\/h2>\n<p>El ZOLL AED Pro es semiautom\u00e1tico es perfecto para los reanimadores. Utiliza los populares electrodos de una pieza CPR-D \u2022 padz \u2122 de ZOLL para una colocaci\u00f3n r\u00e1pida y precisa, as\u00ed como el estilo tradicional de 2 pieza; la elecci\u00f3n es toda tuya.<\/p>\n<p>La versi\u00f3n semiautom\u00e1tica con anulaci\u00f3n manual se ajusta a la factura de los profesionales m\u00e9dicos que necesitan la opci\u00f3n de entregar el tratamiento a pedido. Adem\u00e1s, ZOLL AED Pro tambi\u00e9n se puede usar para monitorear pacientes a trav\u00e9s del \u00abPlomo 2\u00bb. Vea la forma de onda del ECG del paciente, la frecuencia card\u00edaca, los choques entregados y la profundidad de compresi\u00f3n de CPR desde la pantalla LCD grande y transparente del ZOLL AED Pro. Hace que el \u00abPro\u00bb sea una alternativa asequible a costosos monitores \/ desfibriladores manuales. Elija entre los paquetes de bater\u00edas SLA est\u00e1ndar de ZOLL, compatibles con los modelos de la serie \u00abM\u00bb m\u00e1s grandes de ZOLL o paquetes de bater\u00edas de iones de litio recargables para una mayor capacidad y tiempos de funcionamiento m\u00e1s largos.<\/p>\n<p>\u00bfNecesita una copia impresa del rescate reci\u00e9n realizado? Descargue los datos del paciente de ZOLL AED Pro a su computadora personal en un instante. El software de datos b\u00e1sicos RescueNet \u2122 de ZOLL est\u00e1 disponible gratis. Transferencias de datos del \u00abPro\u00bb a una PC a trav\u00e9s de medios flash USB.<\/p>\n<p>\u00bfY mencionamos que ZOLL AED Pro es dif\u00edcil? El cuerpo del ZOLL AED Pro est\u00e1 hecho de policarbonato siloxano (el mismo material est\u00e1 hecho de cascos de f\u00fatbol profesional) y tiene un sobremoldeado de uretano termopl\u00e1stico incre\u00edblemente duradero. El ZOLL AED Pro tiene una clasificaci\u00f3n IP55 para resistencia al agua a chorros de agua a alta presi\u00f3n. Ning\u00fan otro desfibrilador es mas resistente.<\/p>\n<ul>\n<li>Pr\u00e1cticamente indestructible: resistente al polvo y a alta presi\u00f3n, roc\u00edo de agua directo (clasificaci\u00f3n IP55)<\/li>\n<li>Pantalla LCD de alta resoluci\u00f3n para monitoreo de plomo II<\/li>\n<li>Dos modelos: semiautom\u00e1tico o semiautom\u00e1tico con anulaci\u00f3n manual<\/li>\n<li>Electrodo de una sola pieza que proporciona informaci\u00f3n instant\u00e1nea sobre la frecuencia y la profundidad de las compresiones de CPR con se\u00f1ales visuales y audibles opcionales<\/li>\n<li>Primero en incorporar la tecnolog\u00eda de memoria USB para una capacidad de almacenamiento de datos ilimitada<\/li>\n<li>Compatibilidad de bater\u00eda inigualable, desde desechable \/ reciclable a recargable<\/li>\n<\/ul>\n<h3>Forma de Onda del Desfibrilador<\/h3>\n<ul>\n<li>Bif\u00e1sico rectil\u00edneo<\/li>\n<li>Tiempo de carga de la carga del desfibrilador: 30 segundos<\/li>\n<li>Selecci\u00f3n de energ\u00eda: selecci\u00f3n autom\u00e1tica preprogramada (120, 150, 200 julios)<\/li>\n<li>Seguridad del paciente: todos los conectores del paciente est\u00e1n aislados el\u00e9ctricamente<\/li>\n<li>Tiempo de carga: menos de 10 segundos con bater\u00edas nuevas Incluye autocomprobaci\u00f3n del desfibrilador<\/li>\n<li>RCP: velocidad del metr\u00f3nomo: variable de 60 a 100 CPM<\/li>\n<li>Aviso de desfibrilador: eval\u00faa las conexiones de electrodos y el ECG del paciente para determinar si se requiere desfibrilaci\u00f3n<\/li>\n<li>Ritmos susceptibles de choque: fibrilaci\u00f3n ventricular con amplitud promedio&gt; 100 microvoltios y taquicardia ventricular compleja amplia con frecuencias superiores a 150 lpm<\/li>\n<li>Rango de medici\u00f3n de la impendencia del paciente: 0 a 300 ohmios. El desfibrilador tiene un circuito de ECG protegido<\/li>\n<li>Formato de visualizaci\u00f3n: LCD opcional con barra m\u00f3vil. Tama\u00f1o 2.6 \u00abx 1.3\u00bb. Tiempo de visualizaci\u00f3n: 2.6 segundos<\/li>\n<li>Capacidad de la bater\u00eda: t\u00edpica nueva = 5 a\u00f1os o 300 descargas o 1.5 horas de monitoreo \/ desfibrilaci\u00f3n continuos. Fin de vida designado por una X roja (descargas t\u00edpicas restantes = 100 o 0.5 horas de monitorizaci\u00f3n \/ desfibrilaci\u00f3n continuas)<\/li>\n<\/ul>\n<p>[\/vc_column_text][\/vc_column][\/vc_row]<\/p>\n<\/div>","protected":false},"excerpt":{"rendered":"<p>[vc_row][vc_column][vc_column_text css=\u00bb\u00bb] Zoll AED Pro El ZOLL AED Pro es semiautom\u00e1tico es perfecto para los reanimadores. Utiliza los populares electrodos de una pieza CPR-D&#8230;<\/p>\n","protected":false},"featured_media":7794,"template":"","meta":{"_acf_changed":false,"_relevanssi_hide_post":"","_relevanssi_hide_content":"","_relevanssi_pin_for_all":"","_relevanssi_pin_keywords":"","_relevanssi_unpin_keywords":"","_relevanssi_related_keywords":"","_relevanssi_related_include_ids":"","_relevanssi_related_exclude_ids":"","_relevanssi_related_no_append":"","_relevanssi_related_not_related":"","_relevanssi_related_posts":"","_relevanssi_noindex_reason":"","inline_featured_image":false},"pwb-brand":[1117],"product_brand":[],"product_cat":[92,4765],"product_tag":[269,268,270,271],"class_list":{"0":"post-7793","1":"product","2":"type-product","3":"status-publish","4":"has-post-thumbnail","6":"pwb-brand-desfibriladores-zoll","7":"product_cat-desfibriladores-automaticos-externos","8":"product_cat-desfibriladores-portatiles","9":"product_tag-aed","10":"product_tag-zoll","11":"product_tag-zoll-aed","12":"product_tag-zoll-aed-pro","14":"first","15":"instock","16":"shipping-taxable","17":"purchasable","18":"product-type-simple"},"acf":[],"brands":[{"id":1117,"name":"Zoll","slug":"desfibriladores-zoll"}],"_links":{"self":[{"href":"https:\/\/www.somatechnology.com\/spanish\/wp-json\/wp\/v2\/product\/7793","targetHints":{"allow":["GET"]}}],"collection":[{"href":"https:\/\/www.somatechnology.com\/spanish\/wp-json\/wp\/v2\/product"}],"about":[{"href":"https:\/\/www.somatechnology.com\/spanish\/wp-json\/wp\/v2\/types\/product"}],"wp:featuredmedia":[{"embeddable":true,"href":"https:\/\/www.somatechnology.com\/spanish\/wp-json\/wp\/v2\/media\/7794"}],"wp:attachment":[{"href":"https:\/\/www.somatechnology.com\/spanish\/wp-json\/wp\/v2\/media?parent=7793"}],"wp:term":[{"taxonomy":"pwb-brand","embeddable":true,"href":"https:\/\/www.somatechnology.com\/spanish\/wp-json\/wp\/v2\/pwb-brand?post=7793"},{"taxonomy":"product_brand","embeddable":true,"href":"https:\/\/www.somatechnology.com\/spanish\/wp-json\/wp\/v2\/product_brand?post=7793"},{"taxonomy":"product_cat","embeddable":true,"href":"https:\/\/www.somatechnology.com\/spanish\/wp-json\/wp\/v2\/product_cat?post=7793"},{"taxonomy":"product_tag","embeddable":true,"href":"https:\/\/www.somatechnology.com\/spanish\/wp-json\/wp\/v2\/product_tag?post=7793"}],"curies":[{"name":"wp","href":"https:\/\/api.w.org\/{rel}","templated":true}]}}