{"id":7874,"date":"2018-01-26T21:35:53","date_gmt":"2018-01-26T21:35:53","guid":{"rendered":"https:\/\/www.somatechnology.com\/spanish\/?post_type=product&#038;p=7874"},"modified":"2025-12-11T04:37:32","modified_gmt":"2025-12-11T09:37:32","slug":"drager-fabius-mri","status":"publish","type":"product","link":"https:\/\/www.somatechnology.com\/spanish\/equipo-medico-usado-remanufacturado\/maquinas-de-anestesia\/drager-fabius-mri\/","title":{"rendered":"Drager Fabius MRI"},"content":{"rendered":"<div class=\"wpb-content-wrapper\"><p>[vc_row][vc_column][vc_column_text css=\u00bb\u00bb]<\/p>\n<h2>Drager Fabius MRI<\/h2>\n<p>El Drager Fabius MRI no solo proporciona una excelente ventilaci\u00f3n. Tambi\u00e9n fue dise\u00f1ado para mejorar su flujo de trabajo. Una gran pantalla a color de alta visibilidad lo mantiene informado sobre el estado del paciente y del respirador, incluso desde la distancia. Los LED integrados de advertencia y alarma proporcionan soporte visual adicional. La estructura de men\u00fa intuitiva y la familiar filosof\u00eda de operaci\u00f3n Drager de 3 pasos: seleccionar, ajustar, confirmar, lo mover\u00e1n casi sin esfuerzo a trav\u00e9s de sus sistemas.<\/p>\n<ul>\n<li>Pantalla a color de alta visibilidad.<\/li>\n<li>LED de advertencia y alarma integrados.<\/li>\n<li>2 montaje vaporizador.<\/li>\n<li>Calibres de presi\u00f3n para cilindros de gas con \u00edndice de pin.<\/li>\n<li>Drager Sob CLIC absorbedor.<\/li>\n<li>Sistema de eliminaci\u00f3n de gases anest\u00e9sicos.<\/li>\n<li>3 cajones grandes, 1 con cerradura.<\/li>\n<li>Freno central<\/li>\n<li>Sistema de respiraci\u00f3n compacto.<\/li>\n<li>E-Vent piston Ventilator.<\/li>\n<\/ul>\n<h3>Base de la unidad<\/h3>\n<ul>\n<li>Versi\u00f3n del carro (Carro) con ACOGEDOR: Dimensiones (An \u00d7 Al \u00d7 P): aproximadamente 39 \u00d7 55 \u00d7 35.5 in (99 \u00d7 140 \u00d7 90 cm)<\/li>\n<li>Fabius MRI Trolley (con COSY) Peso y carga sin cilindros suplementarios y vaporizadores: 365 lbs. (165.8 kg)<\/li>\n<\/ul>\n<h3>Energ\u00eda y bater\u00eda de respaldo<\/h3>\n<ul>\n<li>Entrada de energ\u00eda: de 100 a 240 VCA, 50\/60 Hz, 70 VA, incluidas tomas de corriente adicionales.<\/li>\n<li>Tiempo de funcionamiento con las bater\u00edas completamente cargadas:&gt; 45 min.<\/li>\n<\/ul>\n<h3>M\u00f3dulo de suministro de anestesia<\/h3>\n<ul>\n<li>Rango de indicadores de flujo de gas fresco: de 0.0 a 12.0 L \/ min Caudal\u00edmetro de gas fresco total de 0 a 10 L \/ min.<\/li>\n<li>Flujo de O2: a 87 psi (6 bar): m\u00e1x. 75 l \/ min; a 41 psi (2.8 bar): m\u00edn. 25 L \/ min.<\/li>\n<li>Vaporizador: Soporte Drager de 2 posiciones (Interbloqueo 2 &#8211; Sistema): Drager Isoflurane Vapor 2000, Drager Sevoflurane Vapor 2000, Drager Halothane Vapor 2000, Drager Enflurane Vapor 2000.<\/li>\n<\/ul>\n<h3>Especificaciones de funcionamiento del ventilador<\/h3>\n<ul>\n<li>Ventilador E-vent\u00ae: controlado electr\u00f3nicamente, impulsado el\u00e9ctricamente.<\/li>\n<li>Modos de funcionamiento: Ventilaci\u00f3n controlada por volumen, Ventilaci\u00f3n controlada por presi\u00f3n, Soporte de presi\u00f3n, SIMV \/ PS, Ventilaci\u00f3n manual, Respiraci\u00f3n espont\u00e1nea.<\/li>\n<\/ul>\n<h3>Rangos de entrada de control<\/h3>\n<ul>\n<li>Frecuencia de respiraci\u00f3n (frecuencia): de 4 a 60 lpm.<\/li>\n<li>Presi\u00f3n espiratoria final positiva (PEEP): 0 a 20 cmH2O (hPa).<\/li>\n<li>Proporci\u00f3n de inspiraci\u00f3n \/ espiraci\u00f3n (Ti: Te): 4: 1 a 1: 4.<\/li>\n<li>Limitaci\u00f3n de presi\u00f3n (Pmax): 15 a 70 cmH2O (hPa).<\/li>\n<li>Volumen tidal (Vt): 20 a 1400 ml en control de volumen, 20 a 1100 ml en SIMV \/ PS.<\/li>\n<li>Pausa de inspiraci\u00f3n (Tip: Ti): 0 a 50%.<\/li>\n<li>Tiempo de inspiraci\u00f3n SIMV: 0.3 &#8211; 4.0 seg.<\/li>\n<li>Presi\u00f3n inspiratoria (Pinsp): PEEP + 5 a 65 cmH2O (hPa).<\/li>\n<li>Flujo inspiratorio (InspFlow): 10 a 75 L \/ min en los modos de Control de volumen y presi\u00f3n, 10 a 85 L \/ min en Soporte de presi\u00f3n y modos SIMV \/ PS.<\/li>\n<li>Nivel de soporte de presi\u00f3n (PPS): PEEP + 3 a 20 cmH2O (hPa) M\u00edn. frecuencia para apnoe-ventilaci\u00f3n (M\u00edn. Frecuente) 3 a 20 lpm y \u00abOFF\u00bb<strong>\u201d.<\/strong><\/li>\n<\/ul>\n<div id=\"mttContainer\" class=\"notranslate\" style=\"transform: translate(90px, 1px);\" aria-expanded=\"false\"><\/div>\n<p>[\/vc_column_text][\/vc_column][\/vc_row]<\/p>\n<\/div>","protected":false},"excerpt":{"rendered":"<p>M\u00e1quinas de anestesia<\/p>\n","protected":false},"featured_media":22294,"template":"","meta":{"_acf_changed":false,"_relevanssi_hide_post":"","_relevanssi_hide_content":"","_relevanssi_pin_for_all":"","_relevanssi_pin_keywords":"","_relevanssi_unpin_keywords":"","_relevanssi_related_keywords":"","_relevanssi_related_include_ids":"","_relevanssi_related_exclude_ids":"","_relevanssi_related_no_append":"","_relevanssi_related_not_related":"","_relevanssi_related_posts":"","_relevanssi_noindex_reason":"","inline_featured_image":false},"pwb-brand":[1122],"product_brand":[],"product_cat":[48],"product_tag":[217,251,452,254,6845,453],"class_list":{"0":"post-7874","1":"product","2":"type-product","3":"status-publish","4":"has-post-thumbnail","6":"pwb-brand-equipo-medico-drager","7":"product_cat-maquinas-de-anestesia","8":"product_tag-drager","9":"product_tag-drager-fabius","10":"product_tag-drager-fabius-mri","11":"product_tag-fabius","12":"product_tag-maquinas-de-anestesia-drager","13":"product_tag-mri","15":"first","16":"instock","17":"shipping-taxable","18":"purchasable","19":"product-type-simple"},"acf":[],"brands":[{"id":1122,"name":"Drager","slug":"equipo-medico-drager"}],"_links":{"self":[{"href":"https:\/\/www.somatechnology.com\/spanish\/wp-json\/wp\/v2\/product\/7874","targetHints":{"allow":["GET"]}}],"collection":[{"href":"https:\/\/www.somatechnology.com\/spanish\/wp-json\/wp\/v2\/product"}],"about":[{"href":"https:\/\/www.somatechnology.com\/spanish\/wp-json\/wp\/v2\/types\/product"}],"wp:featuredmedia":[{"embeddable":true,"href":"https:\/\/www.somatechnology.com\/spanish\/wp-json\/wp\/v2\/media\/22294"}],"wp:attachment":[{"href":"https:\/\/www.somatechnology.com\/spanish\/wp-json\/wp\/v2\/media?parent=7874"}],"wp:term":[{"taxonomy":"pwb-brand","embeddable":true,"href":"https:\/\/www.somatechnology.com\/spanish\/wp-json\/wp\/v2\/pwb-brand?post=7874"},{"taxonomy":"product_brand","embeddable":true,"href":"https:\/\/www.somatechnology.com\/spanish\/wp-json\/wp\/v2\/product_brand?post=7874"},{"taxonomy":"product_cat","embeddable":true,"href":"https:\/\/www.somatechnology.com\/spanish\/wp-json\/wp\/v2\/product_cat?post=7874"},{"taxonomy":"product_tag","embeddable":true,"href":"https:\/\/www.somatechnology.com\/spanish\/wp-json\/wp\/v2\/product_tag?post=7874"}],"curies":[{"name":"wp","href":"https:\/\/api.w.org\/{rel}","templated":true}]}}