{"id":7892,"date":"2018-01-29T16:21:19","date_gmt":"2018-01-29T16:21:19","guid":{"rendered":"https:\/\/www.somatechnology.com\/spanish\/?post_type=product&#038;p=7892"},"modified":"2025-06-26T09:46:04","modified_gmt":"2025-06-26T13:46:04","slug":"terumo-sarns-system-1","status":"publish","type":"product","link":"https:\/\/www.somatechnology.com\/spanish\/equipo-medico-usado-remanufacturado\/cardiovascular\/maquinas-de-corazon-y-pulmon\/terumo-sarns-system-1\/","title":{"rendered":"Terumo Sarns System 1"},"content":{"rendered":"<h2>CARACTER\u00cdSTICAS DE TERUMO SARNS SYSTEM 1<\/h2>\n<p>El <strong>Terumo Sarns System 1<\/strong> es un equipo cardiopulmonar que ofrece una atenci\u00f3n de alta calidad a los pacientes. El Terumo Sarns 1 es un sistema flexible que puede personalizarse para ajustarse a las necesidades espec\u00edficas y reconfigurarse a medida que estas cambian. El sistema permite conectar una variedad de dispositivos al sistema Advanced Perfusion System 1 para controlar y monitorizar al paciente durante un procedimiento cardiopulmonar. Las bombas pueden montarse una al lado de la otra en la base del sistema o pueden montarse a lo largo en un poste para reducir el tama\u00f1o de la unidad Terumo Sarns.<\/p>\n<p>El sistema viene con un monitor de control central de pantalla t\u00e1ctil que permite hasta 12 pantallas de perfusi\u00f3n diferentes y diferentes configuraciones de equipos o protocolos. La pantalla t\u00e1ctil tambi\u00e9n permite al usuario controlar la velocidad de la bomba, el flujo de gas y la Fi02 (para mezcladores de gas electr\u00f3nicos).<\/p>\n<ul>\n<li>El sistema viene con una bater\u00eda interna de reserva est\u00e1ndar que tiene un m\u00ednimo de 60 minutos<\/li>\n<li>Viene con un monitor de pantalla t\u00e1ctil de alta resoluci\u00f3n que procesa la grasa<\/li>\n<li>Crea hasta 12 pantallas de perfusi\u00f3n personalizables<\/li>\n<li>Base compacta, que ahorra espacio, con m\u00faltiples opciones para acoplar las bombas<\/li>\n<li>El sistema permite al usuario definir la respuesta de la bomba junto con la seguridad<\/li>\n<li>M\u00faltiples opciones de suministro de cardiograf\u00eda<\/li>\n<\/ul>\n","protected":false},"excerpt":{"rendered":"<p>El Terumo Sarns System 1 es un equipo cardiopulmonar que ofrece una atenci\u00f3n de alta calidad a los pacientes. El Terumo Sarns 1 es un sistema flexible que puede personalizarse para ajustarse a las necesidades espec\u00edficas y reconfigurarse a medida que estas cambian. El sistema permite conectar una variedad de dispositivos al sistema Advanced Perfusion System 1 para controlar y monitorizar al paciente durante un procedimiento cardiopulmonar. Las bombas pueden montarse una al lado de la otra en la base del sistema o pueden montarse a lo largo en un poste para reducir el tama\u00f1o de la unidad Terumo Sarns.<\/p>\n","protected":false},"featured_media":20151,"template":"","meta":{"_acf_changed":false,"_relevanssi_hide_post":"","_relevanssi_hide_content":"","_relevanssi_pin_for_all":"","_relevanssi_pin_keywords":"","_relevanssi_unpin_keywords":"","_relevanssi_related_keywords":"","_relevanssi_related_include_ids":"","_relevanssi_related_exclude_ids":"","_relevanssi_related_no_append":"","_relevanssi_related_not_related":"","_relevanssi_related_posts":"","_relevanssi_noindex_reason":"","inline_featured_image":false},"pwb-brand":[1106],"product_brand":[],"product_cat":[78],"product_tag":[474,473,481,482,480],"class_list":{"0":"post-7892","1":"product","2":"type-product","3":"status-publish","4":"has-post-thumbnail","6":"pwb-brand-equipo-medico-terumo","7":"product_cat-maquinas-de-corazon-y-pulmon","8":"product_tag-sarns","9":"product_tag-terumo","10":"product_tag-terumo-sarns","11":"product_tag-terumo-sarns-system","12":"product_tag-terumo-sarns-system-1","14":"first","15":"instock","16":"shipping-taxable","17":"purchasable","18":"product-type-simple"},"acf":[],"brands":[{"id":1106,"name":"Terumo","slug":"equipo-medico-terumo"}],"_links":{"self":[{"href":"https:\/\/www.somatechnology.com\/spanish\/wp-json\/wp\/v2\/product\/7892","targetHints":{"allow":["GET"]}}],"collection":[{"href":"https:\/\/www.somatechnology.com\/spanish\/wp-json\/wp\/v2\/product"}],"about":[{"href":"https:\/\/www.somatechnology.com\/spanish\/wp-json\/wp\/v2\/types\/product"}],"wp:featuredmedia":[{"embeddable":true,"href":"https:\/\/www.somatechnology.com\/spanish\/wp-json\/wp\/v2\/media\/20151"}],"wp:attachment":[{"href":"https:\/\/www.somatechnology.com\/spanish\/wp-json\/wp\/v2\/media?parent=7892"}],"wp:term":[{"taxonomy":"pwb-brand","embeddable":true,"href":"https:\/\/www.somatechnology.com\/spanish\/wp-json\/wp\/v2\/pwb-brand?post=7892"},{"taxonomy":"product_brand","embeddable":true,"href":"https:\/\/www.somatechnology.com\/spanish\/wp-json\/wp\/v2\/product_brand?post=7892"},{"taxonomy":"product_cat","embeddable":true,"href":"https:\/\/www.somatechnology.com\/spanish\/wp-json\/wp\/v2\/product_cat?post=7892"},{"taxonomy":"product_tag","embeddable":true,"href":"https:\/\/www.somatechnology.com\/spanish\/wp-json\/wp\/v2\/product_tag?post=7892"}],"curies":[{"name":"wp","href":"https:\/\/api.w.org\/{rel}","templated":true}]}}