{"id":7930,"date":"2018-01-30T14:54:22","date_gmt":"2018-01-30T14:54:22","guid":{"rendered":"https:\/\/www.somatechnology.com\/spanish\/?post_type=product&#038;p=7930"},"modified":"2025-06-26T10:34:02","modified_gmt":"2025-06-26T14:34:02","slug":"steris-reliance-vision","status":"publish","type":"product","link":"https:\/\/www.somatechnology.com\/spanish\/equipo-medico-usado-remanufacturado\/autoclaves-esterilizadores\/steris-reliance-vision\/","title":{"rendered":"Steris Reliance Vision"},"content":{"rendered":"<h2><strong>Steris Reliance Vision<\/strong><\/h2>\n<p>La lavadora \/ desinfectadora de una sola c\u00e1mara Reliance Vision est\u00e1 dise\u00f1ada para su uso en la limpieza y desinfecci\u00f3n de nivel intermedio de utensilios reutilizables, bandejas, cristaler\u00eda, cu\u00f1as y orinales, art\u00edculos de caucho y pl\u00e1stico, instrumentos quir\u00fargicos r\u00edgidos simples de superficie dura (como pinzas y abrazaderas), zapatos de teatro y otros art\u00edculos similares y relacionados que se encuentran en las instalaciones de salud.<\/p>\n<p>Los departamentos de procesamiento est\u00e9riles se enfrentan al desaf\u00edo de alcanzar niveles de productividad m\u00e1s altos que nunca. Como resultado, los clientes necesitan un potente sistema de lavado y desinfecci\u00f3n que pueda procesar grandes vol\u00famenes de dispositivos m\u00e9dicos, utensilios e instrumentos delicados de forma r\u00e1pida, eficiente y segura. Los clientes tambi\u00e9n necesitan un sistema que sea simple de operar y mantener.<\/p>\n<p>Presentamos Steris Vision Washer and Disinfector, una soluci\u00f3n de lavado integrada total de STERIS. Con las \u00faltimas innovaciones en el mercado de una sola c\u00e1mara, Reliance Vision combina la \u00faltima tecnolog\u00eda con un dise\u00f1o innovador para proporcionar el m\u00e1ximo rendimiento y un rendimiento sin igual.<\/p>\n<ul>\n<li>Productividad y conectividad<\/li>\n<li>Ciclos m\u00e1s r\u00e1pidos y optimizados<\/li>\n<li>Pantalla t\u00e1ctil, los controles de PC pueden interactuar con el seguimiento de instrumentos y la programaci\u00f3n OR<\/li>\n<li>Brazos de aspersi\u00f3n m\u00e1s largos y boquillas de pulverizaci\u00f3n externas para una mejor cobertura<\/li>\n<li>Gran capacidad para procesar grandes vol\u00famenes de dispositivos m\u00e9dicos, utensilios e instrumentos delicados<\/li>\n<li>Sistema de secado mejorado<\/li>\n<li>Los medidores de flujo integrados proporcionan la verificaci\u00f3n de las tasas de inyecci\u00f3n de qu\u00edmica, incluso hasta los niveles de Ultra Concentrado de Prolystica\u00ae<\/li>\n<\/ul>\n<h3><strong>Calidad Del Steris Vision Washer <\/strong><\/h3>\n<ul>\n<li>Brazos rociadores f\u00e1ciles de limpiar; montaje simple<\/li>\n<li>El sistema de filtro centr\u00edfugo autolimpiante evita que los brazos rociadores se obstruyan y ayuda a minimizar el mantenimiento<\/li>\n<li>El control de PC es una supervisi\u00f3n remota habilitada que permite la reparaci\u00f3n proactiva \/ predictiva para mejorar el tiempo de actividad del sistema<\/li>\n<li>Los estantes son capaces de enjuagar el lumen<\/li>\n<\/ul>\n<h3><strong>La seguridad Del Steris Reliance Vision <\/strong><\/h3>\n<ul>\n<li>El dise\u00f1o ergon\u00f3mico mejora la seguridad del operador<\/li>\n<li>La fase de desinfecci\u00f3n de nivel inmediato ayuda a reducir el riesgo de infecci\u00f3n para los pacientes y el personal<\/li>\n<li>Mangos fr\u00edos al tacto en los racks para un manejo seguro de los racks una vez que salen de la lavadora<\/li>\n<li>El sistema ecol\u00f3gico usa menos agua, detergente y utilidades<\/li>\n<\/ul>\n<p>&nbsp;<\/p>\n","protected":false},"excerpt":{"rendered":"<p>La lavadora \/ desinfectadora de una sola c\u00e1mara Reliance Vision est\u00e1 dise\u00f1ada para su uso en la limpieza y desinfecci\u00f3n de nivel intermedio de utensilios reutilizables, bandejas, cristaler\u00eda, cu\u00f1as y orinales, art\u00edculos de caucho y pl\u00e1stico, instrumentos quir\u00fargicos r\u00edgidos simples de superficie dura (como pinzas y abrazaderas), zapatos de teatro y otros art\u00edculos similares y relacionados que se encuentran en las instalaciones de salud.<\/p>\n","protected":false},"featured_media":8297,"template":"","meta":{"_acf_changed":false,"_relevanssi_hide_post":"","_relevanssi_hide_content":"","_relevanssi_pin_for_all":"","_relevanssi_pin_keywords":"","_relevanssi_unpin_keywords":"","_relevanssi_related_keywords":"","_relevanssi_related_include_ids":"","_relevanssi_related_exclude_ids":"","_relevanssi_related_no_append":"","_relevanssi_related_not_related":"","_relevanssi_related_posts":"","_relevanssi_noindex_reason":"","inline_featured_image":false},"pwb-brand":[1149],"product_brand":[],"product_cat":[61],"product_tag":[534,551,543,550,552],"class_list":{"0":"post-7930","1":"product","2":"type-product","3":"status-publish","4":"has-post-thumbnail","6":"pwb-brand-equipo-medico-steris","7":"product_cat-autoclaves-esterilizadores","8":"product_tag-reliance","9":"product_tag-reliance-vision","10":"product_tag-steris","11":"product_tag-steris-reliance-vision","12":"product_tag-vision","14":"first","15":"instock","16":"shipping-taxable","17":"purchasable","18":"product-type-simple"},"acf":[],"brands":[{"id":1149,"name":"Steris","slug":"equipo-medico-steris"}],"_links":{"self":[{"href":"https:\/\/www.somatechnology.com\/spanish\/wp-json\/wp\/v2\/product\/7930","targetHints":{"allow":["GET"]}}],"collection":[{"href":"https:\/\/www.somatechnology.com\/spanish\/wp-json\/wp\/v2\/product"}],"about":[{"href":"https:\/\/www.somatechnology.com\/spanish\/wp-json\/wp\/v2\/types\/product"}],"wp:featuredmedia":[{"embeddable":true,"href":"https:\/\/www.somatechnology.com\/spanish\/wp-json\/wp\/v2\/media\/8297"}],"wp:attachment":[{"href":"https:\/\/www.somatechnology.com\/spanish\/wp-json\/wp\/v2\/media?parent=7930"}],"wp:term":[{"taxonomy":"pwb-brand","embeddable":true,"href":"https:\/\/www.somatechnology.com\/spanish\/wp-json\/wp\/v2\/pwb-brand?post=7930"},{"taxonomy":"product_brand","embeddable":true,"href":"https:\/\/www.somatechnology.com\/spanish\/wp-json\/wp\/v2\/product_brand?post=7930"},{"taxonomy":"product_cat","embeddable":true,"href":"https:\/\/www.somatechnology.com\/spanish\/wp-json\/wp\/v2\/product_cat?post=7930"},{"taxonomy":"product_tag","embeddable":true,"href":"https:\/\/www.somatechnology.com\/spanish\/wp-json\/wp\/v2\/product_tag?post=7930"}],"curies":[{"name":"wp","href":"https:\/\/api.w.org\/{rel}","templated":true}]}}