{"id":7966,"date":"2018-02-02T15:09:31","date_gmt":"2018-02-02T15:09:31","guid":{"rendered":"https:\/\/www.somatechnology.com\/spanish\/?post_type=product&#038;p=7966"},"modified":"2025-06-26T10:31:30","modified_gmt":"2025-06-26T14:31:30","slug":"steris-amsco-evolution","status":"publish","type":"product","link":"https:\/\/www.somatechnology.com\/spanish\/equipo-medico-usado-remanufacturado\/autoclaves-esterilizadores\/steris-amsco-evolution\/","title":{"rendered":"Steris Amsco Evolution"},"content":{"rendered":"<h2><strong>Steris Amsco Evolution Features<\/strong><\/h2>\n<p>La diferencia en los controles de Evolution es obvia, incluso desde el otro lado de la sala. Los resultados finales, mejoras en eficiencia y productividad, ser\u00e1n igualmente claros. Un redise\u00f1o espectacular de los controles y pantallas de Evolution incluye gr\u00e1ficos n\u00edtidos y de alta resoluci\u00f3n y un control de PC habilitado para Ethernet. Con un toque, los operadores pueden comenzar a aprenderlo y poner el control a trabajar.<\/p>\n<p>Esperamos las diferencias Evolutivas en su Departamento de Procesamiento Est\u00e9ril con mayor rendimiento, menor tiempo de inactividad y mayor eficiencia.<\/p>\n<ul>\n<li>Construcci\u00f3n de acero inoxidable 316 L &#8211; c\u00e1mara y chaqueta<\/li>\n<li>Menos soldaduras, lo que resulta en menos fatiga de metal<\/li>\n<li>C\u00e1mara completamente encamisada para optimizar incluso el calentamiento de la c\u00e1mara y minimizar la condensaci\u00f3n<\/li>\n<li>Puerta manual con bisagras con mecanismo de bloqueo f\u00e1cil de abrir<\/li>\n<li>Apertura automatizada de la puerta horizontal o vertical con funci\u00f3n de seguridad de detenci\u00f3n autom\u00e1tica<\/li>\n<li>Junta activada por vapor para disminuir la posibilidad de que entre aire a la c\u00e1mara<\/li>\n<li>F\u00e1cil acceso y carga<\/li>\n<li>El sistema de carga f\u00e1cil de alinear elimina al operador<\/li>\n<\/ul>\n<h3>Facil de Usar<\/h3>\n<ul>\n<li>El control PLC de Allen-Bradley proporciona una operaci\u00f3n de un toque a una altura ergon\u00f3mica.<\/li>\n<\/ul>\n<h3>Productividad<\/h3>\n<ul>\n<li>Disponible en 26 \u00abx 26\u00bb para una eficiente esterilizaci\u00f3n de cristaler\u00eda, preparaci\u00f3n de medios y utensilios con medidores de c\u00e1mara \/ chaqueta de f\u00e1cil lectura y 26 \u00abx 37.5\u00bb para proporcionar la capacidad requerida para manejar vol\u00famenes m\u00e1s grandes y acomodar equipos grandes como jaulas de animales.<\/li>\n<\/ul>\n<h3>Facil de mantener<\/h3>\n<ul>\n<li>\u2022 Se puede proporcionar ProConnect \u2122 Remote Monitoring System para minimizar el tiempo de respuesta y maximizar el tiempo de inactividad no programado con monitoreo remoto seguro, basado en Internet, Durante todo el d\u00eda.<\/li>\n<\/ul>\n<h3>Flexibilidad<\/h3>\n<ul>\n<li>\u2022 Los sistemas maximizan la eficiencia ajustando los requisitos espec\u00edficos de cada configuraci\u00f3n de carga individual a trav\u00e9s de ciclos m\u00faltiples con par\u00e1metros completamente ajustables como; un ciclo de pre-vac\u00edo, un ciclo de gravedad y un ciclo de l\u00edquido.<\/li>\n<\/ul>\n<h3>Confiabilidad<\/h3>\n<ul>\n<li>Los materiales de alta calidad y el ensamblaje de precisi\u00f3n ayudan a garantizar que cada sistema cumpla con los exigentes est\u00e1ndares de las operaciones de laboratorio..<\/li>\n<\/ul>\n<h3>Dimensiones<\/h3>\n<ul>\n<li>Longitud de la c\u00e1mara: 991 mm (39 \u00ab); 1245 mm (49 \u00ab); 1549 mm (61 \u00ab)<\/li>\n<li>Espacio de servicio: 1168 mm (46 \u00ab); 1422 mm (56 \u00ab); 1727 mm (68 \u00ab)<\/li>\n<li>Carga del espacio libre para el autom\u00f3vil: 2362 mm (93 \u00ab); 2616 mm (103 \u00ab); 2946 mm (116 \u00ab)<\/li>\n<li>Grosor de la pared: 102 mm (4 \u00ab) Max .; 102 &#8211; 203 mm (4 &#8211; 8 \u00ab); 102 &#8211; 203 mm (4 &#8211; 8 \u00ab)<\/li>\n<\/ul>\n<h3>Ciclos<\/h3>\n<ul>\n<li>Veinte (20) ciclos est\u00e1n disponibles Como caracter\u00edstica est\u00e1ndar. El esterilizador viene programado de f\u00e1brica con los siguientes ciclos de esterilizaci\u00f3n aplicables, que incluyen:<\/li>\n<li>Ciclo de gravedad, ciclo de l\u00edquido, ciclo de pre-vac\u00edo, ciclo de prueba de fuga, ciclo de prueba diaria de extracci\u00f3n de aire (DART), prueba Bowie-Dick, ciclo de enfriamiento de aire l\u00edquido, ciclo de descontaminaci\u00f3n de efluentes<\/li>\n<\/ul>\n","protected":false},"excerpt":{"rendered":"<p>La diferencia en los controles de Evolution es obvia, incluso desde el otro lado de la sala. Los resultados finales, mejoras en eficiencia y productividad, ser\u00e1n igualmente claros. Un redise\u00f1o espectacular de los controles y pantallas de Evolution incluye gr\u00e1ficos n\u00edtidos y de alta resoluci\u00f3n y un control de PC habilitado para Ethernet. Con un toque, los operadores pueden comenzar a aprenderlo y poner el control a trabajar.<\/p>\n","protected":false},"featured_media":7967,"template":"","meta":{"_acf_changed":false,"_relevanssi_hide_post":"","_relevanssi_hide_content":"","_relevanssi_pin_for_all":"","_relevanssi_pin_keywords":"","_relevanssi_unpin_keywords":"","_relevanssi_related_keywords":"","_relevanssi_related_include_ids":"","_relevanssi_related_exclude_ids":"","_relevanssi_related_no_append":"","_relevanssi_related_not_related":"","_relevanssi_related_posts":"","_relevanssi_noindex_reason":"","inline_featured_image":false},"pwb-brand":[1149],"product_brand":[],"product_cat":[61],"product_tag":[544,592,593,543,554,591],"class_list":{"0":"post-7966","1":"product","2":"type-product","3":"status-publish","4":"has-post-thumbnail","6":"pwb-brand-equipo-medico-steris","7":"product_cat-autoclaves-esterilizadores","8":"product_tag-amsco","9":"product_tag-amsco-evolution","10":"product_tag-evolution","11":"product_tag-steris","12":"product_tag-steris-amsco","13":"product_tag-steris-amsco-evolution","15":"first","16":"instock","17":"shipping-taxable","18":"purchasable","19":"product-type-simple"},"acf":[],"brands":[{"id":1149,"name":"Steris","slug":"equipo-medico-steris"}],"_links":{"self":[{"href":"https:\/\/www.somatechnology.com\/spanish\/wp-json\/wp\/v2\/product\/7966","targetHints":{"allow":["GET"]}}],"collection":[{"href":"https:\/\/www.somatechnology.com\/spanish\/wp-json\/wp\/v2\/product"}],"about":[{"href":"https:\/\/www.somatechnology.com\/spanish\/wp-json\/wp\/v2\/types\/product"}],"wp:featuredmedia":[{"embeddable":true,"href":"https:\/\/www.somatechnology.com\/spanish\/wp-json\/wp\/v2\/media\/7967"}],"wp:attachment":[{"href":"https:\/\/www.somatechnology.com\/spanish\/wp-json\/wp\/v2\/media?parent=7966"}],"wp:term":[{"taxonomy":"pwb-brand","embeddable":true,"href":"https:\/\/www.somatechnology.com\/spanish\/wp-json\/wp\/v2\/pwb-brand?post=7966"},{"taxonomy":"product_brand","embeddable":true,"href":"https:\/\/www.somatechnology.com\/spanish\/wp-json\/wp\/v2\/product_brand?post=7966"},{"taxonomy":"product_cat","embeddable":true,"href":"https:\/\/www.somatechnology.com\/spanish\/wp-json\/wp\/v2\/product_cat?post=7966"},{"taxonomy":"product_tag","embeddable":true,"href":"https:\/\/www.somatechnology.com\/spanish\/wp-json\/wp\/v2\/product_tag?post=7966"}],"curies":[{"name":"wp","href":"https:\/\/api.w.org\/{rel}","templated":true}]}}