{"id":7991,"date":"2018-02-02T17:28:18","date_gmt":"2018-02-02T17:28:18","guid":{"rendered":"https:\/\/www.somatechnology.com\/spanish\/?post_type=product&#038;p=7991"},"modified":"2024-02-15T15:12:26","modified_gmt":"2024-02-15T20:12:26","slug":"leisegang-model-ids-led","status":"publish","type":"product","link":"https:\/\/www.somatechnology.com\/spanish\/equipo-medico-usado-remanufacturado\/sistema-de-video-endoscopia\/leisegang-model-ids-led\/","title":{"rendered":"Leisegang Model IDS LED"},"content":{"rendered":"<h2>Caracter\u00edsticas del\u00a0<strong>Wallach ZoomScope <\/strong><\/h2>\n<p>El primer colposcopio de<strong> Wallach<\/strong> ofrece acceso sin obst\u00e1culos al sitio de exploraci\u00f3n, lo que permite una visualizaci\u00f3n \u00f3ptima. Perillas de zoom ubicadas convenientemente en ambos lados de la cabeza \u00f3ptica con capacidades de ajuste \u00f3ptico vertical y horizontal.<\/p>\n<p>La \u00f3ptica estereosc\u00f3pica de Nikon con aumento de zoom variable continuo de 4.5x a 20x hace que el colposcopio Wallach ZoomScope sea una excelente opci\u00f3n. Continuamente ver a la mayor ampliaci\u00f3n sin sobre o bajo el tama\u00f1o del campo de visi\u00f3n. ZoomScope presenta un exclusivo sistema de suspensi\u00f3n superior que proporciona acceso sin obst\u00e1culos al sitio operativo. Tambi\u00e9n se puede convertir a un microscopio de operaci\u00f3n. ZoomScope ofrece un aumento de potencia del pedal opcional y se enfoca para liberar ambas manos. Las capacidades de video USB y administraci\u00f3n digital de pacientes est\u00e1n disponibles para transferir a los sistemas EMR.<\/p>\n<p>El legendario ZoomScope ofrece una claridad de imagen incomparable combinada con lo que parece ser una imagen 3D para un rendimiento de diagn\u00f3stico sobresaliente. Con la \u00f3ptica de aumento de zoom, ver\u00e1 exactamente lo que quiere. Combinado con Trulight, el color y el brillo de las im\u00e1genes son excepcionales.<\/p>\n<p>El revolucionario sistema de iluminaci\u00f3n Trulight de Wallach incorpora 5 diodos emisores de luz (LED) de alta intensidad y larga vida \u00fatil (m\u00e1s de 20,000 horas) dise\u00f1ados alrededor de la lente del objetivo. Los LED blancos de estado s\u00f3lido proporcionan luz a 5000-6000 K para obtener un blanco m\u00e1s brillante. Precisamente en \u00e1ngulo, las luces convergen al objetivo ofreciendo una luz blanca m\u00e1s brillante para obtener un verdadero color de tejido. La luz central es verde y se puede encender con solo tocar un interruptor para delinear los patrones vasculares. \u00a1Los LED eliminan la necesidad de cambiar las bombillas!<\/p>\n<p>&nbsp;<\/p>\n<ul>\n<li>Cabezal Nikon con \u00f3ptica Nikon<\/li>\n<li>Sistema \u00f3ptico de zoom para una correcta ampliaci\u00f3n y campo de visi\u00f3n en todo momento<\/li>\n<li>Ampliaci\u00f3n de rango completo disponible de 4.5x a 20x<\/li>\n<li>El alcance m\u00e1s f\u00e1cil de usar, c\u00f3modo para los pacientes<\/li>\n<li>Convierte del colposcopio al microscopio quir\u00fargico en segundos<\/li>\n<li>Luz verde con solo tocar un interruptor<\/li>\n<li>Dise\u00f1o m\u00e1s delgado, ligero y maniobrable<\/li>\n<li>La suspensi\u00f3n especial elimina las perillas de ajuste o diales<\/li>\n<li>Base estable<\/li>\n<li>Precio atractivo para cualquier pr\u00e1ctica<\/li>\n<li>Opciones de sistema de video \/ imaginaci\u00f3n digital disponibles<\/li>\n<\/ul>\n<h2>Especificaciones del\u00a0<strong>Wallach ZoomScope<\/strong><\/h2>\n<h3>Dimensiones<\/h3>\n<ul>\n<li>Altura total: 160.02 cm<\/li>\n<li>Altura de la columna: 101.6 cm (116.8 cm y 139.7 cm tambi\u00e9n disponible)<\/li>\n<li>Peso total: 27,9 kg (ZoomScope b\u00e1sico sin accesorios)<\/li>\n<li>Centro de la columna al final de la pierna: 39,37 cm<\/li>\n<li>Centro de columna al centro del microscopio con boom suspendido<\/li>\n<li>Horizontalmente: 50,80 cm<\/li>\n<li>Altura del microscopio desde la posici\u00f3n deprimida de la suspensi\u00f3n al piso: 67.31 cm<\/li>\n<li>En la posici\u00f3n de suspensi\u00f3n extrema: 116.8 cm (con columna corta)<\/li>\n<\/ul>\n<h3>Voltaje<\/h3>\n<ul>\n<li>Requisitos de energ\u00eda: 100-120V \/ 200-240V AC, 50\/60 Hz, 100VA<\/li>\n<li>L\u00e1mpara de entrada de energ\u00eda fundida: 2.0 amperios<\/li>\n<li>Clasificaci\u00f3n del fusible: F2.0A \/ 250V ~<\/li>\n<li>Cable de alimentaci\u00f3n: cable de alimentaci\u00f3n de grado m\u00e9dico de 2,44 metros con enchufe norteamericano de 120 VCA<\/li>\n<\/ul>\n","protected":false},"excerpt":{"rendered":"<p><label class=\"selectit\">Sistema de Video Endoscopia<\/label><\/p>\n","protected":false},"featured_media":8292,"template":"","meta":{"_acf_changed":false,"_relevanssi_hide_post":"","_relevanssi_hide_content":"","_relevanssi_pin_for_all":"","_relevanssi_pin_keywords":"","_relevanssi_unpin_keywords":"","_relevanssi_related_keywords":"","_relevanssi_related_include_ids":"","_relevanssi_related_exclude_ids":"","_relevanssi_related_no_append":"","_relevanssi_related_not_related":"","_relevanssi_related_posts":"","_relevanssi_noindex_reason":"","inline_featured_image":false},"pwb-brand":[1313],"product_brand":[],"product_cat":[84,9501],"product_tag":[634,636,633,635,632],"class_list":{"0":"post-7991","1":"product","2":"type-product","3":"status-publish","4":"has-post-thumbnail","6":"pwb-brand-equipo-medico-leisegang","7":"product_cat-sistema-de-video-endoscopia","8":"product_cat-colposcopios","9":"product_tag-ids-led","10":"product_tag-leisegang","11":"product_tag-leisegang-ids-led","12":"product_tag-leisegang-model","13":"product_tag-leisegang-model-ids-led","15":"first","16":"instock","17":"shipping-taxable","18":"purchasable","19":"product-type-simple"},"acf":[],"brands":[{"id":1313,"name":"Leisegang","slug":"equipo-medico-leisegang"}],"_links":{"self":[{"href":"https:\/\/www.somatechnology.com\/spanish\/wp-json\/wp\/v2\/product\/7991","targetHints":{"allow":["GET"]}}],"collection":[{"href":"https:\/\/www.somatechnology.com\/spanish\/wp-json\/wp\/v2\/product"}],"about":[{"href":"https:\/\/www.somatechnology.com\/spanish\/wp-json\/wp\/v2\/types\/product"}],"wp:featuredmedia":[{"embeddable":true,"href":"https:\/\/www.somatechnology.com\/spanish\/wp-json\/wp\/v2\/media\/8292"}],"wp:attachment":[{"href":"https:\/\/www.somatechnology.com\/spanish\/wp-json\/wp\/v2\/media?parent=7991"}],"wp:term":[{"taxonomy":"pwb-brand","embeddable":true,"href":"https:\/\/www.somatechnology.com\/spanish\/wp-json\/wp\/v2\/pwb-brand?post=7991"},{"taxonomy":"product_brand","embeddable":true,"href":"https:\/\/www.somatechnology.com\/spanish\/wp-json\/wp\/v2\/product_brand?post=7991"},{"taxonomy":"product_cat","embeddable":true,"href":"https:\/\/www.somatechnology.com\/spanish\/wp-json\/wp\/v2\/product_cat?post=7991"},{"taxonomy":"product_tag","embeddable":true,"href":"https:\/\/www.somatechnology.com\/spanish\/wp-json\/wp\/v2\/product_tag?post=7991"}],"curies":[{"name":"wp","href":"https:\/\/api.w.org\/{rel}","templated":true}]}}