{"id":8023,"date":"2018-02-05T19:48:28","date_gmt":"2018-02-05T19:48:28","guid":{"rendered":"https:\/\/www.somatechnology.com\/spanish\/?post_type=product&#038;p=8023"},"modified":"2023-08-23T06:21:19","modified_gmt":"2023-08-23T10:21:19","slug":"siemens-cios-select","status":"publish","type":"product","link":"https:\/\/www.somatechnology.com\/spanish\/equipo-medico-usado-remanufacturado\/imagenologia-radiologia\/arcos-en-c\/siemens-cios-select\/","title":{"rendered":"Siemens Cios Select"},"content":{"rendered":"<h2>Caracter\u00edsticas del Siemens Cios Select<\/h2>\n<p>Las instituciones a menudo se enfrentan con personal insuficientemente capacitado. Adem\u00e1s, los tiempos de inactividad y los incidentes de servicio impredecibles pueden tener un impacto negativo en el costo total de propiedad, lo que puede conducir a situaciones financieras precarias.<\/p>\n<p>Con Cios Select, puede salvaguardar la sostenibilidad financiera de su instituci\u00f3n cl\u00ednica con im\u00e1genes quir\u00fargicas inteligentes y el servicio de un solo socio confiable. Benef\u00edciese de una alta disponibilidad del sistema, bajo mantenimiento y requisitos de capacitaci\u00f3n reducidos, y una red de servicio global.<\/p>\n<ul>\n<li>98% de disponibilidad del sistema &#8211; Fiabilidad en un dise\u00f1o inteligente<\/li>\n<li>Operaci\u00f3n inteligente del sistema: con una interfaz de usuario intuitiva<\/li>\n<li>Alta calidad de imagen: combinada con la administraci\u00f3n de dosis IDEAL<\/li>\n<\/ul>\n<h2 dir=\"ltr\" data-placeholder=\"Translation\"><span lang=\"es\">Especificaciones<\/span> del Siemens Cios Select<\/h2>\n<h3>Dimensiones<\/h3>\n<ul>\n<li>Dimensiones del Arco C (l x a x h): 179.5 cm x 80 cm x 173.5 cm (77.8 \u00abx 31.5\u00bb x 68.3 \u00ab)<\/li>\n<li>Carro del monitor de dimensiones (l x a x h): 68,6 cm x 73,6 cm x 179,2 cm (27 \u00abx 29,0\u00bb x 70,6 \u00ab)<\/li>\n<li>Peso en C: 275 kg (605 lbs)<\/li>\n<li>Carro con monitor de peso: 150 kg (330 lbs)<\/li>\n<\/ul>\n<h3>Especificaciones del Sistema<\/h3>\n<ul>\n<li>Tecnolog\u00eda de detecci\u00f3n: intensificador de imagen (I.I.) \/ li&gt;<\/li>\n<li>Campo de visi\u00f3n: 23 cm (9 \u00ab) \/ li&gt;<\/li>\n<li>Resoluci\u00f3n de la imagen: 1 K\u00b2 \/ li&gt;<\/li>\n<li>Potencia de salida: 2.5 kW \/ li&gt;<\/li>\n<li>Movimiento orbital: 130 \u00b0 (- 40 \u00b0 a + 90 \u00b0) \/ li&gt;<\/li>\n<li>Profundidad de inmersi\u00f3n: 73 cm (28.7 \u00ab) \/ li&gt;<\/li>\n<li>Espacio libre: 78 cm (30.7 \u00ab), con rejilla fija \/ li&gt;<\/li>\n<li>Monitores: 2 x 19 \u00abde alto brillo1; 2 x 19 \u00abest\u00e1ndar de color \/ li&gt;<\/li>\n<li>Almacenamiento de im\u00e1genes: 150,000 im\u00e1genes<\/li>\n<\/ul>\n<h3>Control de Sistema<\/h3>\n<ul>\n<li>Tecnolog\u00eda de control: basada en botones<\/li>\n<li>Control de interrupciones: Manual<\/li>\n<\/ul>\n<h3>Aplicaciones Cl\u00ednicas y Flujos de Trabajo<\/h3>\n<ul>\n<li>Programa Vascular: Esencial<\/li>\n<li>Tubo del sistema de enfriamiento: pasivo<\/li>\n<li>Programa CARE: S\u00ed<\/li>\n<li>IDEAL (administraci\u00f3n de la dosis): S\u00ed<\/li>\n<li>Servicios DICOM: Compromiso de env\u00edo \/ almacenamiento DICOM; DICOM Print1; DICOM Query \/ Retrieve; Lista de trabajo DICOM \/ MPPS<\/li>\n<\/ul>\n<p>&nbsp;<\/p>\n","protected":false},"excerpt":{"rendered":"<p>Arcos en C<\/p>\n","protected":false},"featured_media":11710,"template":"","meta":{"_acf_changed":false,"_relevanssi_hide_post":"","_relevanssi_hide_content":"","_relevanssi_pin_for_all":"","_relevanssi_pin_keywords":"","_relevanssi_unpin_keywords":"","_relevanssi_related_keywords":"","_relevanssi_related_include_ids":"","_relevanssi_related_exclude_ids":"","_relevanssi_related_no_append":"","_relevanssi_related_not_related":"","_relevanssi_related_posts":"","_relevanssi_noindex_reason":"","inline_featured_image":false},"pwb-brand":[1123],"product_brand":[],"product_cat":[66],"product_tag":[4008,4654,675,667,673,672,4660,674],"class_list":{"0":"post-8023","1":"product","2":"type-product","3":"status-publish","4":"has-post-thumbnail","6":"pwb-brand-equipo-medico-siemens","7":"product_cat-arcos-en-c","8":"product_tag-arcos-en-c","9":"product_tag-arcos-en-c-siemens","10":"product_tag-cios-select","11":"product_tag-siemens","12":"product_tag-siemens-cios","13":"product_tag-siemens-cios-select","14":"product_tag-siemens-cios-selet-arcos-en-c","15":"product_tag-siemens-select","17":"first","18":"instock","19":"shipping-taxable","20":"purchasable","21":"product-type-simple"},"acf":[],"brands":[{"id":1123,"name":"Siemens","slug":"equipo-medico-siemens"}],"_links":{"self":[{"href":"https:\/\/www.somatechnology.com\/spanish\/wp-json\/wp\/v2\/product\/8023","targetHints":{"allow":["GET"]}}],"collection":[{"href":"https:\/\/www.somatechnology.com\/spanish\/wp-json\/wp\/v2\/product"}],"about":[{"href":"https:\/\/www.somatechnology.com\/spanish\/wp-json\/wp\/v2\/types\/product"}],"wp:featuredmedia":[{"embeddable":true,"href":"https:\/\/www.somatechnology.com\/spanish\/wp-json\/wp\/v2\/media\/11710"}],"wp:attachment":[{"href":"https:\/\/www.somatechnology.com\/spanish\/wp-json\/wp\/v2\/media?parent=8023"}],"wp:term":[{"taxonomy":"pwb-brand","embeddable":true,"href":"https:\/\/www.somatechnology.com\/spanish\/wp-json\/wp\/v2\/pwb-brand?post=8023"},{"taxonomy":"product_brand","embeddable":true,"href":"https:\/\/www.somatechnology.com\/spanish\/wp-json\/wp\/v2\/product_brand?post=8023"},{"taxonomy":"product_cat","embeddable":true,"href":"https:\/\/www.somatechnology.com\/spanish\/wp-json\/wp\/v2\/product_cat?post=8023"},{"taxonomy":"product_tag","embeddable":true,"href":"https:\/\/www.somatechnology.com\/spanish\/wp-json\/wp\/v2\/product_tag?post=8023"}],"curies":[{"name":"wp","href":"https:\/\/api.w.org\/{rel}","templated":true}]}}