{"id":8088,"date":"2018-02-07T15:42:44","date_gmt":"2018-02-07T15:42:44","guid":{"rendered":"https:\/\/www.somatechnology.com\/spanish\/?post_type=product&#038;p=8088"},"modified":"2025-09-23T11:05:11","modified_gmt":"2025-09-23T15:05:11","slug":"datex-ohmeda-compact-s5","status":"publish","type":"product","link":"https:\/\/www.somatechnology.com\/spanish\/equipo-medico-usado-remanufacturado\/monitores-de-signos-vitales\/monitores-multiparametros\/datex-ohmeda-compact-s5\/","title":{"rendered":"GE Datex Ohmeda Compact S5"},"content":{"rendered":"<h2>Caracter\u00edsticas Datex Ohmeda Compact S5<\/h2>\n<p>Un monitor completo para la anestesia, el monitor de la anestesia de <strong>DATEX-OHMEDA S\/5<\/strong> es un monitor del multi-par\u00e1metro. El monitor de la anestesia de DATEX-OHMEDA S\/5 ofrece una pantalla grande para la visi\u00f3n f\u00e1cil en el cuarto de funcionamiento. Es un monitor ideal para cualquier ajuste, incluyendo el hospital, el centro de la cirug\u00eda, peque\u00f1o o y la recuperaci\u00f3n. El monitor de la anestesia de DATEX-OHMEDA S\/5 es una tapa de la l\u00ednea unidad del l\u00edder en la supervisi\u00f3n de la anestesia.<\/p>\n<ul>\n<li>Ideal para el seguimiento de la cirug\u00eda<\/li>\n<li>Monitor de cabecera de huella peque\u00f1a con pantalla de color extra grande de 12,1 pulgadas<\/li>\n<li>Formas de onda grandes y num\u00e9ricas para la visi\u00f3n f\u00e1cil de distancias largas y de \u00e1ngulos de visi\u00f3n m\u00faltiples<\/li>\n<li>Hemodin\u00e1mica b\u00e1sica y medidas completas del gas de la v\u00eda a\u00e9rea<\/li>\n<li>Se pueden visualizar hasta 8 formas de onda y 4 campos de d\u00edgitos num\u00e9ricos<\/li>\n<li>las tendencias gr\u00e1ficas y num\u00e9ricas de 24 horas se pueden visualizar y utilizar para acceder a datos hist\u00f3ricos<\/li>\n<li>Alarmas de prioridad y ajustables codificadas por colores que se pueden gestionar en el monitor u opcionalmente desde la red S\/5 \u2122 y la central<\/li>\n<li>An\u00e1lisis de arritmia extendido opcionalmente<\/li>\n<li>Instant\u00e1neas de forma de onda para almacenar y recuperar muestras de forma de onda para an\u00e1lisis posterior<\/li>\n<li>Interfaz intuitiva f\u00e1cil de usar S\/5 dise\u00f1ada para el proceso de cuidado de la anestesia<\/li>\n<li>Seis p\u00e1ginas de visualizaci\u00f3n configurable por el usuario para cada modo<\/li>\n<li>Dispositivo S\/5 \u2122 la compatibilidad de la soluci\u00f3n de interfaz para otros dispositivos de cuidado del paciente trae informaci\u00f3n a la pantalla de visualizaci\u00f3n del monitor compacto<\/li>\n<li>El dise\u00f1o rugoso, resistente a los golpes ofrece una bater\u00eda incorporada y manijas para el monitoreo intra-hospitalario del transporte con el soporte del rodillo, la pared y las opciones del montaje de la cama disponibles<\/li>\n<li>Integraci\u00f3n de datos de transporte con MEM \u2122 opcional<\/li>\n<li>Built-in opcional, registrador termal de tres canales del arsenal<\/li>\n<li>Compatible con la red de DATEX-OHMEDA S\/5 y la central para la comunicaci\u00f3n del supervisar-a-monitor y la visi\u00f3n centralizadora<\/li>\n<\/ul>\n<h3>Monitor<\/h3>\n<ul>\n<li>Tama\u00f1o de la pantalla: 12,1 en diagonal.<\/li>\n<li>Tipo de pantalla: Active Matrix color TFT LCD.<\/li>\n<li>Resoluci\u00f3n de la pantalla: resoluci\u00f3n SVGA, 800 x 600<\/li>\n<li>El n\u00famero de trazas: hasta 8.<\/li>\n<li>Dise\u00f1o y colores de la pantalla: configurable por el usuario. Tablero de mandos integrado con teclas de funci\u00f3n directa, teclas de men\u00fa y ComWheel \u00aa para selecciones y ajustes en men\u00fas.<\/li>\n<\/ul>\n<p><strong>Frame<\/strong><\/p>\n<ul>\n<li>Capacidad del m\u00f3dulo: ranuras del m\u00f3dulo 2 + 2.<\/li>\n<li>Conexiones de e\/s: Salida serial de la computadora RS-232. 2 salidas anal\u00f3gicas. Conector de teclado externo.<\/li>\n<li>Opci\u00f3n de la red: compatible con la red de DatexOhmeda para la comunicaci\u00f3n del supervisar-a-monitor y la visi\u00f3n centralizada<\/li>\n<li>Opci\u00f3n de red y MEM: activa MemCards para transferir los datos de tendencia de los signos vitales del paciente.<\/li>\n<li>Impresi\u00f3n: capacidades de la impresi\u00f3n del laser con la impresora serial que apoya la lengua PCL5 (convertidor de la red y serial\/Parallel).<\/li>\n<li>Opci\u00f3n del registrador: registrador termal incorporado del arsenal del tres-canal<\/li>\n<li>Opciones del montaje: montaje de la cama, montaje de la pared y soporte del rodillo<\/li>\n<\/ul>\n<h3>Dimensiones<\/h3>\n<ul>\n<li>(W x D x H): 335 x 205 x 340 mm\/13.2 x 8,1 x 13,4 pulg.<\/li>\n<li>Peso (sin m\u00f3dulos): 11 kg\/24.2 lbs<\/li>\n<\/ul>\n<h3>Fuente de alimentaci\u00f3n<\/h3>\n<ul>\n<li>Rango de voltaje nominal y frecuencias: 100 a 240V \u00b1 10%, 50\/60 Hz.<\/li>\n<li>Consumo de energ\u00eda m\u00e1xima: 140 va.<\/li>\n<li>Clase de protecci\u00f3n: clase I.<\/li>\n<li>Puesta a tierra: grado del hospital.<\/li>\n<li>Tipo de la bater\u00eda: bater\u00eda incorporada de NiMH (2 PC).<\/li>\n<li>Capacidad: hasta 1,5 h t\u00edpico con carga completa a 23 \u00b0 c.<\/li>\n<li>Recarga: cuando se conecta a la red el\u00e9ctrica. Tiempo de carga: 10 horas a la capacidad completa. Alarma de funcionamiento de la bater\u00eda.<\/li>\n<li>Indicador: la barra de bater\u00eda se muestra en la pantalla<\/li>\n<\/ul>\n<h3>Trends<\/h3>\n<ul>\n<li>Gr\u00e1fico: todos los par\u00e1metros, tiempos seleccionables a partir de 30 minutos a 72 h.<\/li>\n<li>Num\u00e9rico: par\u00e1metros medidos continuamente muestreados cada 5 minutos, valores NIBP y PCWP actualizados despu\u00e9s de cada medici\u00f3n. Adem\u00e1s, Marker desencadena la actualizaci\u00f3n de tendencias num\u00e9ricas.<\/li>\n<li>Cursor de tendencia: en las tendencias gr\u00e1ficas y num\u00e9ricas<\/li>\n<\/ul>\n<h3>Alarmas<\/h3>\n<ul>\n<li>Sistema de alarma clasificado en tres categor\u00edas de acuerdo con la prioridad en el cuidado cr\u00edtico; c\u00f3digo de tono de color y audio. Pantalla central de alarmas y p\u00e1gina de ajuste. 10 min gr\u00e1ficos mini tendencias referenciadas para establecer l\u00edmites de alarma.<\/li>\n<\/ul>\n<p>&nbsp;<\/p>\n","protected":false},"excerpt":{"rendered":"<p>Un monitor completo para la anestesia, el monitor de la anestesia de DATEX-OHMEDA S\/5 es un monitor del multi-par\u00e1metro. El monitor de la anestesia de DATEX-OHMEDA S\/5 ofrece una pantalla grande para la visi\u00f3n f\u00e1cil en el cuarto de funcionamiento.<\/p>\n","protected":false},"featured_media":22469,"template":"","meta":{"_acf_changed":false,"_relevanssi_hide_post":"","_relevanssi_hide_content":"","_relevanssi_pin_for_all":"","_relevanssi_pin_keywords":"","_relevanssi_unpin_keywords":"","_relevanssi_related_keywords":"","_relevanssi_related_include_ids":"","_relevanssi_related_exclude_ids":"","_relevanssi_related_no_append":"","_relevanssi_related_not_related":"","_relevanssi_related_posts":"","_relevanssi_noindex_reason":"","inline_featured_image":false},"pwb-brand":[1100],"product_brand":[],"product_cat":[50],"product_tag":[799,797,226,789,796,4521,3754,3614,798],"class_list":{"0":"post-8088","1":"product","2":"type-product","3":"status-publish","4":"has-post-thumbnail","6":"pwb-brand-equipo-medico-ge","7":"product_cat-monitores-multiparametros","8":"product_tag-compact-s5","9":"product_tag-datex-compact-s5","10":"product_tag-datex-ohmeda","11":"product_tag-datex-ohmeda-compact","12":"product_tag-datex-ohmeda-compact-s5","13":"product_tag-datex-ohmeda-compact-s5-monitores-multiparametros","14":"product_tag-datex-ohmeda-monitores-multiparametros","15":"product_tag-monitores-multiparametros","16":"product_tag-ohmeda-compact-s5","18":"first","19":"instock","20":"shipping-taxable","21":"purchasable","22":"product-type-simple"},"acf":[],"brands":[{"id":1100,"name":"GE","slug":"equipo-medico-ge"}],"_links":{"self":[{"href":"https:\/\/www.somatechnology.com\/spanish\/wp-json\/wp\/v2\/product\/8088","targetHints":{"allow":["GET"]}}],"collection":[{"href":"https:\/\/www.somatechnology.com\/spanish\/wp-json\/wp\/v2\/product"}],"about":[{"href":"https:\/\/www.somatechnology.com\/spanish\/wp-json\/wp\/v2\/types\/product"}],"wp:featuredmedia":[{"embeddable":true,"href":"https:\/\/www.somatechnology.com\/spanish\/wp-json\/wp\/v2\/media\/22469"}],"wp:attachment":[{"href":"https:\/\/www.somatechnology.com\/spanish\/wp-json\/wp\/v2\/media?parent=8088"}],"wp:term":[{"taxonomy":"pwb-brand","embeddable":true,"href":"https:\/\/www.somatechnology.com\/spanish\/wp-json\/wp\/v2\/pwb-brand?post=8088"},{"taxonomy":"product_brand","embeddable":true,"href":"https:\/\/www.somatechnology.com\/spanish\/wp-json\/wp\/v2\/product_brand?post=8088"},{"taxonomy":"product_cat","embeddable":true,"href":"https:\/\/www.somatechnology.com\/spanish\/wp-json\/wp\/v2\/product_cat?post=8088"},{"taxonomy":"product_tag","embeddable":true,"href":"https:\/\/www.somatechnology.com\/spanish\/wp-json\/wp\/v2\/product_tag?post=8088"}],"curies":[{"name":"wp","href":"https:\/\/api.w.org\/{rel}","templated":true}]}}