{"id":8148,"date":"2018-02-09T21:36:19","date_gmt":"2018-02-09T21:36:19","guid":{"rendered":"https:\/\/www.somatechnology.com\/spanish\/?post_type=product&#038;p=8148"},"modified":"2025-12-11T03:47:19","modified_gmt":"2025-12-11T08:47:19","slug":"invivo-precess-mri-3160","status":"publish","type":"product","link":"https:\/\/www.somatechnology.com\/spanish\/equipo-medico-usado-remanufacturado\/monitores\/monitor-multiparametro-para-uti\/invivo-precess-mri-3160\/","title":{"rendered":"Philips INVIVO Precess MRI 3160"},"content":{"rendered":"<h2>INVIVO Precess MRI 3160<\/h2>\n<p>El sistema de monitorizaci\u00f3n de pacientes con MRI Precess est\u00e1 dise\u00f1ado para ayudar a los m\u00e9dicos a controlar los signos vitales del paciente en el entorno de resonancia magn\u00e9tica din\u00e1mica. El Precess combina comunicaci\u00f3n inal\u00e1mbrica, blindaje de radiofrecuencia (RF) y procesamiento de se\u00f1al digital (DSP) para abordar los desaf\u00edos asociados con la monitorizaci\u00f3n del paciente en el entorno de MR. El preceso proporciona un rendimiento preciso, continuo y confiable durante las aplicaciones de MRI en un paquete rentable.<\/p>\n<ul>\n<li>Pantalla LCD en color integral para informaci\u00f3n del paciente<\/li>\n<li>Interfaz gr\u00e1fica de usuario intuitiva<\/li>\n<li>Ondas de colores y n\u00fameros grandes<\/li>\n<li>Bater\u00eda port\u00e1til de 8 horas<\/li>\n<li>Impresora CRD (opcional)<\/li>\n<li>Impresi\u00f3n remota inal\u00e1mbrica a CRD (opcional)<\/li>\n<li>Visualizaci\u00f3n simult\u00e1nea de hasta 8 par\u00e1metros y 6 formas de onda y valores asociados<\/li>\n<li>Se\u00f1ales de alarma visuales y audibles, tonos de pulso y mensajes de estado del sistema<\/li>\n<\/ul>\n<h3>Altura<\/h3>\n<ul>\n<li>Carrito: 48.5 \u00b1 0.5 pulgadas (123.2 \u00b1 1.3 cm)<\/li>\n<li>CRD: 10.4 pulgadas (26.4 cm)<\/li>\n<li>M\u00f3dulo de ECG inal\u00e1mbrico: 4.7 pulgadas (11.9 cm)<\/li>\n<li>M\u00f3dulo de SpO2 inal\u00e1mbrico: 5.5 pulgadas (13.9 cm)<\/li>\n<\/ul>\n<h3>Ancho<\/h3>\n<ul>\n<li>Carrito: 17.5 \u00b1 0.5 pulgadas (44.5 \u00b1 1.3 cm) \/ li&gt;<\/li>\n<li>CRD: 15.3 pulgadas (38.9 cm)<\/li>\n<li>M\u00f3dulo de ECG inal\u00e1mbrico: 2.5 pulgadas (6.4 cm) \/ li&gt;<\/li>\n<li>M\u00f3dulo inal\u00e1mbrico SpO2: 2.5 pulgadas (6.4 cm)<\/li>\n<\/ul>\n<h3>Tiempo de inspiraci\u00f3n (Ti)<\/h3>\n<ul>\n<li>11 a 10 s (adultos)<\/li>\n<li>1 a 10 s (pacientes pedi\u00e1tricos, reci\u00e9n nacidos)<\/li>\n<\/ul>\n<h3>Profundidad<\/h3>\n<ul>\n<li>Carro: 17.5 \u00b1 0.5 pulgadas (44.5 \u00b1 1.3 cm)<\/li>\n<li>CRD: 4.6 pulgadas (11.7 cm)<\/li>\n<li>M\u00f3dulo de ECG inal\u00e1mbrico: 0,91 pulgadas (2,3 cm)<\/li>\n<li>M\u00f3dulo inal\u00e1mbrico SpO2: 0.91 pulgadas (2.3 cm)<\/li>\n<\/ul>\n<h3>Peso<\/h3>\n<ul>\n<li>\u2022 Carro: 75 \u00b1 0.5 lbs (34 \u00b1 0.2 Kg)<\/li>\n<li>\u2022 CRD: 20 lbs (9.1 Kg)<\/li>\n<li>\u2022 M\u00f3dulo de ECG inal\u00e1mbrico: 5.4 oz (158.8 g)<\/li>\n<li>\u2022 M\u00f3dulo de SpO2 inal\u00e1mbrico: 5.4 oz (158.8 g)<\/li>\n<\/ul>\n<h3>Impresora<\/h3>\n<ul>\n<li>Velocidad de la carta: 25 o 50 mm \/ segundo<\/li>\n<li>N\u00famero de canales: 2<\/li>\n<li>Tipo y tama\u00f1o del papel: sin rejilla t\u00e9rmica, 50 mm de ancho<\/li>\n<\/ul>\n<p>&nbsp;<\/p>\n","protected":false},"excerpt":{"rendered":"<p>El sistema de monitorizaci\u00f3n de pacientes con MRI Precess est\u00e1 dise\u00f1ado para ayudar a los m\u00e9dicos a controlar los signos vitales del paciente en el entorno de resonancia magn\u00e9tica din\u00e1mica. El Precess combina comunicaci\u00f3n inal\u00e1mbrica, blindaje de radiofrecuencia (RF) y procesamiento de se\u00f1al digital (DSP) para abordar los desaf\u00edos asociados con la monitorizaci\u00f3n del paciente en el entorno de MR.<\/p>\n","protected":false},"featured_media":22579,"template":"","meta":{"_acf_changed":false,"_relevanssi_hide_post":"","_relevanssi_hide_content":"","_relevanssi_pin_for_all":"","_relevanssi_pin_keywords":"","_relevanssi_unpin_keywords":"","_relevanssi_related_keywords":"","_relevanssi_related_include_ids":"","_relevanssi_related_exclude_ids":"","_relevanssi_related_no_append":"","_relevanssi_related_not_related":"","_relevanssi_related_posts":"","_relevanssi_noindex_reason":"","inline_featured_image":false},"pwb-brand":[1102],"product_brand":[],"product_cat":[185],"product_tag":[890,889,888,887,892,891],"class_list":{"0":"post-8148","1":"product","2":"type-product","3":"status-publish","4":"has-post-thumbnail","6":"pwb-brand-equipo-medico-philips","7":"product_cat-monitor-multiparametro-para-uti","8":"product_tag-invivo","9":"product_tag-invivo-precess","10":"product_tag-invivo-precess-mri","11":"product_tag-invivo-precess-mri-3160","12":"product_tag-mri-3160","13":"product_tag-precess-mri-3160","15":"first","16":"instock","17":"shipping-taxable","18":"purchasable","19":"product-type-simple"},"acf":[],"brands":[{"id":1102,"name":"Philips","slug":"equipo-medico-philips"}],"_links":{"self":[{"href":"https:\/\/www.somatechnology.com\/spanish\/wp-json\/wp\/v2\/product\/8148","targetHints":{"allow":["GET"]}}],"collection":[{"href":"https:\/\/www.somatechnology.com\/spanish\/wp-json\/wp\/v2\/product"}],"about":[{"href":"https:\/\/www.somatechnology.com\/spanish\/wp-json\/wp\/v2\/types\/product"}],"wp:featuredmedia":[{"embeddable":true,"href":"https:\/\/www.somatechnology.com\/spanish\/wp-json\/wp\/v2\/media\/22579"}],"wp:attachment":[{"href":"https:\/\/www.somatechnology.com\/spanish\/wp-json\/wp\/v2\/media?parent=8148"}],"wp:term":[{"taxonomy":"pwb-brand","embeddable":true,"href":"https:\/\/www.somatechnology.com\/spanish\/wp-json\/wp\/v2\/pwb-brand?post=8148"},{"taxonomy":"product_brand","embeddable":true,"href":"https:\/\/www.somatechnology.com\/spanish\/wp-json\/wp\/v2\/product_brand?post=8148"},{"taxonomy":"product_cat","embeddable":true,"href":"https:\/\/www.somatechnology.com\/spanish\/wp-json\/wp\/v2\/product_cat?post=8148"},{"taxonomy":"product_tag","embeddable":true,"href":"https:\/\/www.somatechnology.com\/spanish\/wp-json\/wp\/v2\/product_tag?post=8148"}],"curies":[{"name":"wp","href":"https:\/\/api.w.org\/{rel}","templated":true}]}}