{"id":8163,"date":"2018-02-12T17:50:11","date_gmt":"2018-02-12T17:50:11","guid":{"rendered":"https:\/\/www.somatechnology.com\/spanish\/?post_type=product&#038;p=8163"},"modified":"2024-07-30T09:29:15","modified_gmt":"2024-07-30T13:29:15","slug":"steris-amsco-dual-compartment-blanket-warmer","status":"publish","type":"product","link":"https:\/\/www.somatechnology.com\/spanish\/equipo-medico-usado-remanufacturado\/calentador-de-mantas\/steris-amsco-dual-compartment-blanket-warmer\/","title":{"rendered":"Steris Amsco Dual Compartment Blanket Warmer"},"content":{"rendered":"<h2>Caracter\u00edsticas del Calentador de Mantas de Doble Compartimiento Steris Amsco<\/h2>\n<p>El <strong>Calentador de Mantas de Doble Compartimiento Steris Amsco<\/strong> fue dise\u00f1ado para manejar un gran volumen de necesidades de calentamiento de pacientes. El calentador de mantas Steris tiene dos compartimientos diferentes, uno de 13 pulgadas de altura y el otro de 36 pulgadas de altura. El gabinete de calentamiento est\u00e1 destinado a ser utilizado para calentar fluidos intravenosos, soluciones de irrigaci\u00f3n, ropa de cama y mantas. Cada c\u00e1mara de calentamiento es controlada independientemente para ayudar a satisfacer sus necesidades con calentamiento eficiente, cerraduras electr\u00f3nicas de las puertas y reporte electr\u00f3nico de datos.<\/p>\n<ul>\n<li>Controles de pantalla LED para lectura instant\u00e1nea de temperatura<\/li>\n<li>Estantes ajustables<\/li>\n<li>Cerraduras en las puertas para seguridad<\/li>\n<li>Las temperaturas pueden variar de 90 a 160 grados F. Puede calentar y mantener temperaturas para fluidos intravenosos, soluciones de irrigaci\u00f3n, mantas y ropa de cama<\/li>\n<\/ul>\n<p>&nbsp;<\/p>\n","protected":false},"excerpt":{"rendered":"<p>Calentador de Mantas<\/p>\n","protected":false},"featured_media":20727,"template":"","meta":{"_acf_changed":false,"_relevanssi_hide_post":"","_relevanssi_hide_content":"","_relevanssi_pin_for_all":"","_relevanssi_pin_keywords":"","_relevanssi_unpin_keywords":"","_relevanssi_related_keywords":"","_relevanssi_related_include_ids":"","_relevanssi_related_exclude_ids":"","_relevanssi_related_no_append":"","_relevanssi_related_not_related":"","_relevanssi_related_posts":"","_relevanssi_noindex_reason":"","inline_featured_image":false},"pwb-brand":[1149],"product_brand":[],"product_cat":[83,7029],"product_tag":[544,320,337,897,896,543,554],"class_list":{"0":"post-8163","1":"product","2":"type-product","3":"status-publish","4":"has-post-thumbnail","6":"pwb-brand-equipo-medico-steris","7":"product_cat-calentador-de-mantas","8":"product_cat-calentadores","9":"product_tag-amsco","10":"product_tag-blanket-warmer","11":"product_tag-calentador-de-mantas","12":"product_tag-dual","13":"product_tag-dual-compartment","14":"product_tag-steris","15":"product_tag-steris-amsco","17":"first","18":"instock","19":"shipping-taxable","20":"purchasable","21":"product-type-simple"},"acf":[],"brands":[{"id":1149,"name":"Steris","slug":"equipo-medico-steris"}],"_links":{"self":[{"href":"https:\/\/www.somatechnology.com\/spanish\/wp-json\/wp\/v2\/product\/8163","targetHints":{"allow":["GET"]}}],"collection":[{"href":"https:\/\/www.somatechnology.com\/spanish\/wp-json\/wp\/v2\/product"}],"about":[{"href":"https:\/\/www.somatechnology.com\/spanish\/wp-json\/wp\/v2\/types\/product"}],"wp:featuredmedia":[{"embeddable":true,"href":"https:\/\/www.somatechnology.com\/spanish\/wp-json\/wp\/v2\/media\/20727"}],"wp:attachment":[{"href":"https:\/\/www.somatechnology.com\/spanish\/wp-json\/wp\/v2\/media?parent=8163"}],"wp:term":[{"taxonomy":"pwb-brand","embeddable":true,"href":"https:\/\/www.somatechnology.com\/spanish\/wp-json\/wp\/v2\/pwb-brand?post=8163"},{"taxonomy":"product_brand","embeddable":true,"href":"https:\/\/www.somatechnology.com\/spanish\/wp-json\/wp\/v2\/product_brand?post=8163"},{"taxonomy":"product_cat","embeddable":true,"href":"https:\/\/www.somatechnology.com\/spanish\/wp-json\/wp\/v2\/product_cat?post=8163"},{"taxonomy":"product_tag","embeddable":true,"href":"https:\/\/www.somatechnology.com\/spanish\/wp-json\/wp\/v2\/product_tag?post=8163"}],"curies":[{"name":"wp","href":"https:\/\/api.w.org\/{rel}","templated":true}]}}