{"id":8209,"date":"2018-02-12T21:27:20","date_gmt":"2018-02-12T21:27:20","guid":{"rendered":"https:\/\/www.somatechnology.com\/spanish\/?post_type=product&#038;p=8209"},"modified":"2025-12-11T05:24:44","modified_gmt":"2025-12-11T10:24:44","slug":"leica-m530-ohx","status":"publish","type":"product","link":"https:\/\/www.somatechnology.com\/spanish\/equipo-medico-usado-remanufacturado\/microscopios-de-cirugia\/leica-m530-ohx\/","title":{"rendered":"Leica M530 OHX"},"content":{"rendered":"<p data-start=\"161\" data-end=\"636\">El Leica M530 OHX es un microscopio quir\u00fargico equipado con la tecnolog\u00eda FusionOptics, que ofrece alta resoluci\u00f3n y una mayor profundidad de campo para mejorar la visibilidad en cavidades profundas. Cuenta con tres modos de fluorescencia integrados, lo que permite enfocarse en detalles cr\u00edticos seg\u00fan sea necesario. Con una distancia de trabajo de 600 mm, el M530 OHX es f\u00e1cil de mover y puede posicionarse con precisi\u00f3n para distintos tipos de procedimientos. El microscopio incluye una pantalla LED 1080p, que muestra im\u00e1genes de alta resoluci\u00f3n y alto contraste, facilitando la visualizaci\u00f3n de informaci\u00f3n esencial sin desviar la atenci\u00f3n del paciente. Adem\u00e1s, incorpora empu\u00f1aduras integradas y un pedal personalizable, lo que permite adaptar los controles seg\u00fan las necesidades antes del procedimiento.<br data-start=\"994\" data-end=\"997\" \/>El Leica M530 OHX es ideal para cirug\u00edas craneales, de columna y de reconstructivas pl\u00e1sticas.<\/p>\n<ul>\n<li data-start=\"1130\" data-end=\"1286\">Mayor despeje superior y un 36% m\u00e1s de alcance que los de la competencia, ofreciendo flexibilidad de posicionamiento y mayor espacio de trabajo.<\/li>\n<li data-start=\"1289\" data-end=\"1347\">Base compacta para maximizar el espacio en el quir\u00f3fano.<\/li>\n<li data-start=\"1350\" data-end=\"1452\">Distancia de trabajo del l\u00edder en el mercado (600 mm) que permite maniobrar instrumentos f\u00e1cilmente.<\/li>\n<li data-start=\"1455\" data-end=\"1555\">Estabilizaci\u00f3n r\u00e1pida en todos los \u00e1ngulos para minimizar las interrupciones del flujo de trabajo.<\/li>\n<li data-start=\"1558\" data-end=\"1652\">Visualizaci\u00f3n brillante y con colores reales gracias a la iluminaci\u00f3n de xen\u00f3n de 400 W.<\/li>\n<li data-start=\"1655\" data-end=\"1759\">Small Angle Illumination (SAI) para una vista \u00f3ptima del fondo de cavidades profundas y estrechas.<\/li>\n<li data-start=\"1762\" data-end=\"1823\">Imagen clara y n\u00edtida gracias a la \u00f3ptica apocrom\u00e1tica.<\/li>\n<li data-start=\"1826\" data-end=\"1912\">Magnification Multiplier de Leica con un aumento adicional del 40% (opcional).<\/li>\n<\/ul>\n","protected":false},"excerpt":{"rendered":"<p>El <strong data-start=\"51\" data-end=\"69\">Leica M530 OHX<\/strong> es un microscopio quir\u00fargico que incorpora <strong data-start=\"113\" data-end=\"129\">FusionOptics<\/strong>, lo que proporciona una <strong data-start=\"154\" data-end=\"173\">alta resoluci\u00f3n<\/strong> y una <strong data-start=\"180\" data-end=\"213\">profundidad de campo mejorada<\/strong>, lo que hace que la visibilidad sea a\u00fan m\u00e1s clara en cavidades profundas. El microscopio quir\u00fargico cuenta con <strong data-start=\"322\" data-end=\"364\">tres modos de fluorescencia integrados<\/strong>, lo que permite enfocarse con precisi\u00f3n en los detalles necesarios.<\/p>\n","protected":false},"featured_media":19616,"template":"","meta":{"_acf_changed":false,"_relevanssi_hide_post":"","_relevanssi_hide_content":"","_relevanssi_pin_for_all":"","_relevanssi_pin_keywords":"","_relevanssi_unpin_keywords":"","_relevanssi_related_keywords":"","_relevanssi_related_include_ids":"","_relevanssi_related_exclude_ids":"","_relevanssi_related_no_append":"","_relevanssi_related_not_related":"","_relevanssi_related_posts":"","_relevanssi_noindex_reason":"","inline_featured_image":false},"pwb-brand":[1063],"product_brand":[],"product_cat":[69],"product_tag":[838,970,969,972,971,1043,6883],"class_list":{"0":"post-8209","1":"product","2":"type-product","3":"status-publish","4":"has-post-thumbnail","6":"pwb-brand-leica","7":"product_cat-microscopios-de-cirugia","8":"product_tag-leica","9":"product_tag-leica-m530","10":"product_tag-leica-m530-ohx","11":"product_tag-leica-ohx","12":"product_tag-m530-ohx","13":"product_tag-microscopio-quirurgico","14":"product_tag-microscopios-de-cirugia-leica","16":"first","17":"instock","18":"shipping-taxable","19":"purchasable","20":"product-type-simple"},"acf":[],"brands":[{"id":1063,"name":"Leica","slug":"leica"}],"_links":{"self":[{"href":"https:\/\/www.somatechnology.com\/spanish\/wp-json\/wp\/v2\/product\/8209","targetHints":{"allow":["GET"]}}],"collection":[{"href":"https:\/\/www.somatechnology.com\/spanish\/wp-json\/wp\/v2\/product"}],"about":[{"href":"https:\/\/www.somatechnology.com\/spanish\/wp-json\/wp\/v2\/types\/product"}],"wp:featuredmedia":[{"embeddable":true,"href":"https:\/\/www.somatechnology.com\/spanish\/wp-json\/wp\/v2\/media\/19616"}],"wp:attachment":[{"href":"https:\/\/www.somatechnology.com\/spanish\/wp-json\/wp\/v2\/media?parent=8209"}],"wp:term":[{"taxonomy":"pwb-brand","embeddable":true,"href":"https:\/\/www.somatechnology.com\/spanish\/wp-json\/wp\/v2\/pwb-brand?post=8209"},{"taxonomy":"product_brand","embeddable":true,"href":"https:\/\/www.somatechnology.com\/spanish\/wp-json\/wp\/v2\/product_brand?post=8209"},{"taxonomy":"product_cat","embeddable":true,"href":"https:\/\/www.somatechnology.com\/spanish\/wp-json\/wp\/v2\/product_cat?post=8209"},{"taxonomy":"product_tag","embeddable":true,"href":"https:\/\/www.somatechnology.com\/spanish\/wp-json\/wp\/v2\/product_tag?post=8209"}],"curies":[{"name":"wp","href":"https:\/\/api.w.org\/{rel}","templated":true}]}}