{"id":8234,"date":"2018-02-13T14:46:42","date_gmt":"2018-02-13T14:46:42","guid":{"rendered":"https:\/\/www.somatechnology.com\/spanish\/?post_type=product&#038;p=8234"},"modified":"2025-12-11T02:43:57","modified_gmt":"2025-12-11T07:43:57","slug":"covidien-mcgrath-mac","status":"publish","type":"product","link":"https:\/\/www.somatechnology.com\/spanish\/equipo-medico-usado-remanufacturado\/video-laringoscopios\/covidien-mcgrath-mac\/","title":{"rendered":"Covidien McGRATH MAC"},"content":{"rendered":"<div class=\"wpb-content-wrapper\"><p>[vc_row][vc_column][vc_column_text css=\u00bb\u00bb]<\/p>\n<h2>Covidien McGRATH MAC<\/h2>\n<p>El Covidien McGRATH Mac puede utilizarse como laringoscopio de vista directa o indirecta. Utiliza todas las nuevas hojas de un solo uso de McGRATH Mac hechas de pol\u00edmero \u00f3ptico robusto. Es apoyado por un chasis interno de la aleaci\u00f3n reforzada y CameraStick \u2122 que entrega la \u00abacero-como\u00bb rigidez. Su perfil de hoja Super-Slim trae un mejor acceso al paciente y limita el contacto dental. Su \u00fanica tecnolog\u00eda de bater\u00eda de cuenta regresiva minuto a minuto puede durar semanas.<\/p>\n<ul>\n<li>F\u00e1cil limpiar: la pantalla y la manija son completamente sumergibles para la desinfecci\u00f3n de alto nivel y compatible con los \u00faltimos sistemas vaporizados de la esterilizaci\u00f3n del per\u00f3xido de hidr\u00f3geno.<\/li>\n<li>L\u00e1mina delgada: el perfil delgado de la l\u00e1mina proporciona el acceso paciente mejorado. Las hojas se empaquetan est\u00e9riles y son desechables.<\/li>\n<li>Portable: el dispositivo compacto, cable-libre est\u00e1 listo cuando usted lo necesita.<\/li>\n<li>Durable: gota-probado a 2 metros, la base del laringoscopio directo realzado Mac de McGRATH se refuerza con un chasis de la aleaci\u00f3n de acero.<\/li>\n<li>Rentable: el sistema y las l\u00e1minas asombrosamente comprables hacen el laringoscopio directo realzado McGRATH Mac tan accesible como su laringoscopio convencional, con la flexibilidad del v\u00eddeo laringoscopia.<\/li>\n<\/ul>\n<h3>Especificaciones f\u00edsicas<\/h3>\n<ul>\n<li>Tama\u00f1o: 180m m x 68mm x 110m m<\/li>\n<li>Peso: 200g<\/li>\n<li>Energ\u00eda: paquete patentado de la bater\u00eda de litio 3.6 v (c. 250 minutos)<\/li>\n<li>Fuente de luz: LED de intensidad alta<\/li>\n<li>Exhibici\u00f3n: exhibici\u00f3n en color del LCD 2.5 \u00ab<\/li>\n<li>C\u00e1mara: CMOS<\/li>\n<li>Materiales: termopl\u00e1stico durable del grado m\u00e9dico con estructural reforzado base de la aleaci\u00f3n.<\/li>\n<li>El dispositivo y el embalaje son libres de l\u00e1tex<\/li>\n<\/ul>\n<p>[\/vc_column_text][\/vc_column][\/vc_row]<\/p>\n<\/div>","protected":false},"excerpt":{"rendered":"<p>[vc_row][vc_column][vc_column_text css=\u00bb\u00bb] Covidien McGRATH MAC El Covidien McGRATH Mac puede utilizarse como laringoscopio de vista directa o indirecta. Utiliza todas las nuevas hojas de&#8230;<\/p>\n","protected":false},"featured_media":9612,"template":"","meta":{"_acf_changed":false,"_relevanssi_hide_post":"","_relevanssi_hide_content":"","_relevanssi_pin_for_all":"","_relevanssi_pin_keywords":"","_relevanssi_unpin_keywords":"","_relevanssi_related_keywords":"","_relevanssi_related_include_ids":"","_relevanssi_related_exclude_ids":"","_relevanssi_related_no_append":"","_relevanssi_related_not_related":"","_relevanssi_related_posts":"","_relevanssi_noindex_reason":"","inline_featured_image":false},"pwb-brand":[1139],"product_brand":[],"product_cat":[978],"product_tag":[352,1009,1004,1005,991,992,1008,1006,1007,990,989],"class_list":{"0":"post-8234","1":"product","2":"type-product","3":"status-publish","4":"has-post-thumbnail","6":"pwb-brand-equipo-medico-covidien","7":"product_cat-video-laringoscopios","8":"product_tag-covidien","9":"product_tag-covidien-mac","10":"product_tag-covidien-mcgrath","11":"product_tag-covidien-mcgrath-mac","12":"product_tag-laringoscopio","13":"product_tag-laringoscopios","14":"product_tag-mac","15":"product_tag-mcgrath","16":"product_tag-mcgrath-mac","17":"product_tag-video-laringoscopio","18":"product_tag-video-laringoscopios","20":"first","21":"instock","22":"shipping-taxable","23":"purchasable","24":"product-type-simple"},"acf":[],"brands":[{"id":1139,"name":"Covidien","slug":"equipo-medico-covidien"}],"_links":{"self":[{"href":"https:\/\/www.somatechnology.com\/spanish\/wp-json\/wp\/v2\/product\/8234","targetHints":{"allow":["GET"]}}],"collection":[{"href":"https:\/\/www.somatechnology.com\/spanish\/wp-json\/wp\/v2\/product"}],"about":[{"href":"https:\/\/www.somatechnology.com\/spanish\/wp-json\/wp\/v2\/types\/product"}],"wp:featuredmedia":[{"embeddable":true,"href":"https:\/\/www.somatechnology.com\/spanish\/wp-json\/wp\/v2\/media\/9612"}],"wp:attachment":[{"href":"https:\/\/www.somatechnology.com\/spanish\/wp-json\/wp\/v2\/media?parent=8234"}],"wp:term":[{"taxonomy":"pwb-brand","embeddable":true,"href":"https:\/\/www.somatechnology.com\/spanish\/wp-json\/wp\/v2\/pwb-brand?post=8234"},{"taxonomy":"product_brand","embeddable":true,"href":"https:\/\/www.somatechnology.com\/spanish\/wp-json\/wp\/v2\/product_brand?post=8234"},{"taxonomy":"product_cat","embeddable":true,"href":"https:\/\/www.somatechnology.com\/spanish\/wp-json\/wp\/v2\/product_cat?post=8234"},{"taxonomy":"product_tag","embeddable":true,"href":"https:\/\/www.somatechnology.com\/spanish\/wp-json\/wp\/v2\/product_tag?post=8234"}],"curies":[{"name":"wp","href":"https:\/\/api.w.org\/{rel}","templated":true}]}}